74.7.227.163 - - [31/Jul/2026:17:38:32 +0200] "GET /?path=//sys/class/net/eth0/subsystem/eth0/subsystem/eth0/device/net/eth0/device/net/eth0/subsystem/eth0/queues/tx-8/byte_queue_limits HTTP/1.1" 200 23625 "https://www.tempokontrol.co.za/?path=//sys/class/net/eth0/subsystem/eth0/subsystem/eth0/device/net/eth0/device/net/eth0/subsystem/eth0/queues/tx-8" "Mozilla/5.0 AppleWebKit/537.36 (KHTML, like Gecko; compatible; GPTBot/1.4; +https://openai.com/gptbot)"
74.7.242.17 - - [31/Jul/2026:17:38:33 +0200] "GET /?fileloc=/home/tn/www/wp-admin/js/customize-nav-menus.min.js&path=/home/tn/www/wp-admin/js HTTP/1.1" 200 69474 "https://tempokontrol.co.za/?path=/home/tn/www/wp-admin/js" "Mozilla/5.0 AppleWebKit/537.36 (KHTML, like Gecko; compatible; GPTBot/1.4; +https://openai.com/gptbot)"
74.7.227.163 - - [31/Jul/2026:17:38:35 +0200] "GET /?path=//sys/class/net/eth0/subsystem/eth0/subsystem/eth0/device/net/eth0/subsystem/eth0/device/subsystem/drivers/hv_storvsc/module/notes HTTP/1.1" 200 18173 "https://www.tempokontrol.co.za/?path=//sys/class/net/eth0/subsystem/eth0/subsystem/eth0/device/net/eth0/subsystem/eth0/device/subsystem/drivers/hv_storvsc/module" "Mozilla/5.0 AppleWebKit/537.36 (KHTML, like Gecko; compatible; GPTBot/1.4; +https://openai.com/gptbot)"
74.7.242.17 - - [31/Jul/2026:17:38:37 +0200] "GET /?fileloc=/home/tn/www/wp-admin/js/theme-plugin-editor.min.js&path=/home/tn/www/wp-admin/js HTTP/1.1" 200 26368 "https://tempokontrol.co.za/?path=/home/tn/www/wp-admin/js" "Mozilla/5.0 AppleWebKit/537.36 (KHTML, like Gecko; compatible; GPTBot/1.4; +https://openai.com/gptbot)"
74.7.227.163 - - [31/Jul/2026:17:38:38 +0200] "GET /?path=//sys/class/net/eth0/subsystem/eth0/subsystem/eth0/device/net/eth0/subsystem/eth0/device/subsystem/drivers/hv_netvsc/module/sections HTTP/1.1" 200 91051 "https://www.tempokontrol.co.za/?path=//sys/class/net/eth0/subsystem/eth0/subsystem/eth0/device/net/eth0/subsystem/eth0/device/subsystem/drivers/hv_netvsc/module" "Mozilla/5.0 AppleWebKit/537.36 (KHTML, like Gecko; compatible; GPTBot/1.4; +https://openai.com/gptbot)"
74.7.242.17 - - [31/Jul/2026:17:38:40 +0200] "GET /?fileloc=/home/tn/www/wp-admin/js/theme-plugin-editor.js&path=/home/tn/www/wp-admin/js HTTP/1.1" 200 40167 "https://tempokontrol.co.za/?path=/home/tn/www/wp-admin/js" "Mozilla/5.0 AppleWebKit/537.36 (KHTML, like Gecko; compatible; GPTBot/1.4; +https://openai.com/gptbot)"
74.7.227.163 - - [31/Jul/2026:17:38:41 +0200] "GET /?path=//sys/class/net/eth0/subsystem/eth0/subsystem/eth0/device/net/eth0/subsystem/eth0/subsystem/eth0/subsystem/eth0/queues HTTP/1.1" 200 46643 "https://www.tempokontrol.co.za/?path=//sys/class/net/eth0/subsystem/eth0/subsystem/eth0/device/net/eth0/subsystem/eth0/subsystem/eth0/subsystem/eth0" "Mozilla/5.0 AppleWebKit/537.36 (KHTML, like Gecko; compatible; GPTBot/1.4; +https://openai.com/gptbot)"
74.7.242.17 - - [31/Jul/2026:17:38:43 +0200] "GET /?fileloc=/home/tn/www/wp-admin/revision.php&path=/home/tn/www/wp-admin HTTP/1.1" 200 19486 "https://tempokontrol.co.za/?path=/home/tn/www/wp-admin" "Mozilla/5.0 AppleWebKit/537.36 (KHTML, like Gecko; compatible; GPTBot/1.4; +https://openai.com/gptbot)"
74.7.227.163 - - [31/Jul/2026:17:38:44 +0200] "GET /?path=//sys/class/net/eth0/subsystem/eth0/subsystem/eth0/device/net/eth0/subsystem/eth0/subsystem/eth0/subsystem/eth0/device HTTP/1.1" 200 74266 "https://www.tempokontrol.co.za/?path=//sys/class/net/eth0/subsystem/eth0/subsystem/eth0/device/net/eth0/subsystem/eth0/subsystem/eth0/subsystem/eth0" "Mozilla/5.0 AppleWebKit/537.36 (KHTML, like Gecko; compatible; GPTBot/1.4; +https://openai.com/gptbot)"
74.7.242.17 - - [31/Jul/2026:17:38:46 +0200] "GET /?fileloc=//lib64/python3.9/collections/__pycache__/__init__.cpython-39.opt-1.pyc&path=//lib64/python3.9/collections/__pycache__ HTTP/1.1" 200 66375 "https://tempokontrol.co.za/?path=//lib64/python3.9/collections/__pycache__" "Mozilla/5.0 AppleWebKit/537.36 (KHTML, like Gecko; compatible; GPTBot/1.4; +https://openai.com/gptbot)"
74.7.227.163 - - [31/Jul/2026:17:38:47 +0200] "GET /?path=//sys/class/net/eth0/subsystem/eth0/subsystem/eth0/device/net/eth0/subsystem/lo/subsystem/lo/subsystem/eth0/device/subsystem/drivers/hyperv_keyboard/module/drivers/vmbus:hyperv_keyboard/module HTTP/1.1" 200 39919 "https://www.tempokontrol.co.za/?path=//sys/class/net/eth0/subsystem/eth0/subsystem/eth0/device/net/eth0/subsystem/lo/subsystem/lo/subsystem/eth0/device/subsystem/drivers/hyperv_keyboard/module/drivers/vmbus:hyperv_keyboard" "Mozilla/5.0 AppleWebKit/537.36 (KHTML, like Gecko; compatible; GPTBot/1.4; +https://openai.com/gptbot)"
74.7.242.17 - - [31/Jul/2026:17:38:49 +0200] "GET /?fileloc=/home/tn/www/wp-admin/update-core.php&path=/home/tn/www/wp-admin HTTP/1.1" 200 69372 "https://tempokontrol.co.za/?path=/home/tn/www/wp-admin" "Mozilla/5.0 AppleWebKit/537.36 (KHTML, like Gecko; compatible; GPTBot/1.4; +https://openai.com/gptbot)"
74.7.227.163 - - [31/Jul/2026:17:38:51 +0200] "GET /?path=//sys/class/net/eth0/subsystem/eth0/subsystem/eth0/device/driver/module HTTP/1.1" 200 33936 "https://www.tempokontrol.co.za/?path=//sys/class/net/eth0/subsystem/eth0/subsystem/eth0/device/driver" "Mozilla/5.0 AppleWebKit/537.36 (KHTML, like Gecko; compatible; GPTBot/1.4; +https://openai.com/gptbot)"
74.7.242.17 - - [31/Jul/2026:17:38:52 +0200] "GET /favicon.ico?fileloc=/home/tn/mail/.wordfence@tempokontrol_co_za/.spam/dovecot.index.log&path=/home/tn/mail/.wordfence@tempokontrol_co_za/.spam HTTP/1.1" 200 12572 "https://tempokontrol.co.za/favicon.ico?path=/home/tn/mail/.wordfence@tempokontrol_co_za/.spam" "Mozilla/5.0 AppleWebKit/537.36 (KHTML, like Gecko; compatible; GPTBot/1.4; +https://openai.com/gptbot)"
74.7.227.163 - - [31/Jul/2026:17:38:54 +0200] "GET /?fileloc=//etc/nfsmount.conf&path=//etc HTTP/1.1" 200 15904 "https://www.tempokontrol.co.za/?path=//etc" "Mozilla/5.0 AppleWebKit/537.36 (KHTML, like Gecko; compatible; GPTBot/1.4; +https://openai.com/gptbot)"
74.7.242.17 - - [31/Jul/2026:17:38:56 +0200] "GET /?fileloc=/home/tn/www/wp-includes/js/wp-auth-check.min.js&path=/home/tn/www/wp-includes/js HTTP/1.1" 200 14658 "https://tempokontrol.co.za/?path=/home/tn/www/wp-includes/js" "Mozilla/5.0 AppleWebKit/537.36 (KHTML, like Gecko; compatible; GPTBot/1.4; +https://openai.com/gptbot)"
74.7.227.163 - - [31/Jul/2026:17:38:57 +0200] "GET /?fileloc=//etc/libaudit.conf&path=//etc HTTP/1.1" 200 12234 "https://www.tempokontrol.co.za/?path=//etc" "Mozilla/5.0 AppleWebKit/537.36 (KHTML, like Gecko; compatible; GPTBot/1.4; +https://openai.com/gptbot)"
74.7.242.17 - - [31/Jul/2026:17:38:59 +0200] "GET /?fileloc=/home/tn/public_html/images/toggige-arrow.jpg&path=/home/tn/public_html/images HTTP/1.1" 200 43775 "https://tempokontrol.co.za/?path=/home/tn/public_html/images" "Mozilla/5.0 AppleWebKit/537.36 (KHTML, like Gecko; compatible; GPTBot/1.4; +https://openai.com/gptbot)"
74.7.227.163 - - [31/Jul/2026:17:39:00 +0200] "GET /?path=//sys/class/net/eth0/subsystem/eth0/subsystem/eth0/device/net/eth0/subsystem/lo/subsystem/lo/subsystem/lo/subsystem/lo/statistics HTTP/1.1" 200 59878 "https://www.tempokontrol.co.za/?path=//sys/class/net/eth0/subsystem/eth0/subsystem/eth0/device/net/eth0/subsystem/lo/subsystem/lo/subsystem/lo/subsystem/lo" "Mozilla/5.0 AppleWebKit/537.36 (KHTML, like Gecko; compatible; GPTBot/1.4; +https://openai.com/gptbot)"
74.7.242.17 - - [31/Jul/2026:17:39:02 +0200] "GET /?fileloc=/home/tn/www/wp-admin/upgrade.php&path=/home/tn/www/wp-admin HTTP/1.1" 200 20052 "https://tempokontrol.co.za/?path=/home/tn/www/wp-admin" "Mozilla/5.0 AppleWebKit/537.36 (KHTML, like Gecko; compatible; GPTBot/1.4; +https://openai.com/gptbot)"
74.7.227.163 - - [31/Jul/2026:17:39:03 +0200] "GET /?path=//sys/module/kdb HTTP/1.1" 200 15488 "https://www.tempokontrol.co.za/?path=//sys/module" "Mozilla/5.0 AppleWebKit/537.36 (KHTML, like Gecko; compatible; GPTBot/1.4; +https://openai.com/gptbot)"
74.7.242.17 - - [31/Jul/2026:17:39:05 +0200] "GET /?fileloc=/home/tn/www/wp-admin/plugins.php&path=/home/tn/www/wp-admin HTTP/1.1" 200 49190 "https://tempokontrol.co.za/?path=/home/tn/www/wp-admin" "Mozilla/5.0 AppleWebKit/537.36 (KHTML, like Gecko; compatible; GPTBot/1.4; +https://openai.com/gptbot)"
74.7.227.163 - - [31/Jul/2026:17:39:06 +0200] "GET /?fileloc=//sys/class/net/eth0/subsystem/eth0/subsystem/eth0/device/net/eth0/device/net/eth0/subsystem/eth0/queues/tx-8/byte_queue_limits/inflight&path=//sys/class/net/eth0/subsystem/eth0/subsystem/eth0/device/net/eth0/device/net/eth0/subsystem/eth0/queues/tx-8/byte_queue_limits HTTP/1.1" 200 14004 "https://www.tempokontrol.co.za/?path=//sys/class/net/eth0/subsystem/eth0/subsystem/eth0/device/net/eth0/device/net/eth0/subsystem/eth0/queues/tx-8/byte_queue_limits" "Mozilla/5.0 AppleWebKit/537.36 (KHTML, like Gecko; compatible; GPTBot/1.4; +https://openai.com/gptbot)"
74.7.242.17 - - [31/Jul/2026:17:39:08 +0200] "GET /?fileloc=/home/tn/www/wp-admin/admin-footer.php&path=/home/tn/www/wp-admin HTTP/1.1" 200 15748 "https://tempokontrol.co.za/?path=/home/tn/www/wp-admin" "Mozilla/5.0 AppleWebKit/537.36 (KHTML, like Gecko; compatible; GPTBot/1.4; +https://openai.com/gptbot)"
74.7.227.163 - - [31/Jul/2026:17:39:09 +0200] "GET /?path=//sys/module/xen HTTP/1.1" 200 15488 "https://www.tempokontrol.co.za/?path=//sys/module" "Mozilla/5.0 AppleWebKit/537.36 (KHTML, like Gecko; compatible; GPTBot/1.4; +https://openai.com/gptbot)"
74.7.242.17 - - [31/Jul/2026:17:39:11 +0200] "GET /?fileloc=/home/tn/www/wp-admin/media-upload.php&path=/home/tn/www/wp-admin HTTP/1.1" 200 16679 "https://tempokontrol.co.za/?path=/home/tn/www/wp-admin" "Mozilla/5.0 AppleWebKit/537.36 (KHTML, like Gecko; compatible; GPTBot/1.4; +https://openai.com/gptbot)"
74.7.227.163 - - [31/Jul/2026:17:39:13 +0200] "GET /?path=//sys/module/xfs HTTP/1.1" 200 28088 "https://www.tempokontrol.co.za/?path=//sys/module" "Mozilla/5.0 AppleWebKit/537.36 (KHTML, like Gecko; compatible; GPTBot/1.4; +https://openai.com/gptbot)"
74.7.242.17 - - [31/Jul/2026:17:39:14 +0200] "GET /favicon.ico?fileloc=/home/tn/tmp/awstats/ssl/awstats.tempokontrol.co.za.conf&path=/home/tn/tmp/awstats/ssl HTTP/1.1" 200 37837 "https://tempokontrol.co.za/favicon.ico?path=/home/tn/tmp/awstats/ssl" "Mozilla/5.0 AppleWebKit/537.36 (KHTML, like Gecko; compatible; GPTBot/1.4; +https://openai.com/gptbot)"
74.7.227.163 - - [31/Jul/2026:17:39:16 +0200] "GET /?path=//sys/class/net/eth0/subsystem/eth0/subsystem/eth0/device/net/eth0/subsystem/eth0/subsystem/eth0/subsystem/eth0/queues/rx-3 HTTP/1.1" 200 18048 "https://www.tempokontrol.co.za/?path=//sys/class/net/eth0/subsystem/eth0/subsystem/eth0/device/net/eth0/subsystem/eth0/subsystem/eth0/subsystem/eth0/queues" "Mozilla/5.0 AppleWebKit/537.36 (KHTML, like Gecko; compatible; GPTBot/1.4; +https://openai.com/gptbot)"
74.7.242.17 - - [31/Jul/2026:17:39:18 +0200] "GET /favicon.ico?fileloc=/home/tn/mail/.tristen@tempokontrol_co_za/maildirsize&path=/home/tn/mail/.tristen@tempokontrol_co_za HTTP/1.1" 200 12475 "https://tempokontrol.co.za/favicon.ico?path=/home/tn/mail/.tristen@tempokontrol_co_za" "Mozilla/5.0 AppleWebKit/537.36 (KHTML, like Gecko; compatible; GPTBot/1.4; +https://openai.com/gptbot)"
74.7.227.163 - - [31/Jul/2026:17:39:19 +0200] "GET /?fileloc=//sys/class/net/eth0/subsystem/eth0/subsystem/eth0/device/net/eth0/subsystem/eth0/subsystem/eth0/subsystem/eth0/device/out_intr_mask&path=//sys/class/net/eth0/subsystem/eth0/subsystem/eth0/device/net/eth0/subsystem/eth0/subsystem/eth0/subsystem/eth0/device HTTP/1.1" 200 13888 "https://www.tempokontrol.co.za/?path=//sys/class/net/eth0/subsystem/eth0/subsystem/eth0/device/net/eth0/subsystem/eth0/subsystem/eth0/subsystem/eth0/device" "Mozilla/5.0 AppleWebKit/537.36 (KHTML, like Gecko; compatible; GPTBot/1.4; +https://openai.com/gptbot)"
74.7.242.17 - - [31/Jul/2026:17:39:21 +0200] "GET /favicon.ico?fileloc=/home/tn/mail/.tristen@tempokontrol_co_za/subscriptions&path=/home/tn/mail/.tristen@tempokontrol_co_za HTTP/1.1" 200 12442 "https://tempokontrol.co.za/favicon.ico?path=/home/tn/mail/.tristen@tempokontrol_co_za" "Mozilla/5.0 AppleWebKit/537.36 (KHTML, like Gecko; compatible; GPTBot/1.4; +https://openai.com/gptbot)"
74.7.227.163 - - [31/Jul/2026:17:39:22 +0200] "GET /?path=//sys/class/net/eth0/subsystem/eth0/subsystem/eth0/device/net/eth0/subsystem/eth0/subsystem/eth0/subsystem/eth0/queues/tx-5 HTTP/1.1" 200 25308 "https://www.tempokontrol.co.za/?path=//sys/class/net/eth0/subsystem/eth0/subsystem/eth0/device/net/eth0/subsystem/eth0/subsystem/eth0/subsystem/eth0/queues" "Mozilla/5.0 AppleWebKit/537.36 (KHTML, like Gecko; compatible; GPTBot/1.4; +https://openai.com/gptbot)"
74.7.242.17 - - [31/Jul/2026:17:39:24 +0200] "GET /?fileloc=/home/tn/www/wp-admin/admin-functions.php&path=/home/tn/www/wp-admin HTTP/1.1" 200 12924 "https://tempokontrol.co.za/?path=/home/tn/www/wp-admin" "Mozilla/5.0 AppleWebKit/537.36 (KHTML, like Gecko; compatible; GPTBot/1.4; +https://openai.com/gptbot)"
74.7.227.163 - - [31/Jul/2026:17:39:26 +0200] "GET /?fileloc=//sys/class/net/eth0/subsystem/eth0/subsystem/eth0/device/driver/module/rhelversion&path=//sys/class/net/eth0/subsystem/eth0/subsystem/eth0/device/driver/module HTTP/1.1" 200 12976 "https://www.tempokontrol.co.za/?path=//sys/class/net/eth0/subsystem/eth0/subsystem/eth0/device/driver/module" "Mozilla/5.0 AppleWebKit/537.36 (KHTML, like Gecko; compatible; GPTBot/1.4; +https://openai.com/gptbot)"
74.7.242.17 - - [31/Jul/2026:17:39:27 +0200] "GET /?fileloc=/home/tn/www/wp-admin/options-writing.php&path=/home/tn/www/wp-admin HTTP/1.1" 200 25105 "https://tempokontrol.co.za/?path=/home/tn/www/wp-admin" "Mozilla/5.0 AppleWebKit/537.36 (KHTML, like Gecko; compatible; GPTBot/1.4; +https://openai.com/gptbot)"
74.7.227.163 - - [31/Jul/2026:17:39:28 +0200] "GET /?fileloc=//sys/class/net/eth0/subsystem/eth0/subsystem/eth0/device/driver/module/initstate&path=//sys/class/net/eth0/subsystem/eth0/subsystem/eth0/device/driver/module HTTP/1.1" 200 12975 "https://www.tempokontrol.co.za/?path=//sys/class/net/eth0/subsystem/eth0/subsystem/eth0/device/driver/module" "Mozilla/5.0 AppleWebKit/537.36 (KHTML, like Gecko; compatible; GPTBot/1.4; +https://openai.com/gptbot)"
74.7.242.17 - - [31/Jul/2026:17:39:30 +0200] "GET /?fileloc=/home/tn/www/wp-admin/upload.php&path=/home/tn/www/wp-admin HTTP/1.1" 200 31758 "https://tempokontrol.co.za/?path=/home/tn/www/wp-admin" "Mozilla/5.0 AppleWebKit/537.36 (KHTML, like Gecko; compatible; GPTBot/1.4; +https://openai.com/gptbot)"
74.7.227.163 - - [31/Jul/2026:17:39:31 +0200] "GET /?fileloc=//sys/class/net/eth0/subsystem/eth0/subsystem/eth0/device/driver/module/srcversion&path=//sys/class/net/eth0/subsystem/eth0/subsystem/eth0/device/driver/module HTTP/1.1" 200 12995 "https://www.tempokontrol.co.za/?path=//sys/class/net/eth0/subsystem/eth0/subsystem/eth0/device/driver/module" "Mozilla/5.0 AppleWebKit/537.36 (KHTML, like Gecko; compatible; GPTBot/1.4; +https://openai.com/gptbot)"
74.7.242.17 - - [31/Jul/2026:17:39:33 +0200] "GET /?fileloc=/home/tn/www/wp-admin/import.php&path=/home/tn/www/wp-admin HTTP/1.1" 200 22010 "https://tempokontrol.co.za/?path=/home/tn/www/wp-admin" "Mozilla/5.0 AppleWebKit/537.36 (KHTML, like Gecko; compatible; GPTBot/1.4; +https://openai.com/gptbot)"
74.7.227.163 - - [31/Jul/2026:17:39:34 +0200] "GET /?fileloc=//sys/class/net/eth0/subsystem/eth0/subsystem/eth0/device/driver/module/coresize&path=//sys/class/net/eth0/subsystem/eth0/subsystem/eth0/device/driver/module HTTP/1.1" 200 12976 "https://www.tempokontrol.co.za/?path=//sys/class/net/eth0/subsystem/eth0/subsystem/eth0/device/driver/module" "Mozilla/5.0 AppleWebKit/537.36 (KHTML, like Gecko; compatible; GPTBot/1.4; +https://openai.com/gptbot)"
74.7.242.17 - - [31/Jul/2026:17:39:36 +0200] "GET /?fileloc=/home/tn/public_html/wp-includes/wp-db.php&path=/home/tn/public_html/wp-includes HTTP/1.1" 200 12916 "https://tempokontrol.co.za/?path=/home/tn/public_html/wp-includes" "Mozilla/5.0 AppleWebKit/537.36 (KHTML, like Gecko; compatible; GPTBot/1.4; +https://openai.com/gptbot)"
74.7.227.163 - - [31/Jul/2026:17:39:38 +0200] "GET /?fileloc=//sys/class/net/eth0/subsystem/eth0/subsystem/eth0/device/driver/module/initsize&path=//sys/class/net/eth0/subsystem/eth0/subsystem/eth0/device/driver/module HTTP/1.1" 200 12971 "https://www.tempokontrol.co.za/?path=//sys/class/net/eth0/subsystem/eth0/subsystem/eth0/device/driver/module" "Mozilla/5.0 AppleWebKit/537.36 (KHTML, like Gecko; compatible; GPTBot/1.4; +https://openai.com/gptbot)"
74.7.242.17 - - [31/Jul/2026:17:39:40 +0200] "GET /?fileloc=/home/tn/public_html/wp-includes/wp-diff.php&path=/home/tn/public_html/wp-includes HTTP/1.1" 200 13307 "https://tempokontrol.co.za/?path=/home/tn/public_html/wp-includes" "Mozilla/5.0 AppleWebKit/537.36 (KHTML, like Gecko; compatible; GPTBot/1.4; +https://openai.com/gptbot)"
74.7.227.163 - - [31/Jul/2026:17:39:41 +0200] "GET /?fileloc=//sys/class/net/eth0/subsystem/eth0/subsystem/eth0/device/driver/module/taint&path=//sys/class/net/eth0/subsystem/eth0/subsystem/eth0/device/driver/module HTTP/1.1" 200 12967 "https://www.tempokontrol.co.za/?path=//sys/class/net/eth0/subsystem/eth0/subsystem/eth0/device/driver/module" "Mozilla/5.0 AppleWebKit/537.36 (KHTML, like Gecko; compatible; GPTBot/1.4; +https://openai.com/gptbot)"
74.7.242.17 - - [31/Jul/2026:17:39:43 +0200] "GET /?fileloc=/home/tn/public_html/wp-includes/class-wp.php&path=/home/tn/public_html/wp-includes HTTP/1.1" 200 41936 "https://tempokontrol.co.za/?path=/home/tn/public_html/wp-includes" "Mozilla/5.0 AppleWebKit/537.36 (KHTML, like Gecko; compatible; GPTBot/1.4; +https://openai.com/gptbot)"
74.7.227.163 - - [31/Jul/2026:17:39:44 +0200] "GET /?fileloc=//sys/class/net/eth0/subsystem/eth0/subsystem/eth0/device/driver/module/uevent&path=//sys/class/net/eth0/subsystem/eth0/subsystem/eth0/device/driver/module HTTP/1.1" 200 12967 "https://www.tempokontrol.co.za/?path=//sys/class/net/eth0/subsystem/eth0/subsystem/eth0/device/driver/module" "Mozilla/5.0 AppleWebKit/537.36 (KHTML, like Gecko; compatible; GPTBot/1.4; +https://openai.com/gptbot)"
74.7.242.17 - - [31/Jul/2026:17:39:46 +0200] "GET /favicon.ico?fileloc=/home/tn/tmp/webalizer/ssl/tempokontrol.co.za/dns_cache.db&path=/home/tn/tmp/webalizer/ssl/tempokontrol.co.za HTTP/1.1" 200 1303670 "https://tempokontrol.co.za/favicon.ico?path=/home/tn/tmp/webalizer/ssl/tempokontrol.co.za" "Mozilla/5.0 AppleWebKit/537.36 (KHTML, like Gecko; compatible; GPTBot/1.4; +https://openai.com/gptbot)"
74.7.227.163 - - [31/Jul/2026:17:39:47 +0200] "GET /?fileloc=//sys/class/net/eth0/subsystem/eth0/subsystem/eth0/device/driver/module/refcnt&path=//sys/class/net/eth0/subsystem/eth0/subsystem/eth0/device/driver/module HTTP/1.1" 200 12969 "https://www.tempokontrol.co.za/?path=//sys/class/net/eth0/subsystem/eth0/subsystem/eth0/device/driver/module" "Mozilla/5.0 AppleWebKit/537.36 (KHTML, like Gecko; compatible; GPTBot/1.4; +https://openai.com/gptbot)"
74.7.242.17 - - [31/Jul/2026:17:39:49 +0200] "GET /favicon.ico?fileloc=/home/tn/.cpanel/nvdata.cache&path=/home/tn/.cpanel HTTP/1.1" 200 13175 "https://tempokontrol.co.za/favicon.ico?path=/home/tn/.cpanel" "Mozilla/5.0 AppleWebKit/537.36 (KHTML, like Gecko; compatible; GPTBot/1.4; +https://openai.com/gptbot)"
74.7.227.163 - - [31/Jul/2026:17:39:50 +0200] "GET /?path=//sys/class/net/eth0/subsystem/eth0/subsystem/eth0/device/driver/module/notes HTTP/1.1" 200 16814 "https://www.tempokontrol.co.za/?path=//sys/class/net/eth0/subsystem/eth0/subsystem/eth0/device/driver/module" "Mozilla/5.0 AppleWebKit/537.36 (KHTML, like Gecko; compatible; GPTBot/1.4; +https://openai.com/gptbot)"
74.7.242.17 - - [31/Jul/2026:17:39:52 +0200] "GET /?fileloc=/home/tn/www/wp-admin/js/widgets.js&path=/home/tn/www/wp-admin/js HTTP/1.1" 200 39448 "https://tempokontrol.co.za/?path=/home/tn/www/wp-admin/js" "Mozilla/5.0 AppleWebKit/537.36 (KHTML, like Gecko; compatible; GPTBot/1.4; +https://openai.com/gptbot)"
74.7.227.163 - - [31/Jul/2026:17:39:53 +0200] "GET /?path=//sys/class/net/eth0/subsystem/eth0/subsystem/eth0/device/driver/module/holders HTTP/1.1" 200 13426 "https://www.tempokontrol.co.za/?path=//sys/class/net/eth0/subsystem/eth0/subsystem/eth0/device/driver/module" "Mozilla/5.0 AppleWebKit/537.36 (KHTML, like Gecko; compatible; GPTBot/1.4; +https://openai.com/gptbot)"
74.7.242.17 - - [31/Jul/2026:17:39:55 +0200] "GET /?fileloc=/home/tn/public_html/wp-includes/class-wp-theme-json-schema.php&path=/home/tn/public_html/wp-includes HTTP/1.1" 200 20502 "https://tempokontrol.co.za/?path=/home/tn/public_html/wp-includes" "Mozilla/5.0 AppleWebKit/537.36 (KHTML, like Gecko; compatible; GPTBot/1.4; +https://openai.com/gptbot)"
74.7.227.163 - - [31/Jul/2026:17:39:57 +0200] "GET /?fileloc=//sys/class/net/eth0/subsystem/eth0/subsystem/eth0/device/net/eth0/subsystem/eth0/subsystem/eth0/subsystem/eth0/queues/tx-5/tx_timeout&path=//sys/class/net/eth0/subsystem/eth0/subsystem/eth0/device/net/eth0/subsystem/eth0/subsystem/eth0/subsystem/eth0/queues/tx-5 HTTP/1.1" 200 14039 "https://www.tempokontrol.co.za/?path=//sys/class/net/eth0/subsystem/eth0/subsystem/eth0/device/net/eth0/subsystem/eth0/subsystem/eth0/subsystem/eth0/queues/tx-5" "Mozilla/5.0 AppleWebKit/537.36 (KHTML, like Gecko; compatible; GPTBot/1.4; +https://openai.com/gptbot)"
74.7.242.17 - - [31/Jul/2026:17:39:59 +0200] "GET /?fileloc=/home/tn/public_html/wp-includes/class-wp-theme-json.php&path=/home/tn/public_html/wp-includes HTTP/1.1" 200 207948 "https://tempokontrol.co.za/?path=/home/tn/public_html/wp-includes" "Mozilla/5.0 AppleWebKit/537.36 (KHTML, like Gecko; compatible; GPTBot/1.4; +https://openai.com/gptbot)"
74.7.227.163 - - [31/Jul/2026:17:40:00 +0200] "GET /?path=//sys/class/net/eth0/subsystem/eth0/subsystem/eth0/device/net/eth0/subsystem/lo/subsystem/lo/subsystem/eth0/device/subsystem/drivers/hyperv_keyboard/module/drivers/vmbus:hyperv_keyboard/module/notes HTTP/1.1" 200 20068 "https://www.tempokontrol.co.za/?path=//sys/class/net/eth0/subsystem/eth0/subsystem/eth0/device/net/eth0/subsystem/lo/subsystem/lo/subsystem/eth0/device/subsystem/drivers/hyperv_keyboard/module/drivers/vmbus:hyperv_keyboard/module" "Mozilla/5.0 AppleWebKit/537.36 (KHTML, like Gecko; compatible; GPTBot/1.4; +https://openai.com/gptbot)"
74.7.242.17 - - [31/Jul/2026:17:40:02 +0200] "GET /?fileloc=/home/tn/public_html/wp-includes/theme.json&path=/home/tn/public_html/wp-includes HTTP/1.1" 200 26126 "https://tempokontrol.co.za/?path=/home/tn/public_html/wp-includes" "Mozilla/5.0 AppleWebKit/537.36 (KHTML, like Gecko; compatible; GPTBot/1.4; +https://openai.com/gptbot)"
74.7.227.163 - - [31/Jul/2026:17:40:03 +0200] "GET /?path=//sys/class/net/eth0/subsystem/eth0/subsystem/eth0/device/net/eth0/subsystem/lo/subsystem/lo/subsystem/eth0/device/subsystem/drivers/hyperv_keyboard/module/drivers/vmbus:hyperv_keyboard/module/sections HTTP/1.1" 200 61716 "https://www.tempokontrol.co.za/?path=//sys/class/net/eth0/subsystem/eth0/subsystem/eth0/device/net/eth0/subsystem/lo/subsystem/lo/subsystem/eth0/device/subsystem/drivers/hyperv_keyboard/module/drivers/vmbus:hyperv_keyboard/module" "Mozilla/5.0 AppleWebKit/537.36 (KHTML, like Gecko; compatible; GPTBot/1.4; +https://openai.com/gptbot)"
74.7.242.17 - - [31/Jul/2026:17:40:05 +0200] "GET /favicon.ico?fileloc=/home/tn/www/error_log&path=/home/tn/www HTTP/1.1" 200 13448 "https://tempokontrol.co.za/favicon.ico?path=/home/tn/www" "Mozilla/5.0 AppleWebKit/537.36 (KHTML, like Gecko; compatible; GPTBot/1.4; +https://openai.com/gptbot)"
74.7.227.163 - - [31/Jul/2026:17:40:06 +0200] "GET /?path=//sys/class/net/eth0/subsystem/eth0/subsystem/eth0/device/net/eth0/subsystem/lo/subsystem/lo/subsystem/eth0/device/subsystem/drivers/hyperv_keyboard/module/drivers/vmbus:hyperv_keyboard/module/holders HTTP/1.1" 200 15712 "https://www.tempokontrol.co.za/?path=//sys/class/net/eth0/subsystem/eth0/subsystem/eth0/device/net/eth0/subsystem/lo/subsystem/lo/subsystem/eth0/device/subsystem/drivers/hyperv_keyboard/module/drivers/vmbus:hyperv_keyboard/module" "Mozilla/5.0 AppleWebKit/537.36 (KHTML, like Gecko; compatible; GPTBot/1.4; +https://openai.com/gptbot)"
74.7.242.17 - - [31/Jul/2026:17:40:08 +0200] "GET /?fileloc=/home/tn/www/wp-admin/network.php&path=/home/tn/www/wp-admin HTTP/1.1" 200 19065 "https://tempokontrol.co.za/?path=/home/tn/www/wp-admin" "Mozilla/5.0 AppleWebKit/537.36 (KHTML, like Gecko; compatible; GPTBot/1.4; +https://openai.com/gptbot)"
74.7.227.163 - - [31/Jul/2026:17:40:09 +0200] "GET /?path=//etc/cron.daily HTTP/1.1" 200 12692 "https://www.tempokontrol.co.za/?path=//etc" "Mozilla/5.0 AppleWebKit/537.36 (KHTML, like Gecko; compatible; GPTBot/1.4; +https://openai.com/gptbot)"
74.7.242.17 - - [31/Jul/2026:17:40:11 +0200] "GET /favicon.ico?fileloc=/home/tn/mail/.wordfence@tempokontrol_co_za/.Sent/dovecot.index.log&path=/home/tn/mail/.wordfence@tempokontrol_co_za/.Sent HTTP/1.1" 200 12572 "https://tempokontrol.co.za/favicon.ico?path=/home/tn/mail/.wordfence@tempokontrol_co_za/.Sent" "Mozilla/5.0 AppleWebKit/537.36 (KHTML, like Gecko; compatible; GPTBot/1.4; +https://openai.com/gptbot)"
74.7.227.163 - - [31/Jul/2026:17:40:12 +0200] "GET /?path=//sys/class/net/eth0/subsystem/eth0/subsystem/eth0/device/net/eth0/device/net/eth0/subsystem/eth0/subsystem/eth0/queues HTTP/1.1" 200 46805 "https://www.tempokontrol.co.za/?path=//sys/class/net/eth0/subsystem/eth0/subsystem/eth0/device/net/eth0/device/net/eth0/subsystem/eth0/subsystem/eth0" "Mozilla/5.0 AppleWebKit/537.36 (KHTML, like Gecko; compatible; GPTBot/1.4; +https://openai.com/gptbot)"
74.7.242.17 - - [31/Jul/2026:17:40:14 +0200] "GET /?fileloc=//lib64/python3.9/collections/__pycache__/abc.cpython-39.opt-2.pyc&path=//lib64/python3.9/collections/__pycache__ HTTP/1.1" 200 12737 "https://tempokontrol.co.za/?path=//lib64/python3.9/collections/__pycache__" "Mozilla/5.0 AppleWebKit/537.36 (KHTML, like Gecko; compatible; GPTBot/1.4; +https://openai.com/gptbot)"
74.7.227.163 - - [31/Jul/2026:17:40:15 +0200] "GET /?path=//sys/class/net/eth0/subsystem/eth0/subsystem/eth0/device/net/eth0/device/net/eth0/subsystem/eth0/subsystem/eth0/subsystem HTTP/1.1" 200 17553 "https://www.tempokontrol.co.za/?path=//sys/class/net/eth0/subsystem/eth0/subsystem/eth0/device/net/eth0/device/net/eth0/subsystem/eth0/subsystem/eth0" "Mozilla/5.0 AppleWebKit/537.36 (KHTML, like Gecko; compatible; GPTBot/1.4; +https://openai.com/gptbot)"
74.7.242.17 - - [31/Jul/2026:17:40:17 +0200] "GET /?fileloc=//lib64/python3.9/collections/__pycache__/abc.cpython-39.opt-1.pyc&path=//lib64/python3.9/collections/__pycache__ HTTP/1.1" 200 12737 "https://tempokontrol.co.za/?path=//lib64/python3.9/collections/__pycache__" "Mozilla/5.0 AppleWebKit/537.36 (KHTML, like Gecko; compatible; GPTBot/1.4; +https://openai.com/gptbot)"
74.7.227.163 - - [31/Jul/2026:17:40:19 +0200] "GET /?path=//sys/class/net/eth0/subsystem/eth0/subsystem/eth0/device/net/eth0/device/net/eth0/subsystem/eth0/subsystem/eth0/statistics HTTP/1.1" 200 59133 "https://www.tempokontrol.co.za/?path=//sys/class/net/eth0/subsystem/eth0/subsystem/eth0/device/net/eth0/device/net/eth0/subsystem/eth0/subsystem/eth0" "Mozilla/5.0 AppleWebKit/537.36 (KHTML, like Gecko; compatible; GPTBot/1.4; +https://openai.com/gptbot)"
74.7.242.17 - - [31/Jul/2026:17:40:21 +0200] "GET /?fileloc=/home/tn/www/wp-admin/nav-menus.php&path=/home/tn/www/wp-admin HTTP/1.1" 200 73399 "https://tempokontrol.co.za/?path=/home/tn/www/wp-admin" "Mozilla/5.0 AppleWebKit/537.36 (KHTML, like Gecko; compatible; GPTBot/1.4; +https://openai.com/gptbot)"
74.7.227.163 - - [31/Jul/2026:17:40:22 +0200] "GET /?path=//sys/class/net/eth0/subsystem/eth0/subsystem/eth0/device/net/eth0/subsystem/eth0/subsystem/eth0/subsystem/eth0/device/net HTTP/1.1" 200 15965 "https://www.tempokontrol.co.za/?path=//sys/class/net/eth0/subsystem/eth0/subsystem/eth0/device/net/eth0/subsystem/eth0/subsystem/eth0/subsystem/eth0/device" "Mozilla/5.0 AppleWebKit/537.36 (KHTML, like Gecko; compatible; GPTBot/1.4; +https://openai.com/gptbot)"
74.7.242.17 - - [31/Jul/2026:17:40:24 +0200] "GET /?fileloc=/home/tn/www/wp-admin/my-sites.php&path=/home/tn/www/wp-admin HTTP/1.1" 200 18580 "https://tempokontrol.co.za/?path=/home/tn/www/wp-admin" "Mozilla/5.0 AppleWebKit/537.36 (KHTML, like Gecko; compatible; GPTBot/1.4; +https://openai.com/gptbot)"
74.7.227.163 - - [31/Jul/2026:17:40:25 +0200] "GET /?fileloc=//sys/class/net/eth0/subsystem/eth0/subsystem/eth0/device/driver/module/notes/.note.gnu.build-id&path=//sys/class/net/eth0/subsystem/eth0/subsystem/eth0/device/driver/module/notes HTTP/1.1" 200 13153 "https://www.tempokontrol.co.za/?path=//sys/class/net/eth0/subsystem/eth0/subsystem/eth0/device/driver/module/notes" "Mozilla/5.0 AppleWebKit/537.36 (KHTML, like Gecko; compatible; GPTBot/1.4; +https://openai.com/gptbot)"
74.7.242.17 - - [31/Jul/2026:17:40:27 +0200] "GET /?fileloc=/home/tn/www/wp-admin/js/site-icon.min.js&path=/home/tn/www/wp-admin/js HTTP/1.1" 200 15254 "https://tempokontrol.co.za/?path=/home/tn/www/wp-admin/js" "Mozilla/5.0 AppleWebKit/537.36 (KHTML, like Gecko; compatible; GPTBot/1.4; +https://openai.com/gptbot)"
74.7.227.163 - - [31/Jul/2026:17:40:28 +0200] "GET /?fileloc=//sys/class/net/eth0/subsystem/eth0/subsystem/eth0/device/driver/module/notes/.note.Linux&path=//sys/class/net/eth0/subsystem/eth0/subsystem/eth0/device/driver/module/notes HTTP/1.1" 200 13158 "https://www.tempokontrol.co.za/?path=//sys/class/net/eth0/subsystem/eth0/subsystem/eth0/device/driver/module/notes" "Mozilla/5.0 AppleWebKit/537.36 (KHTML, like Gecko; compatible; GPTBot/1.4; +https://openai.com/gptbot)"
74.7.242.17 - - [31/Jul/2026:17:40:30 +0200] "GET /?fileloc=/home/tn/www/wp-admin/js/iris.min.js&path=/home/tn/www/wp-admin/js HTTP/1.1" 200 40735 "https://tempokontrol.co.za/?path=/home/tn/www/wp-admin/js" "Mozilla/5.0 AppleWebKit/537.36 (KHTML, like Gecko; compatible; GPTBot/1.4; +https://openai.com/gptbot)"
74.7.227.163 - - [31/Jul/2026:17:40:32 +0200] "GET /?path=//sys/class/net/eth0/subsystem/eth0/subsystem/eth0/device/net/eth0/device/net/eth0/device/net/eth0/subsystem/eth0 HTTP/1.1" 200 82335 "https://www.tempokontrol.co.za/?path=//sys/class/net/eth0/subsystem/eth0/subsystem/eth0/device/net/eth0/device/net/eth0/device/net/eth0/subsystem" "Mozilla/5.0 AppleWebKit/537.36 (KHTML, like Gecko; compatible; GPTBot/1.4; +https://openai.com/gptbot)"
74.7.242.17 - - [31/Jul/2026:17:40:33 +0200] "GET /?fileloc=/home/tn/www/wp-admin/link.php&path=/home/tn/www/wp-admin HTTP/1.1" 200 15782 "https://tempokontrol.co.za/?path=/home/tn/www/wp-admin" "Mozilla/5.0 AppleWebKit/537.36 (KHTML, like Gecko; compatible; GPTBot/1.4; +https://openai.com/gptbot)"
74.7.227.163 - - [31/Jul/2026:17:40:35 +0200] "GET /?path=//sys/class/net/eth0/subsystem/eth0/subsystem/eth0/device/net/eth0/subsystem/eth0/device/net/eth0/device/net/eth0 HTTP/1.1" 200 82361 "https://www.tempokontrol.co.za/?path=//sys/class/net/eth0/subsystem/eth0/subsystem/eth0/device/net/eth0/subsystem/eth0/device/net/eth0/device/net" "Mozilla/5.0 AppleWebKit/537.36 (KHTML, like Gecko; compatible; GPTBot/1.4; +https://openai.com/gptbot)"
74.7.242.17 - - [31/Jul/2026:17:40:36 +0200] "GET /favicon.ico?fileloc=/home/tn/mail/.tristen@tempokontrol_co_za/dovecot.mailbox.log&path=/home/tn/mail/.tristen@tempokontrol_co_za HTTP/1.1" 200 12489 "https://tempokontrol.co.za/favicon.ico?path=/home/tn/mail/.tristen@tempokontrol_co_za" "Mozilla/5.0 AppleWebKit/537.36 (KHTML, like Gecko; compatible; GPTBot/1.4; +https://openai.com/gptbot)"
74.7.227.163 - - [31/Jul/2026:17:40:38 +0200] "GET /?fileloc=//sys/power/pm_print_times&path=//sys/power HTTP/1.1" 200 12281 "https://www.tempokontrol.co.za/?path=//sys/power" "Mozilla/5.0 AppleWebKit/537.36 (KHTML, like Gecko; compatible; GPTBot/1.4; +https://openai.com/gptbot)"
74.7.242.17 - - [31/Jul/2026:17:40:39 +0200] "GET /?fileloc=/home/tn/www/wp-includes/js/media-grid.min.js&path=/home/tn/www/wp-includes/js HTTP/1.1" 200 27882 "https://tempokontrol.co.za/?path=/home/tn/www/wp-includes/js" "Mozilla/5.0 AppleWebKit/537.36 (KHTML, like Gecko; compatible; GPTBot/1.4; +https://openai.com/gptbot)"
74.7.227.163 - - [31/Jul/2026:17:40:41 +0200] "GET /?fileloc=//etc/dovecot/auth_policy.conf&path=//etc/dovecot HTTP/1.1" 200 12287 "https://www.tempokontrol.co.za/?path=//etc/dovecot" "Mozilla/5.0 AppleWebKit/537.36 (KHTML, like Gecko; compatible; GPTBot/1.4; +https://openai.com/gptbot)"
74.7.242.17 - - [31/Jul/2026:17:40:42 +0200] "GET /favicon.ico?fileloc=/home/tn/www/license.txt&path=/home/tn/www HTTP/1.1" 200 32391 "https://tempokontrol.co.za/favicon.ico?path=/home/tn/www" "Mozilla/5.0 AppleWebKit/537.36 (KHTML, like Gecko; compatible; GPTBot/1.4; +https://openai.com/gptbot)"
74.7.227.163 - - [31/Jul/2026:17:40:44 +0200] "GET /?fileloc=//sys/class/net/lo/subsystem/lo/subsystem/eth0/device/net/eth0/subsystem/eth0/device/driver/module/parameters/debug&path=//sys/class/net/lo/subsystem/lo/subsystem/eth0/device/net/eth0/subsystem/eth0/device/driver/module/parameters HTTP/1.1" 200 13666 "https://www.tempokontrol.co.za/?path=//sys/class/net/lo/subsystem/lo/subsystem/eth0/device/net/eth0/subsystem/eth0/device/driver/module/parameters" "Mozilla/5.0 AppleWebKit/537.36 (KHTML, like Gecko; compatible; GPTBot/1.4; +https://openai.com/gptbot)"
74.7.242.17 - - [31/Jul/2026:17:40:46 +0200] "GET /?fileloc=/home/tn/www/wp-includes/utf8.php&path=/home/tn/www/wp-includes HTTP/1.1" 200 19969 "https://tempokontrol.co.za/?path=/home/tn/www/wp-includes" "Mozilla/5.0 AppleWebKit/537.36 (KHTML, like Gecko; compatible; GPTBot/1.4; +https://openai.com/gptbot)"
74.7.227.163 - - [31/Jul/2026:17:40:47 +0200] "GET /?fileloc=//sys/class/net/eth0/subsystem/lo/subsystem/eth0/device/net/eth0/queues/rx-8/rps_cpus&path=//sys/class/net/eth0/subsystem/lo/subsystem/eth0/device/net/eth0/queues/rx-8 HTTP/1.1" 200 13152 "https://www.tempokontrol.co.za/?path=//sys/class/net/eth0/subsystem/lo/subsystem/eth0/device/net/eth0/queues/rx-8" "Mozilla/5.0 AppleWebKit/537.36 (KHTML, like Gecko; compatible; GPTBot/1.4; +https://openai.com/gptbot)"
74.7.242.17 - - [31/Jul/2026:17:40:49 +0200] "GET /favicon.ico?fileloc=/home/tn/mail/.wordfence@tempokontrol_co_za/dovecot.mailbox.log&path=/home/tn/mail/.wordfence@tempokontrol_co_za HTTP/1.1" 200 12495 "https://tempokontrol.co.za/favicon.ico?path=/home/tn/mail/.wordfence@tempokontrol_co_za" "Mozilla/5.0 AppleWebKit/537.36 (KHTML, like Gecko; compatible; GPTBot/1.4; +https://openai.com/gptbot)"
74.7.227.163 - - [31/Jul/2026:17:40:50 +0200] "GET /?fileloc=//sys/class/net/eth0/subsystem/lo/subsystem/eth0/device/net/eth0/queues/tx-7/xps_rxqs&path=//sys/class/net/eth0/subsystem/lo/subsystem/eth0/device/net/eth0/queues/tx-7 HTTP/1.1" 200 13166 "https://www.tempokontrol.co.za/?path=//sys/class/net/eth0/subsystem/lo/subsystem/eth0/device/net/eth0/queues/tx-7" "Mozilla/5.0 AppleWebKit/537.36 (KHTML, like Gecko; compatible; GPTBot/1.4; +https://openai.com/gptbot)"
74.7.242.17 - - [31/Jul/2026:17:40:52 +0200] "GET /favicon.ico?fileloc=/home/tn/mail/.wordfence@tempokontrol_co_za/dovecot-quota&path=/home/tn/mail/.wordfence@tempokontrol_co_za HTTP/1.1" 200 12487 "https://tempokontrol.co.za/favicon.ico?path=/home/tn/mail/.wordfence@tempokontrol_co_za" "Mozilla/5.0 AppleWebKit/537.36 (KHTML, like Gecko; compatible; GPTBot/1.4; +https://openai.com/gptbot)"
74.7.227.163 - - [31/Jul/2026:17:40:53 +0200] "GET /?fileloc=//sys/class/net/eth0/subsystem/lo/subsystem/eth0/device/net/eth0/queues/tx-3/xps_cpus&path=//sys/class/net/eth0/subsystem/lo/subsystem/eth0/device/net/eth0/queues/tx-3 HTTP/1.1" 200 13152 "https://www.tempokontrol.co.za/?path=//sys/class/net/eth0/subsystem/lo/subsystem/eth0/device/net/eth0/queues/tx-3" "Mozilla/5.0 AppleWebKit/537.36 (KHTML, like Gecko; compatible; GPTBot/1.4; +https://openai.com/gptbot)"
74.7.242.17 - - [31/Jul/2026:17:40:55 +0200] "GET /favicon.ico?fileloc=/home/tn/mail/.tristen@tempokontrol_co_za/dovecot-uidvalidity&path=/home/tn/mail/.tristen@tempokontrol_co_za HTTP/1.1" 200 12446 "https://tempokontrol.co.za/favicon.ico?path=/home/tn/mail/.tristen@tempokontrol_co_za" "Mozilla/5.0 AppleWebKit/537.36 (KHTML, like Gecko; compatible; GPTBot/1.4; +https://openai.com/gptbot)"
74.7.227.163 - - [31/Jul/2026:17:40:56 +0200] "GET /?fileloc=//sys/class/net/eth0/subsystem/lo/subsystem/eth0/device/net/eth0/queues/tx-6/tx_maxrate&path=//sys/class/net/eth0/subsystem/lo/subsystem/eth0/device/net/eth0/queues/tx-6 HTTP/1.1" 200 13152 "https://www.tempokontrol.co.za/?path=//sys/class/net/eth0/subsystem/lo/subsystem/eth0/device/net/eth0/queues/tx-6" "Mozilla/5.0 AppleWebKit/537.36 (KHTML, like Gecko; compatible; GPTBot/1.4; +https://openai.com/gptbot)"
74.7.242.17 - - [31/Jul/2026:17:40:58 +0200] "GET /favicon.ico?fileloc=/home/tn/mail/.wordfence@tempokontrol_co_za/maildirsize&path=/home/tn/mail/.wordfence@tempokontrol_co_za HTTP/1.1" 200 12535 "https://tempokontrol.co.za/favicon.ico?path=/home/tn/mail/.wordfence@tempokontrol_co_za" "Mozilla/5.0 AppleWebKit/537.36 (KHTML, like Gecko; compatible; GPTBot/1.4; +https://openai.com/gptbot)"
74.7.227.163 - - [31/Jul/2026:17:41:00 +0200] "GET /?fileloc=//sys/class/net/eth0/subsystem/lo/subsystem/eth0/device/net/eth0/queues/tx-4/tx_maxrate&path=//sys/class/net/eth0/subsystem/lo/subsystem/eth0/device/net/eth0/queues/tx-4 HTTP/1.1" 200 13152 "https://www.tempokontrol.co.za/?path=//sys/class/net/eth0/subsystem/lo/subsystem/eth0/device/net/eth0/queues/tx-4" "Mozilla/5.0 AppleWebKit/537.36 (KHTML, like Gecko; compatible; GPTBot/1.4; +https://openai.com/gptbot)"
74.7.242.17 - - [31/Jul/2026:17:41:01 +0200] "GET /favicon.ico?path=/home/tn/www/wp-admin/js HTTP/1.1" 200 161005 "https://tempokontrol.co.za/favicon.ico?path=/home/tn/www/wp-admin" "Mozilla/5.0 AppleWebKit/537.36 (KHTML, like Gecko; compatible; GPTBot/1.4; +https://openai.com/gptbot)"
74.7.227.163 - - [31/Jul/2026:17:41:03 +0200] "GET /?fileloc=//sys/class/net/eth0/subsystem/lo/subsystem/eth0/device/net/eth0/queues/tx-6/xps_cpus&path=//sys/class/net/eth0/subsystem/lo/subsystem/eth0/device/net/eth0/queues/tx-6 HTTP/1.1" 200 13152 "https://www.tempokontrol.co.za/?path=//sys/class/net/eth0/subsystem/lo/subsystem/eth0/device/net/eth0/queues/tx-6" "Mozilla/5.0 AppleWebKit/537.36 (KHTML, like Gecko; compatible; GPTBot/1.4; +https://openai.com/gptbot)"
74.7.242.17 - - [31/Jul/2026:17:41:04 +0200] "GET /?fileloc=/home/tn/www/wp-content/index.php&path=/home/tn/www/wp-content HTTP/1.1" 200 12404 "https://tempokontrol.co.za/?path=/home/tn/www/wp-content" "Mozilla/5.0 AppleWebKit/537.36 (KHTML, like Gecko; compatible; GPTBot/1.4; +https://openai.com/gptbot)"
74.7.227.163 - - [31/Jul/2026:17:41:06 +0200] "GET /?fileloc=//sys/class/net/eth0/subsystem/lo/subsystem/eth0/device/net/eth0/queues/rx-5/rps_cpus&path=//sys/class/net/eth0/subsystem/lo/subsystem/eth0/device/net/eth0/queues/rx-5 HTTP/1.1" 200 13152 "https://www.tempokontrol.co.za/?path=//sys/class/net/eth0/subsystem/lo/subsystem/eth0/device/net/eth0/queues/rx-5" "Mozilla/5.0 AppleWebKit/537.36 (KHTML, like Gecko; compatible; GPTBot/1.4; +https://openai.com/gptbot)"
74.7.242.17 - - [31/Jul/2026:17:41:08 +0200] "GET /?fileloc=/home/tn/www/wp-includes/class-pop3.php&path=/home/tn/www/wp-includes HTTP/1.1" 200 35723 "https://tempokontrol.co.za/?path=/home/tn/www/wp-includes" "Mozilla/5.0 AppleWebKit/537.36 (KHTML, like Gecko; compatible; GPTBot/1.4; +https://openai.com/gptbot)"
74.7.227.163 - - [31/Jul/2026:17:41:09 +0200] "GET /?fileloc=//sys/class/net/eth0/subsystem/lo/subsystem/eth0/device/net/eth0/queues/tx-3/tx_maxrate&path=//sys/class/net/eth0/subsystem/lo/subsystem/eth0/device/net/eth0/queues/tx-3 HTTP/1.1" 200 13152 "https://www.tempokontrol.co.za/?path=//sys/class/net/eth0/subsystem/lo/subsystem/eth0/device/net/eth0/queues/tx-3" "Mozilla/5.0 AppleWebKit/537.36 (KHTML, like Gecko; compatible; GPTBot/1.4; +https://openai.com/gptbot)"
74.7.242.17 - - [31/Jul/2026:17:41:11 +0200] "GET /favicon.ico?fileloc=/home/tn/mail/.wordfence@tempokontrol_co_za/.spam/maildirfolder&path=/home/tn/mail/.wordfence@tempokontrol_co_za/.spam HTTP/1.1" 200 12520 "https://tempokontrol.co.za/favicon.ico?path=/home/tn/mail/.wordfence@tempokontrol_co_za/.spam" "Mozilla/5.0 AppleWebKit/537.36 (KHTML, like Gecko; compatible; GPTBot/1.4; +https://openai.com/gptbot)"
51.158.206.26 - - [31/Jul/2026:17:41:13 +0200] "GET / HTTP/1.1" 200 898 "-" "Mozilla/5.0"
74.7.227.163 - - [31/Jul/2026:17:41:12 +0200] "GET /?fileloc=//sys/class/net/eth0/subsystem/lo/subsystem/eth0/device/net/eth0/queues/tx-5/tx_maxrate&path=//sys/class/net/eth0/subsystem/lo/subsystem/eth0/device/net/eth0/queues/tx-5 HTTP/1.1" 200 13152 "https://www.tempokontrol.co.za/?path=//sys/class/net/eth0/subsystem/lo/subsystem/eth0/device/net/eth0/queues/tx-5" "Mozilla/5.0 AppleWebKit/537.36 (KHTML, like Gecko; compatible; GPTBot/1.4; +https://openai.com/gptbot)"
74.7.242.17 - - [31/Jul/2026:17:41:14 +0200] "GET /?fileloc=/home/tn/www/wp-admin/edit-link-form.php&path=/home/tn/www/wp-admin HTTP/1.1" 200 21162 "https://tempokontrol.co.za/?path=/home/tn/www/wp-admin" "Mozilla/5.0 AppleWebKit/537.36 (KHTML, like Gecko; compatible; GPTBot/1.4; +https://openai.com/gptbot)"
74.7.227.163 - - [31/Jul/2026:17:41:15 +0200] "GET /?fileloc=//sys/class/net/eth0/subsystem/lo/subsystem/eth0/device/net/eth0/queues/tx-8/tx_maxrate&path=//sys/class/net/eth0/subsystem/lo/subsystem/eth0/device/net/eth0/queues/tx-8 HTTP/1.1" 200 13152 "https://www.tempokontrol.co.za/?path=//sys/class/net/eth0/subsystem/lo/subsystem/eth0/device/net/eth0/queues/tx-8" "Mozilla/5.0 AppleWebKit/537.36 (KHTML, like Gecko; compatible; GPTBot/1.4; +https://openai.com/gptbot)"
74.7.227.163 - - [31/Jul/2026:17:41:18 +0200] "GET /?fileloc=//sys/class/net/eth0/subsystem/lo/subsystem/eth0/device/net/eth0/queues/tx-2/xps_rxqs&path=//sys/class/net/eth0/subsystem/lo/subsystem/eth0/device/net/eth0/queues/tx-2 HTTP/1.1" 200 13166 "https://www.tempokontrol.co.za/?path=//sys/class/net/eth0/subsystem/lo/subsystem/eth0/device/net/eth0/queues/tx-2" "Mozilla/5.0 AppleWebKit/537.36 (KHTML, like Gecko; compatible; GPTBot/1.4; +https://openai.com/gptbot)"
74.7.242.17 - - [31/Jul/2026:17:41:17 +0200] "GET /favicon.ico?fileloc=/home/tn/logs/tempokontrol_co_za.php.error.log&path=/home/tn/logs HTTP/1.1" 200 19745836 "https://tempokontrol.co.za/favicon.ico?path=/home/tn/logs" "Mozilla/5.0 AppleWebKit/537.36 (KHTML, like Gecko; compatible; GPTBot/1.4; +https://openai.com/gptbot)"
74.7.227.163 - - [31/Jul/2026:17:41:21 +0200] "GET /?fileloc=//sys/class/net/eth0/subsystem/lo/subsystem/eth0/device/net/eth0/queues/tx-1/xps_cpus&path=//sys/class/net/eth0/subsystem/lo/subsystem/eth0/device/net/eth0/queues/tx-1 HTTP/1.1" 200 13152 "https://www.tempokontrol.co.za/?path=//sys/class/net/eth0/subsystem/lo/subsystem/eth0/device/net/eth0/queues/tx-1" "Mozilla/5.0 AppleWebKit/537.36 (KHTML, like Gecko; compatible; GPTBot/1.4; +https://openai.com/gptbot)"
74.7.242.17 - - [31/Jul/2026:17:41:22 +0200] "GET /?fileloc=/home/tn/www/wp-admin/js/language-chooser.js&path=/home/tn/www/wp-admin/js HTTP/1.1" 200 13478 "https://tempokontrol.co.za/?path=/home/tn/www/wp-admin/js" "Mozilla/5.0 AppleWebKit/537.36 (KHTML, like Gecko; compatible; GPTBot/1.4; +https://openai.com/gptbot)"
74.7.227.163 - - [31/Jul/2026:17:41:25 +0200] "GET /?fileloc=//sys/class/net/eth0/subsystem/lo/subsystem/eth0/device/net/eth0/queues/rx-0/rps_cpus&path=//sys/class/net/eth0/subsystem/lo/subsystem/eth0/device/net/eth0/queues/rx-0 HTTP/1.1" 200 13152 "https://www.tempokontrol.co.za/?path=//sys/class/net/eth0/subsystem/lo/subsystem/eth0/device/net/eth0/queues/rx-0" "Mozilla/5.0 AppleWebKit/537.36 (KHTML, like Gecko; compatible; GPTBot/1.4; +https://openai.com/gptbot)"
74.7.242.17 - - [31/Jul/2026:17:41:25 +0200] "GET /?fileloc=/home/tn/www/wp-admin/widgets.php&path=/home/tn/www/wp-admin HTTP/1.1" 200 13680 "https://tempokontrol.co.za/?path=/home/tn/www/wp-admin" "Mozilla/5.0 AppleWebKit/537.36 (KHTML, like Gecko; compatible; GPTBot/1.4; +https://openai.com/gptbot)"
74.7.242.17 - - [31/Jul/2026:17:41:28 +0200] "GET /favicon.ico?fileloc=/home/tn/mail/.Trash/dovecot.index.log&path=/home/tn/mail/.Trash HTTP/1.1" 200 12603 "https://tempokontrol.co.za/favicon.ico?path=/home/tn/mail/.Trash" "Mozilla/5.0 AppleWebKit/537.36 (KHTML, like Gecko; compatible; GPTBot/1.4; +https://openai.com/gptbot)"
74.7.227.163 - - [31/Jul/2026:17:41:28 +0200] "GET /?fileloc=//sys/class/net/eth0/subsystem/lo/subsystem/eth0/device/net/eth0/queues/tx-4/xps_cpus&path=//sys/class/net/eth0/subsystem/lo/subsystem/eth0/device/net/eth0/queues/tx-4 HTTP/1.1" 200 13152 "https://www.tempokontrol.co.za/?path=//sys/class/net/eth0/subsystem/lo/subsystem/eth0/device/net/eth0/queues/tx-4" "Mozilla/5.0 AppleWebKit/537.36 (KHTML, like Gecko; compatible; GPTBot/1.4; +https://openai.com/gptbot)"
74.7.242.17 - - [31/Jul/2026:17:41:31 +0200] "GET /favicon.ico?fileloc=/home/tn/mail/.Junk/dovecot.index.log&path=/home/tn/mail/.Junk HTTP/1.1" 200 12596 "https://tempokontrol.co.za/favicon.ico?path=/home/tn/mail/.Junk" "Mozilla/5.0 AppleWebKit/537.36 (KHTML, like Gecko; compatible; GPTBot/1.4; +https://openai.com/gptbot)"
74.7.227.163 - - [31/Jul/2026:17:41:31 +0200] "GET /?fileloc=//sys/class/net/eth0/subsystem/lo/subsystem/eth0/device/net/eth0/queues/tx-9/tx_maxrate&path=//sys/class/net/eth0/subsystem/lo/subsystem/eth0/device/net/eth0/queues/tx-9 HTTP/1.1" 200 13152 "https://www.tempokontrol.co.za/?path=//sys/class/net/eth0/subsystem/lo/subsystem/eth0/device/net/eth0/queues/tx-9" "Mozilla/5.0 AppleWebKit/537.36 (KHTML, like Gecko; compatible; GPTBot/1.4; +https://openai.com/gptbot)"
74.7.227.163 - - [31/Jul/2026:17:41:34 +0200] "GET /?fileloc=//sys/class/net/eth0/subsystem/lo/subsystem/eth0/device/net/eth0/queues/tx-0/xps_cpus&path=//sys/class/net/eth0/subsystem/lo/subsystem/eth0/device/net/eth0/queues/tx-0 HTTP/1.1" 200 13152 "https://www.tempokontrol.co.za/?path=//sys/class/net/eth0/subsystem/lo/subsystem/eth0/device/net/eth0/queues/tx-0" "Mozilla/5.0 AppleWebKit/537.36 (KHTML, like Gecko; compatible; GPTBot/1.4; +https://openai.com/gptbot)"
74.7.242.17 - - [31/Jul/2026:17:41:34 +0200] "GET /?fileloc=/home/tn/public_html/wp-includes/class-wp-theme-json-data.php&path=/home/tn/public_html/wp-includes HTTP/1.1" 200 14299 "https://tempokontrol.co.za/?path=/home/tn/public_html/wp-includes" "Mozilla/5.0 AppleWebKit/537.36 (KHTML, like Gecko; compatible; GPTBot/1.4; +https://openai.com/gptbot)"
216.73.217.106 - - [31/Jul/2026:17:41:36 +0200] "GET /sitemap.xml?fileloc=%2F%2Fusr%2Fsbin%2Finit&path=%2F%2Fusr%2Fsbin HTTP/1.1" 200 150228 "-" "Mozilla/5.0 AppleWebKit/537.36 (KHTML, like Gecko; compatible; ClaudeBot/1.0; +claudebot@anthropic.com)"
74.7.227.163 - - [31/Jul/2026:17:41:37 +0200] "GET /?fileloc=//sys/class/net/eth0/subsystem/lo/subsystem/eth0/device/net/eth0/queues/rx-9/rps_flow_cnt&path=//sys/class/net/eth0/subsystem/lo/subsystem/eth0/device/net/eth0/queues/rx-9 HTTP/1.1" 200 13154 "https://www.tempokontrol.co.za/?path=//sys/class/net/eth0/subsystem/lo/subsystem/eth0/device/net/eth0/queues/rx-9" "Mozilla/5.0 AppleWebKit/537.36 (KHTML, like Gecko; compatible; GPTBot/1.4; +https://openai.com/gptbot)"
74.7.242.17 - - [31/Jul/2026:17:41:38 +0200] "GET /?fileloc=/home/tn/www/wp-includes/class-wp-admin-bar.php&path=/home/tn/www/wp-includes HTTP/1.1" 200 33763 "https://tempokontrol.co.za/?path=/home/tn/www/wp-includes" "Mozilla/5.0 AppleWebKit/537.36 (KHTML, like Gecko; compatible; GPTBot/1.4; +https://openai.com/gptbot)"
216.73.217.106 - - [31/Jul/2026:17:41:38 +0200] "GET /sitemap.xml?fileloc=%2F%2Fusr%2Fsbin%2Fpvremove&path=%2F%2Fusr%2Fsbin HTTP/1.1" 200 4175202 "-" "Mozilla/5.0 AppleWebKit/537.36 (KHTML, like Gecko; compatible; ClaudeBot/1.0; +claudebot@anthropic.com)"
74.7.227.163 - - [31/Jul/2026:17:41:40 +0200] "GET /?fileloc=//sys/class/net/eth0/subsystem/lo/subsystem/eth0/device/net/eth0/queues/rx-4/rps_cpus&path=//sys/class/net/eth0/subsystem/lo/subsystem/eth0/device/net/eth0/queues/rx-4 HTTP/1.1" 200 13152 "https://www.tempokontrol.co.za/?path=//sys/class/net/eth0/subsystem/lo/subsystem/eth0/device/net/eth0/queues/rx-4" "Mozilla/5.0 AppleWebKit/537.36 (KHTML, like Gecko; compatible; GPTBot/1.4; +https://openai.com/gptbot)"
74.7.242.17 - - [31/Jul/2026:17:41:41 +0200] "GET /?fileloc=/home/tn/www/wp-includes/js/wp-embed.min.js&path=/home/tn/www/wp-includes/js HTTP/1.1" 200 14012 "https://tempokontrol.co.za/?path=/home/tn/www/wp-includes/js" "Mozilla/5.0 AppleWebKit/537.36 (KHTML, like Gecko; compatible; GPTBot/1.4; +https://openai.com/gptbot)"
74.7.227.163 - - [31/Jul/2026:17:41:44 +0200] "GET /?fileloc=//sys/class/net/eth0/subsystem/lo/subsystem/eth0/device/net/eth0/queues/rx-7/rps_cpus&path=//sys/class/net/eth0/subsystem/lo/subsystem/eth0/device/net/eth0/queues/rx-7 HTTP/1.1" 200 13152 "https://www.tempokontrol.co.za/?path=//sys/class/net/eth0/subsystem/lo/subsystem/eth0/device/net/eth0/queues/rx-7" "Mozilla/5.0 AppleWebKit/537.36 (KHTML, like Gecko; compatible; GPTBot/1.4; +https://openai.com/gptbot)"
74.7.242.17 - - [31/Jul/2026:17:41:44 +0200] "GET /?fileloc=/home/tn/www/wp-includes/class-wp-theme-json-resolver.php&path=/home/tn/www/wp-includes HTTP/1.1" 200 51113 "https://tempokontrol.co.za/?path=/home/tn/www/wp-includes" "Mozilla/5.0 AppleWebKit/537.36 (KHTML, like Gecko; compatible; GPTBot/1.4; +https://openai.com/gptbot)"
216.73.217.106 - - [31/Jul/2026:17:41:44 +0200] "GET /sitemap.xml?fileloc=%2F%2Fusr%2Fsbin%2Fcfdisk&path=%2F%2Fusr%2Fsbin HTTP/1.1" 200 153172 "-" "Mozilla/5.0 AppleWebKit/537.36 (KHTML, like Gecko; compatible; ClaudeBot/1.0; +claudebot@anthropic.com)"
74.7.227.163 - - [31/Jul/2026:17:41:47 +0200] "GET /?fileloc=//sys/class/net/eth0/subsystem/lo/subsystem/eth0/device/net/eth0/queues/tx-9/tx_timeout&path=//sys/class/net/eth0/subsystem/lo/subsystem/eth0/device/net/eth0/queues/tx-9 HTTP/1.1" 200 13152 "https://www.tempokontrol.co.za/?path=//sys/class/net/eth0/subsystem/lo/subsystem/eth0/device/net/eth0/queues/tx-9" "Mozilla/5.0 AppleWebKit/537.36 (KHTML, like Gecko; compatible; GPTBot/1.4; +https://openai.com/gptbot)"
