74.7.227.163 - - [31/Jul/2026:16:12:32 +0200] "GET /?fileloc=//sys/class/net/lo/power/control&path=//sys/class/net/lo/power HTTP/1.1" 200 12423 "https://www.tempokontrol.co.za/?path=//sys/class/net/lo/power" "Mozilla/5.0 AppleWebKit/537.36 (KHTML, like Gecko; compatible; GPTBot/1.4; +https://openai.com/gptbot)"
74.7.242.17 - - [31/Jul/2026:16:12:32 +0200] "GET /?path=/home/cPanelInstall HTTP/1.1" 200 12699 "https://tempokontrol.co.za/?path=/home" "Mozilla/5.0 AppleWebKit/537.36 (KHTML, like Gecko; compatible; GPTBot/1.4; +https://openai.com/gptbot)"
74.7.227.163 - - [31/Jul/2026:16:12:35 +0200] "GET /?fileloc=//sys/class/net/lo/power/runtime_status&path=//sys/class/net/lo/power HTTP/1.1" 200 12437 "https://www.tempokontrol.co.za/?path=//sys/class/net/lo/power" "Mozilla/5.0 AppleWebKit/537.36 (KHTML, like Gecko; compatible; GPTBot/1.4; +https://openai.com/gptbot)"
74.7.242.17 - - [31/Jul/2026:16:12:36 +0200] "GET /?fileloc=//lib64/libgudev-1.0.so.0.3.0&path=//lib64 HTTP/1.1" 200 82933 "https://tempokontrol.co.za/?path=//lib64" "Mozilla/5.0 AppleWebKit/537.36 (KHTML, like Gecko; compatible; GPTBot/1.4; +https://openai.com/gptbot)"
74.7.227.163 - - [31/Jul/2026:16:12:38 +0200] "GET /?fileloc=//sys/class/net/lo/power/runtime_active_time&path=//sys/class/net/lo/power HTTP/1.1" 200 12432 "https://www.tempokontrol.co.za/?path=//sys/class/net/lo/power" "Mozilla/5.0 AppleWebKit/537.36 (KHTML, like Gecko; compatible; GPTBot/1.4; +https://openai.com/gptbot)"
74.7.242.17 - - [31/Jul/2026:16:12:39 +0200] "GET /?fileloc=//lib64/libgcc_s-11-20240719.so.1&path=//lib64 HTTP/1.1" 200 200368 "https://tempokontrol.co.za/?path=//lib64" "Mozilla/5.0 AppleWebKit/537.36 (KHTML, like Gecko; compatible; GPTBot/1.4; +https://openai.com/gptbot)"
74.7.227.163 - - [31/Jul/2026:16:12:41 +0200] "GET /?fileloc=//sys/class/net/lo/power/runtime_suspended_time&path=//sys/class/net/lo/power HTTP/1.1" 200 12435 "https://www.tempokontrol.co.za/?path=//sys/class/net/lo/power" "Mozilla/5.0 AppleWebKit/537.36 (KHTML, like Gecko; compatible; GPTBot/1.4; +https://openai.com/gptbot)"
74.7.242.17 - - [31/Jul/2026:16:12:42 +0200] "GET /?fileloc=//lib64/python3.9/symtable.py&path=//lib64/python3.9 HTTP/1.1" 200 20674 "https://tempokontrol.co.za/?path=//lib64/python3.9" "Mozilla/5.0 AppleWebKit/537.36 (KHTML, like Gecko; compatible; GPTBot/1.4; +https://openai.com/gptbot)"
74.7.227.163 - - [31/Jul/2026:16:12:44 +0200] "GET /?fileloc=//sys/class/net/lo/power/autosuspend_delay_ms&path=//sys/class/net/lo/power HTTP/1.1" 200 12431 "https://www.tempokontrol.co.za/?path=//sys/class/net/lo/power" "Mozilla/5.0 AppleWebKit/537.36 (KHTML, like Gecko; compatible; GPTBot/1.4; +https://openai.com/gptbot)"
74.7.242.17 - - [31/Jul/2026:16:12:45 +0200] "GET /?fileloc=//lib64/libnl-genl-3.so.200&path=//lib64 HTTP/1.1" 200 59309 "https://tempokontrol.co.za/?path=//lib64" "Mozilla/5.0 AppleWebKit/537.36 (KHTML, like Gecko; compatible; GPTBot/1.4; +https://openai.com/gptbot)"
74.7.227.163 - - [31/Jul/2026:16:12:48 +0200] "GET /?path=//sys/class/net/lo/queues/tx-0 HTTP/1.1" 200 21710 "https://www.tempokontrol.co.za/?path=//sys/class/net/lo/queues" "Mozilla/5.0 AppleWebKit/537.36 (KHTML, like Gecko; compatible; GPTBot/1.4; +https://openai.com/gptbot)"
74.7.242.17 - - [31/Jul/2026:16:12:48 +0200] "GET /?fileloc=//lib64/python3.9/bz2.py&path=//lib64/python3.9 HTTP/1.1" 200 26163 "https://tempokontrol.co.za/?path=//lib64/python3.9" "Mozilla/5.0 AppleWebKit/537.36 (KHTML, like Gecko; compatible; GPTBot/1.4; +https://openai.com/gptbot)"
74.7.227.163 - - [31/Jul/2026:16:12:51 +0200] "GET /?path=//sys/class/net/eth0/subsystem/lo/subsystem/lo/power HTTP/1.1" 200 21107 "https://www.tempokontrol.co.za/?path=//sys/class/net/eth0/subsystem/lo/subsystem/lo" "Mozilla/5.0 AppleWebKit/537.36 (KHTML, like Gecko; compatible; GPTBot/1.4; +https://openai.com/gptbot)"
74.7.242.17 - - [31/Jul/2026:16:12:51 +0200] "GET /?fileloc=//lib64/libcanberra-gtk3.so.0&path=//lib64 HTTP/1.1" 200 42788 "https://tempokontrol.co.za/?path=//lib64" "Mozilla/5.0 AppleWebKit/537.36 (KHTML, like Gecko; compatible; GPTBot/1.4; +https://openai.com/gptbot)"
74.7.227.163 - - [31/Jul/2026:16:12:54 +0200] "GET /?path=//sys/class/net/lo/subsystem/lo/subsystem/eth0/power HTTP/1.1" 200 21099 "https://www.tempokontrol.co.za/?path=//sys/class/net/lo/subsystem/lo/subsystem/eth0" "Mozilla/5.0 AppleWebKit/537.36 (KHTML, like Gecko; compatible; GPTBot/1.4; +https://openai.com/gptbot)"
74.7.242.17 - - [31/Jul/2026:16:12:54 +0200] "GET /?fileloc=//lib64/libjxl_threads.so.0.7&path=//lib64 HTTP/1.1" 200 39072 "https://tempokontrol.co.za/?path=//lib64" "Mozilla/5.0 AppleWebKit/537.36 (KHTML, like Gecko; compatible; GPTBot/1.4; +https://openai.com/gptbot)"
74.7.227.163 - - [31/Jul/2026:16:12:57 +0200] "GET /?fileloc=//sys/class/net/lo/subsystem/lo/subsystem/eth0/device/net/eth0/device/subsystem/drivers/hyperv_keyboard/module/notes/.note.Linux&path=//sys/class/net/lo/subsystem/lo/subsystem/eth0/device/net/eth0/device/subsystem/drivers/hyperv_keyboard/module/notes HTTP/1.1" 200 13792 "https://www.tempokontrol.co.za/?path=//sys/class/net/lo/subsystem/lo/subsystem/eth0/device/net/eth0/device/subsystem/drivers/hyperv_keyboard/module/notes" "Mozilla/5.0 AppleWebKit/537.36 (KHTML, like Gecko; compatible; GPTBot/1.4; +https://openai.com/gptbot)"
74.7.242.17 - - [31/Jul/2026:16:12:58 +0200] "GET /?fileloc=/home/tn/.spamassassinboxenable&path=/home/tn HTTP/1.1" 200 12279 "https://tempokontrol.co.za/?path=/home/tn" "Mozilla/5.0 AppleWebKit/537.36 (KHTML, like Gecko; compatible; GPTBot/1.4; +https://openai.com/gptbot)"
74.7.227.163 - - [31/Jul/2026:16:13:00 +0200] "GET /?path=//etc/motd.d HTTP/1.1" 200 12684 "https://www.tempokontrol.co.za/?path=//etc" "Mozilla/5.0 AppleWebKit/537.36 (KHTML, like Gecko; compatible; GPTBot/1.4; +https://openai.com/gptbot)"
74.7.242.17 - - [31/Jul/2026:16:13:01 +0200] "GET /?fileloc=//lib64/python3.9/mailbox.py&path=//lib64/python3.9 HTTP/1.1" 200 101272 "https://tempokontrol.co.za/?path=//lib64/python3.9" "Mozilla/5.0 AppleWebKit/537.36 (KHTML, like Gecko; compatible; GPTBot/1.4; +https://openai.com/gptbot)"
74.7.227.163 - - [31/Jul/2026:16:13:03 +0200] "GET /?fileloc=//sys/class/net/lo/queues/rx-0/rps_flow_cnt&path=//sys/class/net/lo/queues/rx-0 HTTP/1.1" 200 12489 "https://www.tempokontrol.co.za/?path=//sys/class/net/lo/queues/rx-0" "Mozilla/5.0 AppleWebKit/537.36 (KHTML, like Gecko; compatible; GPTBot/1.4; +https://openai.com/gptbot)"
74.7.242.17 - - [31/Jul/2026:16:13:04 +0200] "GET /?fileloc=//lib64/python3.9/fnmatch.py&path=//lib64/python3.9 HTTP/1.1" 200 18930 "https://tempokontrol.co.za/?path=//lib64/python3.9" "Mozilla/5.0 AppleWebKit/537.36 (KHTML, like Gecko; compatible; GPTBot/1.4; +https://openai.com/gptbot)"
74.7.227.163 - - [31/Jul/2026:16:13:06 +0200] "GET /?fileloc=//sys/class/net/lo/queues/rx-0/rps_cpus&path=//sys/class/net/lo/queues/rx-0 HTTP/1.1" 200 12487 "https://www.tempokontrol.co.za/?path=//sys/class/net/lo/queues/rx-0" "Mozilla/5.0 AppleWebKit/537.36 (KHTML, like Gecko; compatible; GPTBot/1.4; +https://openai.com/gptbot)"
74.7.242.17 - - [31/Jul/2026:16:13:07 +0200] "GET /?fileloc=//lib64/perl5/gnu/stubs-64.ph&path=//lib64/perl5/gnu HTTP/1.1" 200 13160 "https://tempokontrol.co.za/?path=//lib64/perl5/gnu" "Mozilla/5.0 AppleWebKit/537.36 (KHTML, like Gecko; compatible; GPTBot/1.4; +https://openai.com/gptbot)"
216.73.217.106 - - [31/Jul/2026:16:13:08 +0200] "GET /sitemap.xml?fileloc=%2Fhome%2Ftn%2Fpublic_html%2Fwp-admin%2Fincludes%2Fclass-custom-background.php&path=%2Fhome%2Ftn%2Fpublic_html%2Fwp-admin%2Fincludes HTTP/1.1" 200 40280 "-" "Mozilla/5.0 AppleWebKit/537.36 (KHTML, like Gecko; compatible; ClaudeBot/1.0; +claudebot@anthropic.com)"
74.7.227.163 - - [31/Jul/2026:16:13:09 +0200] "GET /?path=//etc/popt.d HTTP/1.1" 200 12684 "https://www.tempokontrol.co.za/?path=//etc" "Mozilla/5.0 AppleWebKit/537.36 (KHTML, like Gecko; compatible; GPTBot/1.4; +https://openai.com/gptbot)"
74.7.242.17 - - [31/Jul/2026:16:13:10 +0200] "GET /?fileloc=//lib64/python3.9/textwrap.py&path=//lib64/python3.9 HTTP/1.1" 200 33479 "https://tempokontrol.co.za/?path=//lib64/python3.9" "Mozilla/5.0 AppleWebKit/537.36 (KHTML, like Gecko; compatible; GPTBot/1.4; +https://openai.com/gptbot)"
74.7.227.163 - - [31/Jul/2026:16:13:13 +0200] "GET /?path=//etc/init.d HTTP/1.1" 200 15501 "https://www.tempokontrol.co.za/?path=//etc" "Mozilla/5.0 AppleWebKit/537.36 (KHTML, like Gecko; compatible; GPTBot/1.4; +https://openai.com/gptbot)"
74.7.242.17 - - [31/Jul/2026:16:13:13 +0200] "GET /?fileloc=//lib64/python3.9/asyncore.py&path=//lib64/python3.9 HTTP/1.1" 200 32984 "https://tempokontrol.co.za/?path=//lib64/python3.9" "Mozilla/5.0 AppleWebKit/537.36 (KHTML, like Gecko; compatible; GPTBot/1.4; +https://openai.com/gptbot)"
74.7.227.163 - - [31/Jul/2026:16:13:16 +0200] "GET /?path=//etc/cron.d HTTP/1.1" 200 21312 "https://www.tempokontrol.co.za/?path=//etc" "Mozilla/5.0 AppleWebKit/537.36 (KHTML, like Gecko; compatible; GPTBot/1.4; +https://openai.com/gptbot)"
74.7.242.17 - - [31/Jul/2026:16:13:16 +0200] "GET /?fileloc=//lib64/python3.9/calendar.py&path=//lib64/python3.9 HTTP/1.1" 200 40538 "https://tempokontrol.co.za/?path=//lib64/python3.9" "Mozilla/5.0 AppleWebKit/537.36 (KHTML, like Gecko; compatible; GPTBot/1.4; +https://openai.com/gptbot)"
216.73.217.106 - - [31/Jul/2026:16:13:15 +0200] "GET /sitemap.xml?fileloc=%2F%2Flib64%2Flibdns-9.16.23-RH.so&path=%2F%2Flib64 HTTP/1.1" 200 3593286 "-" "Mozilla/5.0 AppleWebKit/537.36 (KHTML, like Gecko; compatible; ClaudeBot/1.0; +claudebot@anthropic.com)"
74.7.227.163 - - [31/Jul/2026:16:13:19 +0200] "GET /?path=//etc/systemd/system.control HTTP/1.1" 200 21312 "https://www.tempokontrol.co.za/?path=//etc/systemd" "Mozilla/5.0 AppleWebKit/537.36 (KHTML, like Gecko; compatible; GPTBot/1.4; +https://openai.com/gptbot)"
74.7.242.17 - - [31/Jul/2026:16:13:19 +0200] "GET /?fileloc=//lib64/libtss2-rc.so.0.0.0&path=//lib64 HTTP/1.1" 200 52507 "https://tempokontrol.co.za/?path=//lib64" "Mozilla/5.0 AppleWebKit/537.36 (KHTML, like Gecko; compatible; GPTBot/1.4; +https://openai.com/gptbot)"
74.7.227.163 - - [31/Jul/2026:16:13:22 +0200] "GET /?fileloc=//sys/class/net/lo/queues/tx-0/traffic_class&path=//sys/class/net/lo/queues/tx-0 HTTP/1.1" 200 12488 "https://www.tempokontrol.co.za/?path=//sys/class/net/lo/queues/tx-0" "Mozilla/5.0 AppleWebKit/537.36 (KHTML, like Gecko; compatible; GPTBot/1.4; +https://openai.com/gptbot)"
74.7.242.17 - - [31/Jul/2026:16:13:23 +0200] "GET /?fileloc=//lib64/libprotoc.so.25.0.0&path=//lib64 HTTP/1.1" 200 4570093 "https://tempokontrol.co.za/?path=//lib64" "Mozilla/5.0 AppleWebKit/537.36 (KHTML, like Gecko; compatible; GPTBot/1.4; +https://openai.com/gptbot)"
74.7.227.163 - - [31/Jul/2026:16:13:25 +0200] "GET /?fileloc=//sys/class/net/lo/queues/tx-0/tx_maxrate&path=//sys/class/net/lo/queues/tx-0 HTTP/1.1" 200 12487 "https://www.tempokontrol.co.za/?path=//sys/class/net/lo/queues/tx-0" "Mozilla/5.0 AppleWebKit/537.36 (KHTML, like Gecko; compatible; GPTBot/1.4; +https://openai.com/gptbot)"
74.7.242.17 - - [31/Jul/2026:16:13:26 +0200] "GET /?fileloc=//lib64/libopenjp2.so.2.4.0&path=//lib64 HTTP/1.1" 200 581873 "https://tempokontrol.co.za/?path=//lib64" "Mozilla/5.0 AppleWebKit/537.36 (KHTML, like Gecko; compatible; GPTBot/1.4; +https://openai.com/gptbot)"
74.7.227.163 - - [31/Jul/2026:16:13:28 +0200] "GET /?fileloc=//sys/class/net/lo/queues/tx-0/tx_timeout&path=//sys/class/net/lo/queues/tx-0 HTTP/1.1" 200 12487 "https://www.tempokontrol.co.za/?path=//sys/class/net/lo/queues/tx-0" "Mozilla/5.0 AppleWebKit/537.36 (KHTML, like Gecko; compatible; GPTBot/1.4; +https://openai.com/gptbot)"
74.7.242.17 - - [31/Jul/2026:16:13:29 +0200] "GET /?fileloc=//lib64/libsqlite3.so.0.8.6&path=//lib64 HTTP/1.1" 200 2175686 "https://tempokontrol.co.za/?path=//lib64" "Mozilla/5.0 AppleWebKit/537.36 (KHTML, like Gecko; compatible; GPTBot/1.4; +https://openai.com/gptbot)"
74.7.227.163 - - [31/Jul/2026:16:13:32 +0200] "GET /?fileloc=//sys/class/net/lo/queues/tx-0/xps_cpus&path=//sys/class/net/lo/queues/tx-0 HTTP/1.1" 200 12483 "https://www.tempokontrol.co.za/?path=//sys/class/net/lo/queues/tx-0" "Mozilla/5.0 AppleWebKit/537.36 (KHTML, like Gecko; compatible; GPTBot/1.4; +https://openai.com/gptbot)"
74.7.242.17 - - [31/Jul/2026:16:13:32 +0200] "GET /?fileloc=/home/tn/www/wp-blog-header.php&path=/home/tn/www HTTP/1.1" 200 12821 "https://tempokontrol.co.za/?path=/home/tn/www" "Mozilla/5.0 AppleWebKit/537.36 (KHTML, like Gecko; compatible; GPTBot/1.4; +https://openai.com/gptbot)"
74.7.227.163 - - [31/Jul/2026:16:13:35 +0200] "GET /?fileloc=//sys/class/net/lo/queues/tx-0/xps_rxqs&path=//sys/class/net/lo/queues/tx-0 HTTP/1.1" 200 12485 "https://www.tempokontrol.co.za/?path=//sys/class/net/lo/queues/tx-0" "Mozilla/5.0 AppleWebKit/537.36 (KHTML, like Gecko; compatible; GPTBot/1.4; +https://openai.com/gptbot)"
74.7.242.17 - - [31/Jul/2026:16:13:36 +0200] "GET /?fileloc=//lib64/libsgutils2-1.47.so.2&path=//lib64 HTTP/1.1" 200 403168 "https://tempokontrol.co.za/?path=//lib64" "Mozilla/5.0 AppleWebKit/537.36 (KHTML, like Gecko; compatible; GPTBot/1.4; +https://openai.com/gptbot)"
74.7.227.163 - - [31/Jul/2026:16:13:38 +0200] "GET /?fileloc=//sys/class/net/eth0/subsystem/lo/subsystem/lo/power/control&path=//sys/class/net/eth0/subsystem/lo/subsystem/lo/power HTTP/1.1" 200 12745 "https://www.tempokontrol.co.za/?path=//sys/class/net/eth0/subsystem/lo/subsystem/lo/power" "Mozilla/5.0 AppleWebKit/537.36 (KHTML, like Gecko; compatible; GPTBot/1.4; +https://openai.com/gptbot)"
74.7.242.17 - - [31/Jul/2026:16:13:39 +0200] "GET /?fileloc=//lib64/libctf-nobfd.so.0.0.0&path=//lib64 HTTP/1.1" 200 186663 "https://tempokontrol.co.za/?path=//lib64" "Mozilla/5.0 AppleWebKit/537.36 (KHTML, like Gecko; compatible; GPTBot/1.4; +https://openai.com/gptbot)"
74.7.227.163 - - [31/Jul/2026:16:13:41 +0200] "GET /?fileloc=//sys/class/net/lo/subsystem/lo/subsystem/eth0/power/runtime_status&path=//sys/class/net/lo/subsystem/lo/subsystem/eth0/power HTTP/1.1" 200 12751 "https://www.tempokontrol.co.za/?path=//sys/class/net/lo/subsystem/lo/subsystem/eth0/power" "Mozilla/5.0 AppleWebKit/537.36 (KHTML, like Gecko; compatible; GPTBot/1.4; +https://openai.com/gptbot)"
74.7.242.17 - - [31/Jul/2026:16:13:42 +0200] "GET /?fileloc=//lib64/libxcb-shape.so.0.0.0&path=//lib64 HTTP/1.1" 200 31742 "https://tempokontrol.co.za/?path=//lib64" "Mozilla/5.0 AppleWebKit/537.36 (KHTML, like Gecko; compatible; GPTBot/1.4; +https://openai.com/gptbot)"
74.7.227.163 - - [31/Jul/2026:16:13:44 +0200] "GET /?fileloc=//sys/class/net/eth0/subsystem/lo/subsystem/lo/power/runtime_status&path=//sys/class/net/eth0/subsystem/lo/subsystem/lo/power HTTP/1.1" 200 12759 "https://www.tempokontrol.co.za/?path=//sys/class/net/eth0/subsystem/lo/subsystem/lo/power" "Mozilla/5.0 AppleWebKit/537.36 (KHTML, like Gecko; compatible; GPTBot/1.4; +https://openai.com/gptbot)"
74.7.242.17 - - [31/Jul/2026:16:13:45 +0200] "GET /?fileloc=//lib64/libxcb-xtest.so.0.0.0&path=//lib64 HTTP/1.1" 200 30224 "https://tempokontrol.co.za/?path=//lib64" "Mozilla/5.0 AppleWebKit/537.36 (KHTML, like Gecko; compatible; GPTBot/1.4; +https://openai.com/gptbot)"
74.7.227.163 - - [31/Jul/2026:16:13:47 +0200] "GET /?fileloc=//sys/class/net/lo/subsystem/lo/subsystem/eth0/power/control&path=//sys/class/net/lo/subsystem/lo/subsystem/eth0/power HTTP/1.1" 200 12737 "https://www.tempokontrol.co.za/?path=//sys/class/net/lo/subsystem/lo/subsystem/eth0/power" "Mozilla/5.0 AppleWebKit/537.36 (KHTML, like Gecko; compatible; GPTBot/1.4; +https://openai.com/gptbot)"
74.7.242.17 - - [31/Jul/2026:16:13:48 +0200] "GET /?fileloc=/home/tn/mail/.wordfence@tempokontrol_co_za/dovecot.index.log&path=/home/tn/mail/.wordfence@tempokontrol_co_za HTTP/1.1" 200 16265 "https://tempokontrol.co.za/?path=/home/tn/mail/.wordfence@tempokontrol_co_za" "Mozilla/5.0 AppleWebKit/537.36 (KHTML, like Gecko; compatible; GPTBot/1.4; +https://openai.com/gptbot)"
74.7.227.163 - - [31/Jul/2026:16:13:50 +0200] "GET /?fileloc=//sys/class/net/eth0/subsystem/lo/subsystem/lo/power/runtime_active_time&path=//sys/class/net/eth0/subsystem/lo/subsystem/lo/power HTTP/1.1" 200 12754 "https://www.tempokontrol.co.za/?path=//sys/class/net/eth0/subsystem/lo/subsystem/lo/power" "Mozilla/5.0 AppleWebKit/537.36 (KHTML, like Gecko; compatible; GPTBot/1.4; +https://openai.com/gptbot)"
74.7.242.17 - - [31/Jul/2026:16:13:52 +0200] "GET /?fileloc=//lib64/libnvme-mi.so.1.16.1&path=//lib64 HTTP/1.1" 200 83955 "https://tempokontrol.co.za/?path=//lib64" "Mozilla/5.0 AppleWebKit/537.36 (KHTML, like Gecko; compatible; GPTBot/1.4; +https://openai.com/gptbot)"
74.7.227.163 - - [31/Jul/2026:16:13:54 +0200] "GET /?fileloc=//sys/class/net/lo/subsystem/lo/subsystem/eth0/power/autosuspend_delay_ms&path=//sys/class/net/lo/subsystem/lo/subsystem/eth0/power HTTP/1.1" 200 12745 "https://www.tempokontrol.co.za/?path=//sys/class/net/lo/subsystem/lo/subsystem/eth0/power" "Mozilla/5.0 AppleWebKit/537.36 (KHTML, like Gecko; compatible; GPTBot/1.4; +https://openai.com/gptbot)"
74.7.242.17 - - [31/Jul/2026:16:13:55 +0200] "GET /?fileloc=//lib64/libtheora.so.0.3.10&path=//lib64 HTTP/1.1" 200 343382 "https://tempokontrol.co.za/?path=//lib64" "Mozilla/5.0 AppleWebKit/537.36 (KHTML, like Gecko; compatible; GPTBot/1.4; +https://openai.com/gptbot)"
74.7.227.163 - - [31/Jul/2026:16:13:57 +0200] "GET /?fileloc=//sys/class/net/eth0/subsystem/lo/subsystem/lo/power/autosuspend_delay_ms&path=//sys/class/net/eth0/subsystem/lo/subsystem/lo/power HTTP/1.1" 200 12753 "https://www.tempokontrol.co.za/?path=//sys/class/net/eth0/subsystem/lo/subsystem/lo/power" "Mozilla/5.0 AppleWebKit/537.36 (KHTML, like Gecko; compatible; GPTBot/1.4; +https://openai.com/gptbot)"
74.7.242.17 - - [31/Jul/2026:16:13:58 +0200] "GET /?fileloc=//lib64/libostree-1.so.1.0.0&path=//lib64 HTTP/1.1" 200 1940719 "https://tempokontrol.co.za/?path=//lib64" "Mozilla/5.0 AppleWebKit/537.36 (KHTML, like Gecko; compatible; GPTBot/1.4; +https://openai.com/gptbot)"
74.7.227.163 - - [31/Jul/2026:16:14:00 +0200] "GET /?fileloc=//sys/class/net/lo/subsystem/lo/subsystem/eth0/power/runtime_active_time&path=//sys/class/net/lo/subsystem/lo/subsystem/eth0/power HTTP/1.1" 200 12746 "https://www.tempokontrol.co.za/?path=//sys/class/net/lo/subsystem/lo/subsystem/eth0/power" "Mozilla/5.0 AppleWebKit/537.36 (KHTML, like Gecko; compatible; GPTBot/1.4; +https://openai.com/gptbot)"
74.7.242.17 - - [31/Jul/2026:16:14:01 +0200] "GET /?fileloc=//lib64/libtss2-sys.so.1.0.0&path=//lib64 HTTP/1.1" 200 238888 "https://tempokontrol.co.za/?path=//lib64" "Mozilla/5.0 AppleWebKit/537.36 (KHTML, like Gecko; compatible; GPTBot/1.4; +https://openai.com/gptbot)"
40.77.167.47 - - [31/Jul/2026:16:13:58 +0200] "GET /shops/unessential/n3i1g8h1t0c3l0o1t1h3es HTTP/1.1" 200 813664 "-" "Mozilla/5.0 AppleWebKit/537.36 (KHTML, like Gecko; compatible; bingbot/2.0; +http://www.bing.com/bingbot.htm) Chrome/116.0.1938.76 Safari/537.36"
74.7.227.163 - - [31/Jul/2026:16:14:03 +0200] "GET /?fileloc=//sys/class/net/lo/subsystem/lo/subsystem/eth0/power/runtime_suspended_time&path=//sys/class/net/lo/subsystem/lo/subsystem/eth0/power HTTP/1.1" 200 12749 "https://www.tempokontrol.co.za/?path=//sys/class/net/lo/subsystem/lo/subsystem/eth0/power" "Mozilla/5.0 AppleWebKit/537.36 (KHTML, like Gecko; compatible; GPTBot/1.4; +https://openai.com/gptbot)"
74.7.242.17 - - [31/Jul/2026:16:14:04 +0200] "GET /favicon.ico?path=/home/tn/mail/.Archive HTTP/1.1" 200 22740 "https://tempokontrol.co.za/favicon.ico?path=/home/tn/mail" "Mozilla/5.0 AppleWebKit/537.36 (KHTML, like Gecko; compatible; GPTBot/1.4; +https://openai.com/gptbot)"
74.7.227.163 - - [31/Jul/2026:16:14:06 +0200] "GET /?fileloc=//sys/class/net/eth0/subsystem/lo/subsystem/lo/power/runtime_suspended_time&path=//sys/class/net/eth0/subsystem/lo/subsystem/lo/power HTTP/1.1" 200 12757 "https://www.tempokontrol.co.za/?path=//sys/class/net/eth0/subsystem/lo/subsystem/lo/power" "Mozilla/5.0 AppleWebKit/537.36 (KHTML, like Gecko; compatible; GPTBot/1.4; +https://openai.com/gptbot)"
74.7.242.17 - - [31/Jul/2026:16:14:08 +0200] "GET /?fileloc=//lib64/python3.9/weakref.py&path=//lib64/python3.9 HTTP/1.1" 200 34684 "https://tempokontrol.co.za/?path=//lib64/python3.9" "Mozilla/5.0 AppleWebKit/537.36 (KHTML, like Gecko; compatible; GPTBot/1.4; +https://openai.com/gptbot)"
74.7.227.163 - - [31/Jul/2026:16:14:09 +0200] "GET /?path=//sys/class/net/lo/queues/tx-0/byte_queue_limits HTTP/1.1" 200 20710 "https://www.tempokontrol.co.za/?path=//sys/class/net/lo/queues/tx-0" "Mozilla/5.0 AppleWebKit/537.36 (KHTML, like Gecko; compatible; GPTBot/1.4; +https://openai.com/gptbot)"
74.7.242.17 - - [31/Jul/2026:16:14:11 +0200] "GET /?fileloc=//lib64/gconv/INIS.so&path=//lib64/gconv HTTP/1.1" 200 36000 "https://tempokontrol.co.za/?path=//lib64/gconv" "Mozilla/5.0 AppleWebKit/537.36 (KHTML, like Gecko; compatible; GPTBot/1.4; +https://openai.com/gptbot)"
74.7.227.163 - - [31/Jul/2026:16:14:12 +0200] "GET /?path=//etc/systemd/system.control/ea-php84-php-fpm.service.d HTTP/1.1" 200 14467 "https://www.tempokontrol.co.za/?path=//etc/systemd/system.control" "Mozilla/5.0 AppleWebKit/537.36 (KHTML, like Gecko; compatible; GPTBot/1.4; +https://openai.com/gptbot)"
74.7.242.17 - - [31/Jul/2026:16:14:14 +0200] "GET /?fileloc=//lib64/gconv/SJIS.so&path=//lib64/gconv HTTP/1.1" 200 148188 "https://tempokontrol.co.za/?path=//lib64/gconv" "Mozilla/5.0 AppleWebKit/537.36 (KHTML, like Gecko; compatible; GPTBot/1.4; +https://openai.com/gptbot)"
74.7.227.163 - - [31/Jul/2026:16:14:15 +0200] "GET /?path=//etc/systemd/system.control/ea-php85-php-fpm.service.d HTTP/1.1" 200 14467 "https://www.tempokontrol.co.za/?path=//etc/systemd/system.control" "Mozilla/5.0 AppleWebKit/537.36 (KHTML, like Gecko; compatible; GPTBot/1.4; +https://openai.com/gptbot)"
74.7.242.17 - - [31/Jul/2026:16:14:17 +0200] "GET /favicon.ico?path=/home/tn/logs/roundcube HTTP/1.1" 200 14240 "https://tempokontrol.co.za/favicon.ico?path=/home/tn/logs" "Mozilla/5.0 AppleWebKit/537.36 (KHTML, like Gecko; compatible; GPTBot/1.4; +https://openai.com/gptbot)"
74.7.227.163 - - [31/Jul/2026:16:14:19 +0200] "GET /?path=//etc/systemd/system.control/ea-php82-php-fpm.service.d HTTP/1.1" 200 14467 "https://www.tempokontrol.co.za/?path=//etc/systemd/system.control" "Mozilla/5.0 AppleWebKit/537.36 (KHTML, like Gecko; compatible; GPTBot/1.4; +https://openai.com/gptbot)"
74.7.242.17 - - [31/Jul/2026:16:14:20 +0200] "GET /?fileloc=/home/tn/mail/maildirsize&path=/home/tn/mail HTTP/1.1" 200 12650 "https://tempokontrol.co.za/?path=/home/tn/mail" "Mozilla/5.0 AppleWebKit/537.36 (KHTML, like Gecko; compatible; GPTBot/1.4; +https://openai.com/gptbot)"
74.7.227.163 - - [31/Jul/2026:16:14:22 +0200] "GET /?path=//etc/systemd/system.control/ea-php83-php-fpm.service.d HTTP/1.1" 200 14467 "https://www.tempokontrol.co.za/?path=//etc/systemd/system.control" "Mozilla/5.0 AppleWebKit/537.36 (KHTML, like Gecko; compatible; GPTBot/1.4; +https://openai.com/gptbot)"
74.7.242.17 - - [31/Jul/2026:16:14:23 +0200] "GET /?fileloc=//scripts/rsync-user-homedir.pl&path=//scripts HTTP/1.1" 200 18843 "https://tempokontrol.co.za/?path=//scripts" "Mozilla/5.0 AppleWebKit/537.36 (KHTML, like Gecko; compatible; GPTBot/1.4; +https://openai.com/gptbot)"
74.7.227.163 - - [31/Jul/2026:16:14:25 +0200] "GET /?path=//etc/systemd/system.control/dovecot.service.d HTTP/1.1" 200 14417 "https://www.tempokontrol.co.za/?path=//etc/systemd/system.control" "Mozilla/5.0 AppleWebKit/537.36 (KHTML, like Gecko; compatible; GPTBot/1.4; +https://openai.com/gptbot)"
74.7.242.17 - - [31/Jul/2026:16:14:26 +0200] "GET /?fileloc=//lib64/libisccc-9.16.23-RH.so&path=//lib64 HTTP/1.1" 200 74144 "https://tempokontrol.co.za/?path=//lib64" "Mozilla/5.0 AppleWebKit/537.36 (KHTML, like Gecko; compatible; GPTBot/1.4; +https://openai.com/gptbot)"
74.7.227.163 - - [31/Jul/2026:16:14:28 +0200] "GET /?fileloc=//sys/power/wakeup_count&path=//sys/power HTTP/1.1" 200 12279 "https://www.tempokontrol.co.za/?path=//sys/power" "Mozilla/5.0 AppleWebKit/537.36 (KHTML, like Gecko; compatible; GPTBot/1.4; +https://openai.com/gptbot)"
74.7.242.17 - - [31/Jul/2026:16:14:29 +0200] "GET /?fileloc=//lib64/wireplumber-0.5/libwireplumber-module-standard-event-source.so&path=//lib64/wireplumber-0.5 HTTP/1.1" 200 54022 "https://tempokontrol.co.za/?path=//lib64/wireplumber-0.5" "Mozilla/5.0 AppleWebKit/537.36 (KHTML, like Gecko; compatible; GPTBot/1.4; +https://openai.com/gptbot)"
74.7.227.163 - - [31/Jul/2026:16:14:31 +0200] "GET /?fileloc=//sys/kernel/warn_count&path=//sys/kernel HTTP/1.1" 200 12280 "https://www.tempokontrol.co.za/?path=//sys/kernel" "Mozilla/5.0 AppleWebKit/537.36 (KHTML, like Gecko; compatible; GPTBot/1.4; +https://openai.com/gptbot)"
74.7.242.17 - - [31/Jul/2026:16:14:33 +0200] "GET /?fileloc=/home/tn/mail/dovecot-quota&path=/home/tn/mail HTTP/1.1" 200 12364 "https://tempokontrol.co.za/?path=/home/tn/mail" "Mozilla/5.0 AppleWebKit/537.36 (KHTML, like Gecko; compatible; GPTBot/1.4; +https://openai.com/gptbot)"
74.7.227.163 - - [31/Jul/2026:16:14:34 +0200] "GET /?fileloc=//etc/wwwacct.conf.cache&path=//etc HTTP/1.1" 200 12917 "https://www.tempokontrol.co.za/?path=//etc" "Mozilla/5.0 AppleWebKit/537.36 (KHTML, like Gecko; compatible; GPTBot/1.4; +https://openai.com/gptbot)"
74.7.227.163 - - [31/Jul/2026:16:14:37 +0200] "GET /?path=//etc/rsyslog.d HTTP/1.1" 200 14148 "https://www.tempokontrol.co.za/?path=//etc" "Mozilla/5.0 AppleWebKit/537.36 (KHTML, like Gecko; compatible; GPTBot/1.4; +https://openai.com/gptbot)"
74.7.242.17 - - [31/Jul/2026:16:14:36 +0200] "GET /?fileloc=//lib64/libtss2-fapi.so.1.0.0&path=//lib64 HTTP/1.1" 200 1323143 "https://tempokontrol.co.za/?path=//lib64" "Mozilla/5.0 AppleWebKit/537.36 (KHTML, like Gecko; compatible; GPTBot/1.4; +https://openai.com/gptbot)"
74.7.242.17 - - [31/Jul/2026:16:14:39 +0200] "GET /?fileloc=//lib64/libaprutil-1.so.0.6.1&path=//lib64 HTTP/1.1" 200 304034 "https://tempokontrol.co.za/?path=//lib64" "Mozilla/5.0 AppleWebKit/537.36 (KHTML, like Gecko; compatible; GPTBot/1.4; +https://openai.com/gptbot)"
74.7.227.163 - - [31/Jul/2026:16:14:40 +0200] "GET /?path=//sys/module/fb HTTP/1.1" 200 15479 "https://www.tempokontrol.co.za/?path=//sys/module" "Mozilla/5.0 AppleWebKit/537.36 (KHTML, like Gecko; compatible; GPTBot/1.4; +https://openai.com/gptbot)"
74.7.242.17 - - [31/Jul/2026:16:14:43 +0200] "GET /?fileloc=//lib64/libxcb-randr.so.0.1.0&path=//lib64 HTTP/1.1" 200 105605 "https://tempokontrol.co.za/?path=//lib64" "Mozilla/5.0 AppleWebKit/537.36 (KHTML, like Gecko; compatible; GPTBot/1.4; +https://openai.com/gptbot)"
74.7.227.163 - - [31/Jul/2026:16:14:44 +0200] "GET /?fileloc=//sys/class/net/lo/queues/tx-0/byte_queue_limits/hold_time&path=//sys/class/net/lo/queues/tx-0/byte_queue_limits HTTP/1.1" 200 12594 "https://www.tempokontrol.co.za/?path=//sys/class/net/lo/queues/tx-0/byte_queue_limits" "Mozilla/5.0 AppleWebKit/537.36 (KHTML, like Gecko; compatible; GPTBot/1.4; +https://openai.com/gptbot)"
74.7.242.17 - - [31/Jul/2026:16:14:46 +0200] "GET /?fileloc=//lib64/python3.9/__pycache__/base64.cpython-39.opt-2.pyc&path=//lib64/python3.9/__pycache__ HTTP/1.1" 200 24968 "https://tempokontrol.co.za/?path=//lib64/python3.9/__pycache__" "Mozilla/5.0 AppleWebKit/537.36 (KHTML, like Gecko; compatible; GPTBot/1.4; +https://openai.com/gptbot)"
74.7.227.163 - - [31/Jul/2026:16:14:47 +0200] "GET /?fileloc=//sys/class/net/lo/queues/tx-0/byte_queue_limits/limit_min&path=//sys/class/net/lo/queues/tx-0/byte_queue_limits HTTP/1.1" 200 12591 "https://www.tempokontrol.co.za/?path=//sys/class/net/lo/queues/tx-0/byte_queue_limits" "Mozilla/5.0 AppleWebKit/537.36 (KHTML, like Gecko; compatible; GPTBot/1.4; +https://openai.com/gptbot)"
74.7.242.17 - - [31/Jul/2026:16:14:49 +0200] "GET /?fileloc=//lib64/python3.9/__pycache__/base64.cpython-39.opt-1.pyc&path=//lib64/python3.9/__pycache__ HTTP/1.1" 200 30748 "https://tempokontrol.co.za/?path=//lib64/python3.9/__pycache__" "Mozilla/5.0 AppleWebKit/537.36 (KHTML, like Gecko; compatible; GPTBot/1.4; +https://openai.com/gptbot)"
74.7.227.163 - - [31/Jul/2026:16:14:50 +0200] "GET /?fileloc=//sys/class/net/lo/queues/tx-0/byte_queue_limits/limit&path=//sys/class/net/lo/queues/tx-0/byte_queue_limits HTTP/1.1" 200 12587 "https://www.tempokontrol.co.za/?path=//sys/class/net/lo/queues/tx-0/byte_queue_limits" "Mozilla/5.0 AppleWebKit/537.36 (KHTML, like Gecko; compatible; GPTBot/1.4; +https://openai.com/gptbot)"
74.7.227.163 - - [31/Jul/2026:16:14:53 +0200] "GET /?fileloc=//sys/class/net/lo/queues/tx-0/byte_queue_limits/limit_max&path=//sys/class/net/lo/queues/tx-0/byte_queue_limits HTTP/1.1" 200 12600 "https://www.tempokontrol.co.za/?path=//sys/class/net/lo/queues/tx-0/byte_queue_limits" "Mozilla/5.0 AppleWebKit/537.36 (KHTML, like Gecko; compatible; GPTBot/1.4; +https://openai.com/gptbot)"
74.7.242.17 - - [31/Jul/2026:16:14:52 +0200] "GET /?fileloc=//lib64/libOpenEXR-3_1.so.30&path=//lib64 HTTP/1.1" 200 5115760 "https://tempokontrol.co.za/?path=//lib64" "Mozilla/5.0 AppleWebKit/537.36 (KHTML, like Gecko; compatible; GPTBot/1.4; +https://openai.com/gptbot)"
74.7.242.17 - - [31/Jul/2026:16:14:55 +0200] "GET /?fileloc=//lib64/libtclenvmodules.so&path=//lib64 HTTP/1.1" 200 37578 "https://tempokontrol.co.za/?path=//lib64" "Mozilla/5.0 AppleWebKit/537.36 (KHTML, like Gecko; compatible; GPTBot/1.4; +https://openai.com/gptbot)"
74.7.227.163 - - [31/Jul/2026:16:14:56 +0200] "GET /?fileloc=//sys/class/net/lo/queues/tx-0/byte_queue_limits/inflight&path=//sys/class/net/lo/queues/tx-0/byte_queue_limits HTTP/1.1" 200 12590 "https://www.tempokontrol.co.za/?path=//sys/class/net/lo/queues/tx-0/byte_queue_limits" "Mozilla/5.0 AppleWebKit/537.36 (KHTML, like Gecko; compatible; GPTBot/1.4; +https://openai.com/gptbot)"
74.7.227.163 - - [31/Jul/2026:16:15:00 +0200] "GET /?fileloc=//sys/class/net/lo/subsystem/lo/subsystem/eth0/device/net/eth0/device/subsystem/drivers/hv_netvsc/module/drivers/vmbus:hv_netvsc/module/sections/.rodata&path=//sys/class/net/lo/subsystem/lo/subsystem/eth0/device/net/eth0/device/subsystem/drivers/hv_netvsc/module/drivers/vmbus:hv_netvsc/module/sections HTTP/1.1" 200 14222 "https://www.tempokontrol.co.za/?path=//sys/class/net/lo/subsystem/lo/subsystem/eth0/device/net/eth0/device/subsystem/drivers/hv_netvsc/module/drivers/vmbus:hv_netvsc/module/sections" "Mozilla/5.0 AppleWebKit/537.36 (KHTML, like Gecko; compatible; GPTBot/1.4; +https://openai.com/gptbot)"
74.7.242.17 - - [31/Jul/2026:16:14:58 +0200] "GET /?fileloc=//lib64/libprotobuf.so.25.0.0&path=//lib64 HTTP/1.1" 200 5333373 "https://tempokontrol.co.za/?path=//lib64" "Mozilla/5.0 AppleWebKit/537.36 (KHTML, like Gecko; compatible; GPTBot/1.4; +https://openai.com/gptbot)"
74.7.242.17 - - [31/Jul/2026:16:15:02 +0200] "GET /?fileloc=//lib64/libusb-1.0.so.0.6.0&path=//lib64 HTTP/1.1" 200 202687 "https://tempokontrol.co.za/?path=//lib64" "Mozilla/5.0 AppleWebKit/537.36 (KHTML, like Gecko; compatible; GPTBot/1.4; +https://openai.com/gptbot)"
74.7.227.163 - - [31/Jul/2026:16:15:03 +0200] "GET /?fileloc=//sys/class/net/lo/subsystem/lo/subsystem/eth0/device/net/eth0/device/subsystem/drivers/hv_utils/module/drivers/vmbus:hv_utils/module/sections/.init.data&path=//sys/class/net/lo/subsystem/lo/subsystem/eth0/device/net/eth0/device/subsystem/drivers/hv_utils/module/drivers/vmbus:hv_utils/module/sections HTTP/1.1" 200 14212 "https://www.tempokontrol.co.za/?path=//sys/class/net/lo/subsystem/lo/subsystem/eth0/device/net/eth0/device/subsystem/drivers/hv_utils/module/drivers/vmbus:hv_utils/module/sections" "Mozilla/5.0 AppleWebKit/537.36 (KHTML, like Gecko; compatible; GPTBot/1.4; +https://openai.com/gptbot)"
74.7.242.17 - - [31/Jul/2026:16:15:05 +0200] "GET /?fileloc=/home/tn/mail/.tristen@tempokontrol_co_za/.Junk/dovecot-uidlist&path=/home/tn/mail/.tristen@tempokontrol_co_za/.Junk HTTP/1.1" 200 12565 "https://tempokontrol.co.za/?path=/home/tn/mail/.tristen@tempokontrol_co_za/.Junk" "Mozilla/5.0 AppleWebKit/537.36 (KHTML, like Gecko; compatible; GPTBot/1.4; +https://openai.com/gptbot)"
74.7.227.163 - - [31/Jul/2026:16:15:06 +0200] "GET /?fileloc=//sys/class/net/lo/subsystem/lo/subsystem/eth0/device/net/eth0/device/subsystem/drivers/hv_netvsc/module/drivers/vmbus:hv_netvsc/module/sections/__param&path=//sys/class/net/lo/subsystem/lo/subsystem/eth0/device/net/eth0/device/subsystem/drivers/hv_netvsc/module/drivers/vmbus:hv_netvsc/module/sections HTTP/1.1" 200 14222 "https://www.tempokontrol.co.za/?path=//sys/class/net/lo/subsystem/lo/subsystem/eth0/device/net/eth0/device/subsystem/drivers/hv_netvsc/module/drivers/vmbus:hv_netvsc/module/sections" "Mozilla/5.0 AppleWebKit/537.36 (KHTML, like Gecko; compatible; GPTBot/1.4; +https://openai.com/gptbot)"
74.7.242.17 - - [31/Jul/2026:16:15:08 +0200] "GET /?fileloc=//lib64/cmake/libjpeg-turbo/libjpeg-turboTargets.cmake&path=//lib64/cmake/libjpeg-turbo HTTP/1.1" 200 16543 "https://tempokontrol.co.za/?path=//lib64/cmake/libjpeg-turbo" "Mozilla/5.0 AppleWebKit/537.36 (KHTML, like Gecko; compatible; GPTBot/1.4; +https://openai.com/gptbot)"
74.7.227.163 - - [31/Jul/2026:16:15:09 +0200] "GET /?fileloc=//sys/class/net/lo/subsystem/lo/subsystem/eth0/device/net/eth0/device/subsystem/drivers/hv_netvsc/module/drivers/vmbus:hv_netvsc/module/sections/.strtab&path=//sys/class/net/lo/subsystem/lo/subsystem/eth0/device/net/eth0/device/subsystem/drivers/hv_netvsc/module/drivers/vmbus:hv_netvsc/module/sections HTTP/1.1" 200 14222 "https://www.tempokontrol.co.za/?path=//sys/class/net/lo/subsystem/lo/subsystem/eth0/device/net/eth0/device/subsystem/drivers/hv_netvsc/module/drivers/vmbus:hv_netvsc/module/sections" "Mozilla/5.0 AppleWebKit/537.36 (KHTML, like Gecko; compatible; GPTBot/1.4; +https://openai.com/gptbot)"
74.7.242.17 - - [31/Jul/2026:16:15:11 +0200] "GET /?fileloc=//lib64/cmake/libjpeg-turbo/libjpeg-turboConfig.cmake&path=//lib64/cmake/libjpeg-turbo HTTP/1.1" 200 13833 "https://tempokontrol.co.za/?path=//lib64/cmake/libjpeg-turbo" "Mozilla/5.0 AppleWebKit/537.36 (KHTML, like Gecko; compatible; GPTBot/1.4; +https://openai.com/gptbot)"
74.7.227.163 - - [31/Jul/2026:16:15:12 +0200] "GET /?fileloc=//sys/class/net/lo/subsystem/lo/subsystem/eth0/device/net/eth0/device/subsystem/drivers/hv_utils/module/drivers/vmbus:hv_utils/module/sections/.init.text&path=//sys/class/net/lo/subsystem/lo/subsystem/eth0/device/net/eth0/device/subsystem/drivers/hv_utils/module/drivers/vmbus:hv_utils/module/sections HTTP/1.1" 200 14212 "https://www.tempokontrol.co.za/?path=//sys/class/net/lo/subsystem/lo/subsystem/eth0/device/net/eth0/device/subsystem/drivers/hv_utils/module/drivers/vmbus:hv_utils/module/sections" "Mozilla/5.0 AppleWebKit/537.36 (KHTML, like Gecko; compatible; GPTBot/1.4; +https://openai.com/gptbot)"
74.7.242.17 - - [31/Jul/2026:16:15:15 +0200] "GET /?fileloc=//lib64/python3.9/copy.py&path=//lib64/python3.9 HTTP/1.1" 200 21237 "https://tempokontrol.co.za/?path=//lib64/python3.9" "Mozilla/5.0 AppleWebKit/537.36 (KHTML, like Gecko; compatible; GPTBot/1.4; +https://openai.com/gptbot)"
74.7.227.163 - - [31/Jul/2026:16:15:15 +0200] "GET /?fileloc=//sys/class/net/lo/subsystem/lo/subsystem/eth0/device/net/eth0/device/subsystem/drivers/hv_utils/module/drivers/vmbus:hv_utils/module/sections/.data.once&path=//sys/class/net/lo/subsystem/lo/subsystem/eth0/device/net/eth0/device/subsystem/drivers/hv_utils/module/drivers/vmbus:hv_utils/module/sections HTTP/1.1" 200 14212 "https://www.tempokontrol.co.za/?path=//sys/class/net/lo/subsystem/lo/subsystem/eth0/device/net/eth0/device/subsystem/drivers/hv_utils/module/drivers/vmbus:hv_utils/module/sections" "Mozilla/5.0 AppleWebKit/537.36 (KHTML, like Gecko; compatible; GPTBot/1.4; +https://openai.com/gptbot)"
74.7.242.17 - - [31/Jul/2026:16:15:18 +0200] "GET /favicon.ico?path=/home/tn/public_html/images HTTP/1.1" 200 17132 "https://tempokontrol.co.za/favicon.ico" "Mozilla/5.0 AppleWebKit/537.36 (KHTML, like Gecko; compatible; GPTBot/1.4; +https://openai.com/gptbot)"
74.7.227.163 - - [31/Jul/2026:16:15:18 +0200] "GET /?fileloc=//sys/class/net/lo/subsystem/lo/subsystem/eth0/device/net/eth0/device/subsystem/drivers/hv_utils/module/drivers/vmbus:hv_utils/module/sections/__mcount_loc&path=//sys/class/net/lo/subsystem/lo/subsystem/eth0/device/net/eth0/device/subsystem/drivers/hv_utils/module/drivers/vmbus:hv_utils/module/sections HTTP/1.1" 200 14214 "https://www.tempokontrol.co.za/?path=//sys/class/net/lo/subsystem/lo/subsystem/eth0/device/net/eth0/device/subsystem/drivers/hv_utils/module/drivers/vmbus:hv_utils/module/sections" "Mozilla/5.0 AppleWebKit/537.36 (KHTML, like Gecko; compatible; GPTBot/1.4; +https://openai.com/gptbot)"
74.7.242.17 - - [31/Jul/2026:16:15:21 +0200] "GET /favicon.ico?path=/home/tn/public_html/cgi-bin HTTP/1.1" 200 15638 "https://tempokontrol.co.za/favicon.ico" "Mozilla/5.0 AppleWebKit/537.36 (KHTML, like Gecko; compatible; GPTBot/1.4; +https://openai.com/gptbot)"
74.7.227.163 - - [31/Jul/2026:16:15:21 +0200] "GET /?fileloc=//sys/class/net/lo/subsystem/lo/subsystem/eth0/device/net/eth0/device/subsystem/drivers/hv_netvsc/module/drivers/vmbus:hv_netvsc/module/sections/.bss&path=//sys/class/net/lo/subsystem/lo/subsystem/eth0/device/net/eth0/device/subsystem/drivers/hv_netvsc/module/drivers/vmbus:hv_netvsc/module/sections HTTP/1.1" 200 14219 "https://www.tempokontrol.co.za/?path=//sys/class/net/lo/subsystem/lo/subsystem/eth0/device/net/eth0/device/subsystem/drivers/hv_netvsc/module/drivers/vmbus:hv_netvsc/module/sections" "Mozilla/5.0 AppleWebKit/537.36 (KHTML, like Gecko; compatible; GPTBot/1.4; +https://openai.com/gptbot)"
74.7.242.17 - - [31/Jul/2026:16:15:24 +0200] "GET /favicon.ico?path=/home/tn/tmp/webalizer/ssl HTTP/1.1" 200 14229 "https://tempokontrol.co.za/favicon.ico?path=/home/tn/tmp/webalizer" "Mozilla/5.0 AppleWebKit/537.36 (KHTML, like Gecko; compatible; GPTBot/1.4; +https://openai.com/gptbot)"
74.7.227.163 - - [31/Jul/2026:16:15:24 +0200] "GET /?fileloc=//sys/class/net/lo/subsystem/lo/subsystem/eth0/device/net/eth0/device/subsystem/drivers/hv_utils/module/drivers/vmbus:hv_utils/module/sections/.call_sites&path=//sys/class/net/lo/subsystem/lo/subsystem/eth0/device/net/eth0/device/subsystem/drivers/hv_utils/module/drivers/vmbus:hv_utils/module/sections HTTP/1.1" 200 14213 "https://www.tempokontrol.co.za/?path=//sys/class/net/lo/subsystem/lo/subsystem/eth0/device/net/eth0/device/subsystem/drivers/hv_utils/module/drivers/vmbus:hv_utils/module/sections" "Mozilla/5.0 AppleWebKit/537.36 (KHTML, like Gecko; compatible; GPTBot/1.4; +https://openai.com/gptbot)"
74.7.242.17 - - [31/Jul/2026:16:15:27 +0200] "GET /?fileloc=//lib64/python3.9/__phello__.foo.py&path=//lib64/python3.9 HTTP/1.1" 200 12366 "https://tempokontrol.co.za/?path=//lib64/python3.9" "Mozilla/5.0 AppleWebKit/537.36 (KHTML, like Gecko; compatible; GPTBot/1.4; +https://openai.com/gptbot)"
74.7.227.163 - - [31/Jul/2026:16:15:28 +0200] "GET /?fileloc=//sys/class/net/lo/subsystem/lo/subsystem/eth0/device/net/eth0/device/subsystem/drivers/hv_utils/module/drivers/vmbus:hv_utils/module/sections/.orc_unwind_ip&path=//sys/class/net/lo/subsystem/lo/subsystem/eth0/device/net/eth0/device/subsystem/drivers/hv_utils/module/drivers/vmbus:hv_utils/module/sections HTTP/1.1" 200 14216 "https://www.tempokontrol.co.za/?path=//sys/class/net/lo/subsystem/lo/subsystem/eth0/device/net/eth0/device/subsystem/drivers/hv_utils/module/drivers/vmbus:hv_utils/module/sections" "Mozilla/5.0 AppleWebKit/537.36 (KHTML, like Gecko; compatible; GPTBot/1.4; +https://openai.com/gptbot)"
74.7.242.17 - - [31/Jul/2026:16:15:31 +0200] "GET /?fileloc=//lib64/gettext/user-email&path=//lib64/gettext HTTP/1.1" 200 29586 "https://tempokontrol.co.za/?path=//lib64/gettext" "Mozilla/5.0 AppleWebKit/537.36 (KHTML, like Gecko; compatible; GPTBot/1.4; +https://openai.com/gptbot)"
74.7.227.163 - - [31/Jul/2026:16:15:31 +0200] "GET /?fileloc=//sys/class/net/lo/subsystem/lo/subsystem/eth0/device/net/eth0/device/subsystem/drivers/hv_utils/module/drivers/vmbus:hv_utils/module/sections/.static_call_sites&path=//sys/class/net/lo/subsystem/lo/subsystem/eth0/device/net/eth0/device/subsystem/drivers/hv_utils/module/drivers/vmbus:hv_utils/module/sections HTTP/1.1" 200 14220 "https://www.tempokontrol.co.za/?path=//sys/class/net/lo/subsystem/lo/subsystem/eth0/device/net/eth0/device/subsystem/drivers/hv_utils/module/drivers/vmbus:hv_utils/module/sections" "Mozilla/5.0 AppleWebKit/537.36 (KHTML, like Gecko; compatible; GPTBot/1.4; +https://openai.com/gptbot)"
74.7.227.163 - - [31/Jul/2026:16:15:34 +0200] "GET /?fileloc=//sys/class/net/lo/subsystem/lo/subsystem/eth0/device/net/eth0/device/subsystem/drivers/hv_netvsc/module/drivers/vmbus:hv_netvsc/module/initsize&path=//sys/class/net/lo/subsystem/lo/subsystem/eth0/device/net/eth0/device/subsystem/drivers/hv_netvsc/module/drivers/vmbus:hv_netvsc/module HTTP/1.1" 200 14042 "https://www.tempokontrol.co.za/?path=//sys/class/net/lo/subsystem/lo/subsystem/eth0/device/net/eth0/device/subsystem/drivers/hv_netvsc/module/drivers/vmbus:hv_netvsc/module" "Mozilla/5.0 AppleWebKit/537.36 (KHTML, like Gecko; compatible; GPTBot/1.4; +https://openai.com/gptbot)"
74.7.242.17 - - [31/Jul/2026:16:15:34 +0200] "GET /?fileloc=//lib64/libgpgme.so.11.24.1&path=//lib64 HTTP/1.1" 200 562686 "https://tempokontrol.co.za/?path=//lib64" "Mozilla/5.0 AppleWebKit/537.36 (KHTML, like Gecko; compatible; GPTBot/1.4; +https://openai.com/gptbot)"
74.7.227.163 - - [31/Jul/2026:16:15:37 +0200] "GET /?fileloc=//sys/class/net/lo/subsystem/lo/subsystem/eth0/device/net/eth0/device/subsystem/drivers/hv_netvsc/module/drivers/vmbus:hv_netvsc/module/sections/.exit.text&path=//sys/class/net/lo/subsystem/lo/subsystem/eth0/device/net/eth0/device/subsystem/drivers/hv_netvsc/module/drivers/vmbus:hv_netvsc/module/sections HTTP/1.1" 200 14225 "https://www.tempokontrol.co.za/?path=//sys/class/net/lo/subsystem/lo/subsystem/eth0/device/net/eth0/device/subsystem/drivers/hv_netvsc/module/drivers/vmbus:hv_netvsc/module/sections" "Mozilla/5.0 AppleWebKit/537.36 (KHTML, like Gecko; compatible; GPTBot/1.4; +https://openai.com/gptbot)"
74.7.242.17 - - [31/Jul/2026:16:15:37 +0200] "GET /?fileloc=//lib64/libmana.so.1.0.61.0&path=//lib64 HTTP/1.1" 200 78786 "https://tempokontrol.co.za/?path=//lib64" "Mozilla/5.0 AppleWebKit/537.36 (KHTML, like Gecko; compatible; GPTBot/1.4; +https://openai.com/gptbot)"
74.7.242.17 - - [31/Jul/2026:16:15:40 +0200] "GET /?fileloc=//lib64/libnl-xfrm-3.so.200&path=//lib64 HTTP/1.1" 200 151437 "https://tempokontrol.co.za/?path=//lib64" "Mozilla/5.0 AppleWebKit/537.36 (KHTML, like Gecko; compatible; GPTBot/1.4; +https://openai.com/gptbot)"
74.7.227.163 - - [31/Jul/2026:16:15:40 +0200] "GET /?fileloc=//sys/class/net/lo/subsystem/lo/subsystem/eth0/device/net/eth0/device/subsystem/drivers/hv_utils/module/drivers/vmbus:hv_utils/module/sections/.data&path=//sys/class/net/lo/subsystem/lo/subsystem/eth0/device/net/eth0/device/subsystem/drivers/hv_utils/module/drivers/vmbus:hv_utils/module/sections HTTP/1.1" 200 14207 "https://www.tempokontrol.co.za/?path=//sys/class/net/lo/subsystem/lo/subsystem/eth0/device/net/eth0/device/subsystem/drivers/hv_utils/module/drivers/vmbus:hv_utils/module/sections" "Mozilla/5.0 AppleWebKit/537.36 (KHTML, like Gecko; compatible; GPTBot/1.4; +https://openai.com/gptbot)"
74.7.227.163 - - [31/Jul/2026:16:15:43 +0200] "GET /?fileloc=//sys/class/net/lo/subsystem/lo/subsystem/eth0/device/net/eth0/device/subsystem/drivers/hv_utils/module/drivers/vmbus:hv_utils/module/sections/.printk_index&path=//sys/class/net/lo/subsystem/lo/subsystem/eth0/device/net/eth0/device/subsystem/drivers/hv_utils/module/drivers/vmbus:hv_utils/module/sections HTTP/1.1" 200 14215 "https://www.tempokontrol.co.za/?path=//sys/class/net/lo/subsystem/lo/subsystem/eth0/device/net/eth0/device/subsystem/drivers/hv_utils/module/drivers/vmbus:hv_utils/module/sections" "Mozilla/5.0 AppleWebKit/537.36 (KHTML, like Gecko; compatible; GPTBot/1.4; +https://openai.com/gptbot)"
74.7.242.17 - - [31/Jul/2026:16:15:43 +0200] "GET /?fileloc=//lib64/python3.9/glob.py&path=//lib64/python3.9 HTTP/1.1" 200 18460 "https://tempokontrol.co.za/?path=//lib64/python3.9" "Mozilla/5.0 AppleWebKit/537.36 (KHTML, like Gecko; compatible; GPTBot/1.4; +https://openai.com/gptbot)"
74.7.242.17 - - [31/Jul/2026:16:15:46 +0200] "GET /?fileloc=//lib64/python3.9/aifc.py&path=//lib64/python3.9 HTTP/1.1" 200 46840 "https://tempokontrol.co.za/?path=//lib64/python3.9" "Mozilla/5.0 AppleWebKit/537.36 (KHTML, like Gecko; compatible; GPTBot/1.4; +https://openai.com/gptbot)"
74.7.227.163 - - [31/Jul/2026:16:15:46 +0200] "GET /?fileloc=//sys/class/net/lo/subsystem/lo/subsystem/eth0/device/net/eth0/device/subsystem/drivers/hv_utils/module/drivers/vmbus:hv_utils/module/sections/__jump_table&path=//sys/class/net/lo/subsystem/lo/subsystem/eth0/device/net/eth0/device/subsystem/drivers/hv_utils/module/drivers/vmbus:hv_utils/module/sections HTTP/1.1" 200 14214 "https://www.tempokontrol.co.za/?path=//sys/class/net/lo/subsystem/lo/subsystem/eth0/device/net/eth0/device/subsystem/drivers/hv_utils/module/drivers/vmbus:hv_utils/module/sections" "Mozilla/5.0 AppleWebKit/537.36 (KHTML, like Gecko; compatible; GPTBot/1.4; +https://openai.com/gptbot)"
74.7.227.163 - - [31/Jul/2026:16:15:49 +0200] "GET /?fileloc=//sys/class/net/lo/subsystem/lo/subsystem/eth0/device/net/eth0/device/subsystem/drivers/hv_netvsc/module/drivers/vmbus:hv_netvsc/module/initstate&path=//sys/class/net/lo/subsystem/lo/subsystem/eth0/device/net/eth0/device/subsystem/drivers/hv_netvsc/module/drivers/vmbus:hv_netvsc/module HTTP/1.1" 200 14046 "https://www.tempokontrol.co.za/?path=//sys/class/net/lo/subsystem/lo/subsystem/eth0/device/net/eth0/device/subsystem/drivers/hv_netvsc/module/drivers/vmbus:hv_netvsc/module" "Mozilla/5.0 AppleWebKit/537.36 (KHTML, like Gecko; compatible; GPTBot/1.4; +https://openai.com/gptbot)"
74.7.242.17 - - [31/Jul/2026:16:15:50 +0200] "GET /?fileloc=//lib64/python3.9/stat.py&path=//lib64/python3.9 HTTP/1.1" 200 18489 "https://tempokontrol.co.za/?path=//lib64/python3.9" "Mozilla/5.0 AppleWebKit/537.36 (KHTML, like Gecko; compatible; GPTBot/1.4; +https://openai.com/gptbot)"
74.7.242.17 - - [31/Jul/2026:16:15:53 +0200] "GET /favicon.ico?path=/home/tn/.caldav/tristen@tempokontrol.co.za HTTP/1.1" 200 17215 "https://tempokontrol.co.za/favicon.ico?path=/home/tn/.caldav" "Mozilla/5.0 AppleWebKit/537.36 (KHTML, like Gecko; compatible; GPTBot/1.4; +https://openai.com/gptbot)"
74.7.227.163 - - [31/Jul/2026:16:15:53 +0200] "GET /?fileloc=//sys/class/net/lo/subsystem/lo/subsystem/eth0/device/net/eth0/device/subsystem/drivers/hv_netvsc/module/drivers/vmbus:hv_netvsc/module/sections/.return_sites&path=//sys/class/net/lo/subsystem/lo/subsystem/eth0/device/net/eth0/device/subsystem/drivers/hv_netvsc/module/drivers/vmbus:hv_netvsc/module/sections HTTP/1.1" 200 14228 "https://www.tempokontrol.co.za/?path=//sys/class/net/lo/subsystem/lo/subsystem/eth0/device/net/eth0/device/subsystem/drivers/hv_netvsc/module/drivers/vmbus:hv_netvsc/module/sections" "Mozilla/5.0 AppleWebKit/537.36 (KHTML, like Gecko; compatible; GPTBot/1.4; +https://openai.com/gptbot)"
74.7.227.163 - - [31/Jul/2026:16:15:56 +0200] "GET /?fileloc=//sys/class/net/lo/subsystem/lo/subsystem/eth0/device/net/eth0/device/subsystem/drivers/hv_netvsc/module/drivers/vmbus:hv_netvsc/module/sections/__bug_table&path=//sys/class/net/lo/subsystem/lo/subsystem/eth0/device/net/eth0/device/subsystem/drivers/hv_netvsc/module/drivers/vmbus:hv_netvsc/module/sections HTTP/1.1" 200 14226 "https://www.tempokontrol.co.za/?path=//sys/class/net/lo/subsystem/lo/subsystem/eth0/device/net/eth0/device/subsystem/drivers/hv_netvsc/module/drivers/vmbus:hv_netvsc/module/sections" "Mozilla/5.0 AppleWebKit/537.36 (KHTML, like Gecko; compatible; GPTBot/1.4; +https://openai.com/gptbot)"
74.7.242.17 - - [31/Jul/2026:16:15:56 +0200] "GET /?fileloc=//lib64/gconv/GB18030.so&path=//lib64/gconv HTTP/1.1" 200 335847 "https://tempokontrol.co.za/?path=//lib64/gconv" "Mozilla/5.0 AppleWebKit/537.36 (KHTML, like Gecko; compatible; GPTBot/1.4; +https://openai.com/gptbot)"
74.7.242.17 - - [31/Jul/2026:16:15:59 +0200] "GET /favicon.ico?path=/home/tn/tmp/webalizer/ssl/tempokontrol.co.za HTTP/1.1" 200 78391 "https://tempokontrol.co.za/favicon.ico?path=/home/tn/tmp/webalizer/ssl" "Mozilla/5.0 AppleWebKit/537.36 (KHTML, like Gecko; compatible; GPTBot/1.4; +https://openai.com/gptbot)"
74.7.227.163 - - [31/Jul/2026:16:15:59 +0200] "GET /?fileloc=//sys/class/net/lo/subsystem/lo/subsystem/eth0/device/net/eth0/device/subsystem/drivers/hv_netvsc/module/drivers/vmbus:hv_netvsc/module/sections/.init.text&path=//sys/class/net/lo/subsystem/lo/subsystem/eth0/device/net/eth0/device/subsystem/drivers/hv_netvsc/module/drivers/vmbus:hv_netvsc/module/sections HTTP/1.1" 200 14225 "https://www.tempokontrol.co.za/?path=//sys/class/net/lo/subsystem/lo/subsystem/eth0/device/net/eth0/device/subsystem/drivers/hv_netvsc/module/drivers/vmbus:hv_netvsc/module/sections" "Mozilla/5.0 AppleWebKit/537.36 (KHTML, like Gecko; compatible; GPTBot/1.4; +https://openai.com/gptbot)"
74.7.227.163 - - [31/Jul/2026:16:16:02 +0200] "GET /?fileloc=//sys/class/net/lo/subsystem/lo/subsystem/eth0/device/net/eth0/device/subsystem/drivers/hv_netvsc/module/drivers/vmbus:hv_netvsc/module/sections/__mcount_loc&path=//sys/class/net/lo/subsystem/lo/subsystem/eth0/device/net/eth0/device/subsystem/drivers/hv_netvsc/module/drivers/vmbus:hv_netvsc/module/sections HTTP/1.1" 200 14227 "https://www.tempokontrol.co.za/?path=//sys/class/net/lo/subsystem/lo/subsystem/eth0/device/net/eth0/device/subsystem/drivers/hv_netvsc/module/drivers/vmbus:hv_netvsc/module/sections" "Mozilla/5.0 AppleWebKit/537.36 (KHTML, like Gecko; compatible; GPTBot/1.4; +https://openai.com/gptbot)"
74.7.242.17 - - [31/Jul/2026:16:16:02 +0200] "GET /?fileloc=//lib64/perl5/asm-generic/ioctl.ph&path=//lib64/perl5/asm-generic HTTP/1.1" 200 17237 "https://tempokontrol.co.za/?path=//lib64/perl5/asm-generic" "Mozilla/5.0 AppleWebKit/537.36 (KHTML, like Gecko; compatible; GPTBot/1.4; +https://openai.com/gptbot)"
