74.7.227.163 - - [31/Jul/2026:17:00:53 +0200] "GET /?path=//sys/class/net/eth0/subsystem/eth0/subsystem/eth0/device/net/eth0/subsystem/lo/subsystem/eth0/device/subsystem/drivers/hyperv_drm/module/sections HTTP/1.1" 200 59959 "https://www.tempokontrol.co.za/?path=//sys/class/net/eth0/subsystem/eth0/subsystem/eth0/device/net/eth0/subsystem/lo/subsystem/eth0/device/subsystem/drivers/hyperv_drm/module" "Mozilla/5.0 AppleWebKit/537.36 (KHTML, like Gecko; compatible; GPTBot/1.4; +https://openai.com/gptbot)"
74.7.242.17 - - [31/Jul/2026:17:00:54 +0200] "GET /?fileloc=//lib64/python3.9/__pycache__/graphlib.cpython-39.opt-1.pyc&path=//lib64/python3.9/__pycache__ HTTP/1.1" 200 20527 "https://tempokontrol.co.za/?path=//lib64/python3.9/__pycache__" "Mozilla/5.0 AppleWebKit/537.36 (KHTML, like Gecko; compatible; GPTBot/1.4; +https://openai.com/gptbot)"
74.7.227.163 - - [31/Jul/2026:17:00:56 +0200] "GET /?path=//sys/class/net/eth0/subsystem/eth0/subsystem/eth0/device/net/eth0/subsystem/lo/subsystem/eth0/device/subsystem/drivers/hid_hyperv/module/notes HTTP/1.1" 200 18591 "https://www.tempokontrol.co.za/?path=//sys/class/net/eth0/subsystem/eth0/subsystem/eth0/device/net/eth0/subsystem/lo/subsystem/eth0/device/subsystem/drivers/hid_hyperv/module" "Mozilla/5.0 AppleWebKit/537.36 (KHTML, like Gecko; compatible; GPTBot/1.4; +https://openai.com/gptbot)"
74.7.242.17 - - [31/Jul/2026:17:00:57 +0200] "GET /?fileloc=//lib64/python3.9/__pycache__/_compat_pickle.cpython-39.opt-1.pyc&path=//lib64/python3.9/__pycache__ HTTP/1.1" 200 18548 "https://tempokontrol.co.za/?path=//lib64/python3.9/__pycache__" "Mozilla/5.0 AppleWebKit/537.36 (KHTML, like Gecko; compatible; GPTBot/1.4; +https://openai.com/gptbot)"
74.7.227.163 - - [31/Jul/2026:17:00:59 +0200] "GET /?path=//sys/class/net/eth0/subsystem/eth0/subsystem/eth0/device/net/eth0/subsystem/lo/subsystem/eth0/device/subsystem/drivers/hid_hyperv/module/sections HTTP/1.1" 200 58025 "https://www.tempokontrol.co.za/?path=//sys/class/net/eth0/subsystem/eth0/subsystem/eth0/device/net/eth0/subsystem/lo/subsystem/eth0/device/subsystem/drivers/hid_hyperv/module" "Mozilla/5.0 AppleWebKit/537.36 (KHTML, like Gecko; compatible; GPTBot/1.4; +https://openai.com/gptbot)"
74.7.242.17 - - [31/Jul/2026:17:01:00 +0200] "GET /?fileloc=//lib64/python3.9/__pycache__/plistlib.cpython-39.opt-1.pyc&path=//lib64/python3.9/__pycache__ HTTP/1.1" 200 39613 "https://tempokontrol.co.za/?path=//lib64/python3.9/__pycache__" "Mozilla/5.0 AppleWebKit/537.36 (KHTML, like Gecko; compatible; GPTBot/1.4; +https://openai.com/gptbot)"
74.7.227.163 - - [31/Jul/2026:17:01:02 +0200] "GET /?path=//sys/class/net/eth0/subsystem/eth0/subsystem/eth0/device/net/eth0/subsystem/lo/subsystem/eth0/device/subsystem/drivers/hyperv_keyboard/module/sections HTTP/1.1" 200 56499 "https://www.tempokontrol.co.za/?path=//sys/class/net/eth0/subsystem/eth0/subsystem/eth0/device/net/eth0/subsystem/lo/subsystem/eth0/device/subsystem/drivers/hyperv_keyboard/module" "Mozilla/5.0 AppleWebKit/537.36 (KHTML, like Gecko; compatible; GPTBot/1.4; +https://openai.com/gptbot)"
74.7.242.17 - - [31/Jul/2026:17:01:04 +0200] "GET /?fileloc=//lib64/python3.9/__pycache__/imaplib.cpython-39.opt-1.pyc&path=//lib64/python3.9/__pycache__ HTTP/1.1" 200 58571 "https://tempokontrol.co.za/?path=//lib64/python3.9/__pycache__" "Mozilla/5.0 AppleWebKit/537.36 (KHTML, like Gecko; compatible; GPTBot/1.4; +https://openai.com/gptbot)"
74.7.227.163 - - [31/Jul/2026:17:01:06 +0200] "GET /?path=//sys/class/net/eth0/subsystem/eth0/subsystem/eth0/device/net/eth0/subsystem/lo/subsystem/eth0/device/subsystem/drivers/hyperv_drm/module/holders HTTP/1.1" 200 14675 "https://www.tempokontrol.co.za/?path=//sys/class/net/eth0/subsystem/eth0/subsystem/eth0/device/net/eth0/subsystem/lo/subsystem/eth0/device/subsystem/drivers/hyperv_drm/module" "Mozilla/5.0 AppleWebKit/537.36 (KHTML, like Gecko; compatible; GPTBot/1.4; +https://openai.com/gptbot)"
74.7.242.17 - - [31/Jul/2026:17:01:07 +0200] "GET /?fileloc=//lib64/python3.9/__pycache__/signal.cpython-39.opt-1.pyc&path=//lib64/python3.9/__pycache__ HTTP/1.1" 200 15789 "https://tempokontrol.co.za/?path=//lib64/python3.9/__pycache__" "Mozilla/5.0 AppleWebKit/537.36 (KHTML, like Gecko; compatible; GPTBot/1.4; +https://openai.com/gptbot)"
74.7.227.163 - - [31/Jul/2026:17:01:09 +0200] "GET /?path=//sys/class/net/eth0/subsystem/eth0/subsystem/eth0/device/net/eth0/subsystem/lo/subsystem/eth0/device/subsystem/drivers/hid_hyperv/module/holders HTTP/1.1" 200 14675 "https://www.tempokontrol.co.za/?path=//sys/class/net/eth0/subsystem/eth0/subsystem/eth0/device/net/eth0/subsystem/lo/subsystem/eth0/device/subsystem/drivers/hid_hyperv/module" "Mozilla/5.0 AppleWebKit/537.36 (KHTML, like Gecko; compatible; GPTBot/1.4; +https://openai.com/gptbot)"
216.73.217.106 - - [31/Jul/2026:17:01:10 +0200] "GET /sitemap.xml?fileloc=%2Fhome%2Ftn%2Fwww%2Flicense.txt&path=%2Fhome%2Ftn%2Fwww HTTP/1.1" 200 32391 "-" "Mozilla/5.0 AppleWebKit/537.36 (KHTML, like Gecko; compatible; ClaudeBot/1.0; +claudebot@anthropic.com)"
74.7.242.17 - - [31/Jul/2026:17:01:10 +0200] "GET /?fileloc=//lib64/python3.9/__pycache__/asyncore.cpython-39.opt-1.pyc&path=//lib64/python3.9/__pycache__ HTTP/1.1" 200 30140 "https://tempokontrol.co.za/?path=//lib64/python3.9/__pycache__" "Mozilla/5.0 AppleWebKit/537.36 (KHTML, like Gecko; compatible; GPTBot/1.4; +https://openai.com/gptbot)"
74.7.227.163 - - [31/Jul/2026:17:01:12 +0200] "GET /?path=//sys/class/net/eth0/subsystem/eth0/subsystem/eth0/device/net/eth0/subsystem/lo/subsystem/eth0/device/subsystem/drivers/hv_balloon/module/parameters HTTP/1.1" 200 18629 "https://www.tempokontrol.co.za/?path=//sys/class/net/eth0/subsystem/eth0/subsystem/eth0/device/net/eth0/subsystem/lo/subsystem/eth0/device/subsystem/drivers/hv_balloon/module" "Mozilla/5.0 AppleWebKit/537.36 (KHTML, like Gecko; compatible; GPTBot/1.4; +https://openai.com/gptbot)"
74.7.242.17 - - [31/Jul/2026:17:01:13 +0200] "GET /?fileloc=//lib64/python3.9/__pycache__/datetime.cpython-39.opt-2.pyc&path=//lib64/python3.9/__pycache__ HTTP/1.1" 200 67069 "https://tempokontrol.co.za/?path=//lib64/python3.9/__pycache__" "Mozilla/5.0 AppleWebKit/537.36 (KHTML, like Gecko; compatible; GPTBot/1.4; +https://openai.com/gptbot)"
74.7.227.163 - - [31/Jul/2026:17:01:15 +0200] "GET /?path=//sys/class/net/eth0/subsystem/eth0/subsystem/eth0/device/net/eth0/subsystem/lo/subsystem/eth0/device/subsystem/drivers/hid_hyperv/module/drivers HTTP/1.1" 200 18171 "https://www.tempokontrol.co.za/?path=//sys/class/net/eth0/subsystem/eth0/subsystem/eth0/device/net/eth0/subsystem/lo/subsystem/eth0/device/subsystem/drivers/hid_hyperv/module" "Mozilla/5.0 AppleWebKit/537.36 (KHTML, like Gecko; compatible; GPTBot/1.4; +https://openai.com/gptbot)"
74.7.242.17 - - [31/Jul/2026:17:01:16 +0200] "GET /?fileloc=//lib64/python3.9/__pycache__/symtable.cpython-39.opt-1.pyc&path=//lib64/python3.9/__pycache__ HTTP/1.1" 200 24638 "https://tempokontrol.co.za/?path=//lib64/python3.9/__pycache__" "Mozilla/5.0 AppleWebKit/537.36 (KHTML, like Gecko; compatible; GPTBot/1.4; +https://openai.com/gptbot)"
74.7.227.163 - - [31/Jul/2026:17:01:18 +0200] "GET /?path=//sys/class/net/eth0/subsystem/eth0/subsystem/eth0/device/net/eth0/subsystem/lo/subsystem/eth0/device/subsystem/drivers/hv_balloon/module/drivers HTTP/1.1" 200 16427 "https://www.tempokontrol.co.za/?path=//sys/class/net/eth0/subsystem/eth0/subsystem/eth0/device/net/eth0/subsystem/lo/subsystem/eth0/device/subsystem/drivers/hv_balloon/module" "Mozilla/5.0 AppleWebKit/537.36 (KHTML, like Gecko; compatible; GPTBot/1.4; +https://openai.com/gptbot)"
74.7.242.17 - - [31/Jul/2026:17:01:19 +0200] "GET /?fileloc=//lib64/python3.9/__pycache__/traceback.cpython-39.opt-2.pyc&path=//lib64/python3.9/__pycache__ HTTP/1.1" 200 25261 "https://tempokontrol.co.za/?path=//lib64/python3.9/__pycache__" "Mozilla/5.0 AppleWebKit/537.36 (KHTML, like Gecko; compatible; GPTBot/1.4; +https://openai.com/gptbot)"
74.7.227.163 - - [31/Jul/2026:17:01:21 +0200] "GET /?path=//sys/class/net/eth0/subsystem/eth0/subsystem/eth0/device/net/eth0/subsystem/lo/subsystem/eth0/device/subsystem/drivers/hyperv_drm/module/drivers HTTP/1.1" 200 18171 "https://www.tempokontrol.co.za/?path=//sys/class/net/eth0/subsystem/eth0/subsystem/eth0/device/net/eth0/subsystem/lo/subsystem/eth0/device/subsystem/drivers/hyperv_drm/module" "Mozilla/5.0 AppleWebKit/537.36 (KHTML, like Gecko; compatible; GPTBot/1.4; +https://openai.com/gptbot)"
74.7.242.17 - - [31/Jul/2026:17:01:23 +0200] "GET /?fileloc=//lib64/python3.9/__pycache__/reprlib.cpython-39.opt-1.pyc&path=//lib64/python3.9/__pycache__ HTTP/1.1" 200 18336 "https://tempokontrol.co.za/?path=//lib64/python3.9/__pycache__" "Mozilla/5.0 AppleWebKit/537.36 (KHTML, like Gecko; compatible; GPTBot/1.4; +https://openai.com/gptbot)"
216.73.217.106 - - [31/Jul/2026:17:01:24 +0200] "GET /sitemap.xml?path=%2F%2Fproc%2F675910 HTTP/1.1" 200 12687 "-" "Mozilla/5.0 AppleWebKit/537.36 (KHTML, like Gecko; compatible; ClaudeBot/1.0; +claudebot@anthropic.com)"
74.7.227.163 - - [31/Jul/2026:17:01:25 +0200] "GET /?path=//sys/class/net/eth0/subsystem/eth0/subsystem/eth0/device/net/eth0/subsystem/lo/subsystem/eth0/device/subsystem/drivers/hv_balloon/module/holders HTTP/1.1" 200 14675 "https://www.tempokontrol.co.za/?path=//sys/class/net/eth0/subsystem/eth0/subsystem/eth0/device/net/eth0/subsystem/lo/subsystem/eth0/device/subsystem/drivers/hv_balloon/module" "Mozilla/5.0 AppleWebKit/537.36 (KHTML, like Gecko; compatible; GPTBot/1.4; +https://openai.com/gptbot)"
74.7.242.17 - - [31/Jul/2026:17:01:26 +0200] "GET /?fileloc=//lib64/python3.9/__pycache__/functools.cpython-39.opt-2.pyc&path=//lib64/python3.9/__pycache__ HTTP/1.1" 200 38711 "https://tempokontrol.co.za/?path=//lib64/python3.9/__pycache__" "Mozilla/5.0 AppleWebKit/537.36 (KHTML, like Gecko; compatible; GPTBot/1.4; +https://openai.com/gptbot)"
216.73.217.106 - - [31/Jul/2026:17:01:26 +0200] "GET /sitemap.xml?path=%2F%2Fproc%2F90%2Ffd HTTP/1.1" 200 12715 "-" "Mozilla/5.0 AppleWebKit/537.36 (KHTML, like Gecko; compatible; ClaudeBot/1.0; +claudebot@anthropic.com)"
74.7.227.163 - - [31/Jul/2026:17:01:28 +0200] "GET /?path=//sys/class/net/eth0/subsystem/eth0/subsystem/eth0/device/net/eth0/subsystem/lo/subsystem/eth0/device/driver/module/drivers/vmbus:hv_netvsc/module/sections HTTP/1.1" 200 95222 "https://www.tempokontrol.co.za/?path=//sys/class/net/eth0/subsystem/eth0/subsystem/eth0/device/net/eth0/subsystem/lo/subsystem/eth0/device/driver/module/drivers/vmbus:hv_netvsc/module" "Mozilla/5.0 AppleWebKit/537.36 (KHTML, like Gecko; compatible; GPTBot/1.4; +https://openai.com/gptbot)"
74.7.242.17 - - [31/Jul/2026:17:01:29 +0200] "GET /?fileloc=//lib64/python3.9/__pycache__/random.cpython-39.opt-2.pyc&path=//lib64/python3.9/__pycache__ HTTP/1.1" 200 29058 "https://tempokontrol.co.za/?path=//lib64/python3.9/__pycache__" "Mozilla/5.0 AppleWebKit/537.36 (KHTML, like Gecko; compatible; GPTBot/1.4; +https://openai.com/gptbot)"
216.73.217.106 - - [31/Jul/2026:17:01:29 +0200] "GET /sitemap.xml?path=%2F%2Flib%2Fbinfmt.d HTTP/1.1" 200 12688 "-" "Mozilla/5.0 AppleWebKit/537.36 (KHTML, like Gecko; compatible; ClaudeBot/1.0; +claudebot@anthropic.com)"
74.7.227.163 - - [31/Jul/2026:17:01:31 +0200] "GET /?path=//sys/class/net/eth0/subsystem/eth0/subsystem/eth0/device/net/eth0/subsystem/lo/subsystem/eth0/device/subsystem/drivers/hyperv_keyboard/module/drivers HTTP/1.1" 200 16482 "https://www.tempokontrol.co.za/?path=//sys/class/net/eth0/subsystem/eth0/subsystem/eth0/device/net/eth0/subsystem/lo/subsystem/eth0/device/subsystem/drivers/hyperv_keyboard/module" "Mozilla/5.0 AppleWebKit/537.36 (KHTML, like Gecko; compatible; GPTBot/1.4; +https://openai.com/gptbot)"
74.7.242.17 - - [31/Jul/2026:17:01:32 +0200] "GET /?fileloc=//lib64/python3.9/__pycache__/_compression.cpython-39.opt-1.pyc&path=//lib64/python3.9/__pycache__ HTTP/1.1" 200 17025 "https://tempokontrol.co.za/?path=//lib64/python3.9/__pycache__" "Mozilla/5.0 AppleWebKit/537.36 (KHTML, like Gecko; compatible; GPTBot/1.4; +https://openai.com/gptbot)"
216.73.217.106 - - [31/Jul/2026:17:01:32 +0200] "GET /sitemap.xml?path=%2F%2Fproc%2F1312 HTTP/1.1" 200 86461 "-" "Mozilla/5.0 AppleWebKit/537.36 (KHTML, like Gecko; compatible; ClaudeBot/1.0; +claudebot@anthropic.com)"
74.7.227.163 - - [31/Jul/2026:17:01:34 +0200] "GET /?path=//sys/class/net/eth0/subsystem/eth0/subsystem/eth0/device/net/eth0/subsystem/lo/subsystem/eth0/device/subsystem/drivers/hyperv_keyboard/module/holders HTTP/1.1" 200 14695 "https://www.tempokontrol.co.za/?path=//sys/class/net/eth0/subsystem/eth0/subsystem/eth0/device/net/eth0/subsystem/lo/subsystem/eth0/device/subsystem/drivers/hyperv_keyboard/module" "Mozilla/5.0 AppleWebKit/537.36 (KHTML, like Gecko; compatible; GPTBot/1.4; +https://openai.com/gptbot)"
216.73.217.106 - - [31/Jul/2026:17:01:35 +0200] "GET /sitemap.xml?path=%2F%2Fetc%2Fdnf%2Fmodules.d HTTP/1.1" 200 15644 "-" "Mozilla/5.0 AppleWebKit/537.36 (KHTML, like Gecko; compatible; ClaudeBot/1.0; +claudebot@anthropic.com)"
74.7.242.17 - - [31/Jul/2026:17:01:35 +0200] "GET /?fileloc=//lib64/python3.9/__pycache__/nturl2path.cpython-39.pyc&path=//lib64/python3.9/__pycache__ HTTP/1.1" 200 14381 "https://tempokontrol.co.za/?path=//lib64/python3.9/__pycache__" "Mozilla/5.0 AppleWebKit/537.36 (KHTML, like Gecko; compatible; GPTBot/1.4; +https://openai.com/gptbot)"
74.7.227.163 - - [31/Jul/2026:17:01:37 +0200] "GET /?fileloc=//sys/class/net/eth0/subsystem/eth0/subsystem/eth0/device/net/eth0/subsystem/lo/subsystem/eth0/device/subsystem/drivers/hv_balloon/module/sections/.ref.data&path=//sys/class/net/eth0/subsystem/eth0/subsystem/eth0/device/net/eth0/subsystem/lo/subsystem/eth0/device/subsystem/drivers/hv_balloon/module/sections HTTP/1.1" 200 14404 "https://www.tempokontrol.co.za/?path=//sys/class/net/eth0/subsystem/eth0/subsystem/eth0/device/net/eth0/subsystem/lo/subsystem/eth0/device/subsystem/drivers/hv_balloon/module/sections" "Mozilla/5.0 AppleWebKit/537.36 (KHTML, like Gecko; compatible; GPTBot/1.4; +https://openai.com/gptbot)"
74.7.242.17 - - [31/Jul/2026:17:01:39 +0200] "GET /?fileloc=//lib64/python3.9/__pycache__/tarfile.cpython-39.opt-2.pyc&path=//lib64/python3.9/__pycache__ HTTP/1.1" 200 79447 "https://tempokontrol.co.za/?path=//lib64/python3.9/__pycache__" "Mozilla/5.0 AppleWebKit/537.36 (KHTML, like Gecko; compatible; GPTBot/1.4; +https://openai.com/gptbot)"
74.7.227.163 - - [31/Jul/2026:17:01:40 +0200] "GET /?path=//sys/class/net/eth0/subsystem/eth0/subsystem/eth0/device/net/eth0/subsystem/lo/subsystem/eth0/device/driver/module/drivers/vmbus:hv_netvsc/module/drivers/vmbus:hv_netvsc HTTP/1.1" 200 28943 "https://www.tempokontrol.co.za/?path=//sys/class/net/eth0/subsystem/eth0/subsystem/eth0/device/net/eth0/subsystem/lo/subsystem/eth0/device/driver/module/drivers/vmbus:hv_netvsc/module/drivers" "Mozilla/5.0 AppleWebKit/537.36 (KHTML, like Gecko; compatible; GPTBot/1.4; +https://openai.com/gptbot)"
74.7.242.17 - - [31/Jul/2026:17:01:42 +0200] "GET /?fileloc=//lib64/python3.9/__pycache__/shutil.cpython-39.opt-1.pyc&path=//lib64/python3.9/__pycache__ HTTP/1.1" 200 56123 "https://tempokontrol.co.za/?path=//lib64/python3.9/__pycache__" "Mozilla/5.0 AppleWebKit/537.36 (KHTML, like Gecko; compatible; GPTBot/1.4; +https://openai.com/gptbot)"
74.7.227.163 - - [31/Jul/2026:17:01:43 +0200] "GET /?path=//sys/class/net/eth0/subsystem/eth0/subsystem/eth0/device/net/eth0/device/subsystem/drivers/hid_hyperv/module/drivers/hid:hid-hyperv/module/drivers/vmbus:hid_hyperv/module/drivers/vmbus:hid_hyperv/module/sections HTTP/1.1" 200 65040 "https://www.tempokontrol.co.za/?path=//sys/class/net/eth0/subsystem/eth0/subsystem/eth0/device/net/eth0/device/subsystem/drivers/hid_hyperv/module/drivers/hid:hid-hyperv/module/drivers/vmbus:hid_hyperv/module/drivers/vmbus:hid_hyperv/module" "Mozilla/5.0 AppleWebKit/537.36 (KHTML, like Gecko; compatible; GPTBot/1.4; +https://openai.com/gptbot)"
74.7.242.17 - - [31/Jul/2026:17:01:45 +0200] "GET /?fileloc=//lib64/python3.9/__pycache__/plistlib.cpython-39.opt-2.pyc&path=//lib64/python3.9/__pycache__ HTTP/1.1" 200 37066 "https://tempokontrol.co.za/?path=//lib64/python3.9/__pycache__" "Mozilla/5.0 AppleWebKit/537.36 (KHTML, like Gecko; compatible; GPTBot/1.4; +https://openai.com/gptbot)"
74.7.227.163 - - [31/Jul/2026:17:01:47 +0200] "GET /?path=//sys/class/net/eth0/subsystem/eth0/subsystem/eth0/device/net/eth0/device/subsystem/drivers/hid_hyperv/module/drivers/vmbus:hid_hyperv/module/drivers/hid:hid-hyperv/module/drivers/vmbus:hid_hyperv/module/holders HTTP/1.1" 200 15888 "https://www.tempokontrol.co.za/?path=//sys/class/net/eth0/subsystem/eth0/subsystem/eth0/device/net/eth0/device/subsystem/drivers/hid_hyperv/module/drivers/vmbus:hid_hyperv/module/drivers/hid:hid-hyperv/module/drivers/vmbus:hid_hyperv/module" "Mozilla/5.0 AppleWebKit/537.36 (KHTML, like Gecko; compatible; GPTBot/1.4; +https://openai.com/gptbot)"
74.7.242.17 - - [31/Jul/2026:17:01:48 +0200] "GET /?fileloc=//lib64/python3.9/__pycache__/secrets.cpython-39.opt-1.pyc&path=//lib64/python3.9/__pycache__ HTTP/1.1" 200 14764 "https://tempokontrol.co.za/?path=//lib64/python3.9/__pycache__" "Mozilla/5.0 AppleWebKit/537.36 (KHTML, like Gecko; compatible; GPTBot/1.4; +https://openai.com/gptbot)"
74.7.227.163 - - [31/Jul/2026:17:01:50 +0200] "GET /?path=//sys/class/net/eth0/subsystem/eth0/subsystem/eth0/device/net/eth0/subsystem/lo/subsystem/eth0/device/subsystem/drivers/hid_hyperv/module/drivers/vmbus:hid_hyperv HTTP/1.1" 200 28555 "https://www.tempokontrol.co.za/?path=//sys/class/net/eth0/subsystem/eth0/subsystem/eth0/device/net/eth0/subsystem/lo/subsystem/eth0/device/subsystem/drivers/hid_hyperv/module/drivers" "Mozilla/5.0 AppleWebKit/537.36 (KHTML, like Gecko; compatible; GPTBot/1.4; +https://openai.com/gptbot)"
74.7.242.17 - - [31/Jul/2026:17:01:51 +0200] "GET /?fileloc=//lib64/python3.9/__pycache__/sre_parse.cpython-39.opt-1.pyc&path=//lib64/python3.9/__pycache__ HTTP/1.1" 200 38250 "https://tempokontrol.co.za/?path=//lib64/python3.9/__pycache__" "Mozilla/5.0 AppleWebKit/537.36 (KHTML, like Gecko; compatible; GPTBot/1.4; +https://openai.com/gptbot)"
74.7.227.163 - - [31/Jul/2026:17:01:53 +0200] "GET /?path=//sys/class/net/eth0/subsystem/eth0/subsystem/eth0/device/net/eth0/subsystem/lo/subsystem/eth0/device/subsystem/drivers/hv_balloon/module/drivers/vmbus:hv_balloon HTTP/1.1" 200 28555 "https://www.tempokontrol.co.za/?path=//sys/class/net/eth0/subsystem/eth0/subsystem/eth0/device/net/eth0/subsystem/lo/subsystem/eth0/device/subsystem/drivers/hv_balloon/module/drivers" "Mozilla/5.0 AppleWebKit/537.36 (KHTML, like Gecko; compatible; GPTBot/1.4; +https://openai.com/gptbot)"
74.7.242.17 - - [31/Jul/2026:17:01:54 +0200] "GET /?fileloc=//lib64/python3.9/__pycache__/codecs.cpython-39.opt-2.pyc&path=//lib64/python3.9/__pycache__ HTTP/1.1" 200 32773 "https://tempokontrol.co.za/?path=//lib64/python3.9/__pycache__" "Mozilla/5.0 AppleWebKit/537.36 (KHTML, like Gecko; compatible; GPTBot/1.4; +https://openai.com/gptbot)"
74.7.227.163 - - [31/Jul/2026:17:01:56 +0200] "GET /?path=//sys/class/net/eth0/subsystem/eth0/subsystem/eth0/device/net/eth0/subsystem/lo/subsystem/eth0/device/subsystem/drivers/hyperv_drm/module/drivers/vmbus:hyperv_drm HTTP/1.1" 200 28555 "https://www.tempokontrol.co.za/?path=//sys/class/net/eth0/subsystem/eth0/subsystem/eth0/device/net/eth0/subsystem/lo/subsystem/eth0/device/subsystem/drivers/hyperv_drm/module/drivers" "Mozilla/5.0 AppleWebKit/537.36 (KHTML, like Gecko; compatible; GPTBot/1.4; +https://openai.com/gptbot)"
216.73.217.106 - - [31/Jul/2026:17:01:57 +0200] "GET /sitemap.xml?path=%2Fhome%2Ftn%2Fpublic_html%2Fwp-content%2Fwflogs HTTP/1.1" 200 28258 "-" "Mozilla/5.0 AppleWebKit/537.36 (KHTML, like Gecko; compatible; ClaudeBot/1.0; +claudebot@anthropic.com)"
74.7.242.17 - - [31/Jul/2026:17:01:57 +0200] "GET /?fileloc=//lib64/python3.9/__pycache__/sre_parse.cpython-39.opt-2.pyc&path=//lib64/python3.9/__pycache__ HTTP/1.1" 200 38209 "https://tempokontrol.co.za/?path=//lib64/python3.9/__pycache__" "Mozilla/5.0 AppleWebKit/537.36 (KHTML, like Gecko; compatible; GPTBot/1.4; +https://openai.com/gptbot)"
74.7.227.163 - - [31/Jul/2026:17:01:59 +0200] "GET /?path=//sys/class/net/eth0/subsystem/eth0/subsystem/eth0/device/net/eth0/subsystem/lo/subsystem/eth0/device/subsystem/drivers/hyperv_drm/module/drivers/pci:hyperv_drm HTTP/1.1" 200 26622 "https://www.tempokontrol.co.za/?path=//sys/class/net/eth0/subsystem/eth0/subsystem/eth0/device/net/eth0/subsystem/lo/subsystem/eth0/device/subsystem/drivers/hyperv_drm/module/drivers" "Mozilla/5.0 AppleWebKit/537.36 (KHTML, like Gecko; compatible; GPTBot/1.4; +https://openai.com/gptbot)"
216.73.217.106 - - [31/Jul/2026:17:01:59 +0200] "GET /sitemap.xml?path=%2Fhome%2Ftn%2Fpublic_html%2Fwp-includes%2Fblocks%2Fpost-comments-link HTTP/1.1" 200 22654 "-" "Mozilla/5.0 AppleWebKit/537.36 (KHTML, like Gecko; compatible; ClaudeBot/1.0; +claudebot@anthropic.com)"
74.7.242.17 - - [31/Jul/2026:17:02:01 +0200] "GET /?fileloc=//lib64/python3.9/__pycache__/fileinput.cpython-39.opt-1.pyc&path=//lib64/python3.9/__pycache__ HTTP/1.1" 200 27168 "https://tempokontrol.co.za/?path=//lib64/python3.9/__pycache__" "Mozilla/5.0 AppleWebKit/537.36 (KHTML, like Gecko; compatible; GPTBot/1.4; +https://openai.com/gptbot)"
207.46.13.128 - - [31/Jul/2026:17:01:59 +0200] "GET /neurokeratin/r3o3s9c9o8e5l3i6t1e92 HTTP/1.1" 200 848542 "-" "Mozilla/5.0 AppleWebKit/537.36 (KHTML, like Gecko; compatible; bingbot/2.0; +http://www.bing.com/bingbot.htm) Chrome/116.0.1938.76 Safari/537.36"
216.73.217.106 - - [31/Jul/2026:17:02:02 +0200] "GET /sitemap.xml?path=%2F%2Fhome%2Ftn%2Fetc HTTP/1.1" 200 18457 "-" "Mozilla/5.0 AppleWebKit/537.36 (KHTML, like Gecko; compatible; ClaudeBot/1.0; +claudebot@anthropic.com)"
74.7.227.163 - - [31/Jul/2026:17:02:02 +0200] "GET /?path=//sys/class/net/eth0/subsystem/eth0/subsystem/eth0/device/net/eth0/subsystem/lo/subsystem/eth0/device/subsystem/drivers/hid_hyperv/module/drivers/hid:hid-hyperv HTTP/1.1" 200 26421 "https://www.tempokontrol.co.za/?path=//sys/class/net/eth0/subsystem/eth0/subsystem/eth0/device/net/eth0/subsystem/lo/subsystem/eth0/device/subsystem/drivers/hid_hyperv/module/drivers" "Mozilla/5.0 AppleWebKit/537.36 (KHTML, like Gecko; compatible; GPTBot/1.4; +https://openai.com/gptbot)"
74.7.242.17 - - [31/Jul/2026:17:02:04 +0200] "GET /?fileloc=//lib64/python3.9/__pycache__/optparse.cpython-39.opt-1.pyc&path=//lib64/python3.9/__pycache__ HTTP/1.1" 200 64881 "https://tempokontrol.co.za/?path=//lib64/python3.9/__pycache__" "Mozilla/5.0 AppleWebKit/537.36 (KHTML, like Gecko; compatible; GPTBot/1.4; +https://openai.com/gptbot)"
216.73.217.106 - - [31/Jul/2026:17:02:05 +0200] "GET /sitemap.xml?path=%2F%2Fvar%2Frun%2Ffsck HTTP/1.1" 200 15550 "-" "Mozilla/5.0 AppleWebKit/537.36 (KHTML, like Gecko; compatible; ClaudeBot/1.0; +claudebot@anthropic.com)"
74.7.227.163 - - [31/Jul/2026:17:02:05 +0200] "GET /?path=//sys/class/net/eth0/subsystem/eth0/subsystem/eth0/device/net/eth0/subsystem/lo/subsystem/eth0/device/subsystem/drivers/hyperv_keyboard/module/drivers/vmbus:hyperv_keyboard HTTP/1.1" 200 28850 "https://www.tempokontrol.co.za/?path=//sys/class/net/eth0/subsystem/eth0/subsystem/eth0/device/net/eth0/subsystem/lo/subsystem/eth0/device/subsystem/drivers/hyperv_keyboard/module/drivers" "Mozilla/5.0 AppleWebKit/537.36 (KHTML, like Gecko; compatible; GPTBot/1.4; +https://openai.com/gptbot)"
74.7.242.17 - - [31/Jul/2026:17:02:08 +0200] "GET /?fileloc=//lib64/python3.9/__pycache__/platform.cpython-39.opt-2.pyc&path=//lib64/python3.9/__pycache__ HTTP/1.1" 200 33087 "https://tempokontrol.co.za/?path=//lib64/python3.9/__pycache__" "Mozilla/5.0 AppleWebKit/537.36 (KHTML, like Gecko; compatible; GPTBot/1.4; +https://openai.com/gptbot)"
74.7.227.163 - - [31/Jul/2026:17:02:09 +0200] "GET /?path=//sys/class/net/eth0/subsystem/eth0/subsystem/eth0/device/net/eth0/device/subsystem/drivers/hv_utils/module/drivers/vmbus:hv_utils/module/drivers/vmbus:hv_utils/module/holders HTTP/1.1" 200 15149 "https://www.tempokontrol.co.za/?path=//sys/class/net/eth0/subsystem/eth0/subsystem/eth0/device/net/eth0/device/subsystem/drivers/hv_utils/module/drivers/vmbus:hv_utils/module/drivers/vmbus:hv_utils/module" "Mozilla/5.0 AppleWebKit/537.36 (KHTML, like Gecko; compatible; GPTBot/1.4; +https://openai.com/gptbot)"
216.73.217.106 - - [31/Jul/2026:17:02:08 +0200] "GET /sitemap.xml?fileloc=%2F%2Flib%2Fcpp&path=%2F%2Flib HTTP/1.1" 200 1535511 "-" "Mozilla/5.0 AppleWebKit/537.36 (KHTML, like Gecko; compatible; ClaudeBot/1.0; +claudebot@anthropic.com)"
74.7.242.17 - - [31/Jul/2026:17:02:10 +0200] "GET /?fileloc=//lib64/python3.9/__pycache__/pkgutil.cpython-39.opt-2.pyc&path=//lib64/python3.9/__pycache__ HTTP/1.1" 200 25810 "https://tempokontrol.co.za/?path=//lib64/python3.9/__pycache__" "Mozilla/5.0 AppleWebKit/537.36 (KHTML, like Gecko; compatible; GPTBot/1.4; +https://openai.com/gptbot)"
74.7.227.163 - - [31/Jul/2026:17:02:12 +0200] "GET /?path=//sys/class/net/eth0/subsystem/eth0/subsystem/eth0/device/net/eth0/device/subsystem/drivers/hv_utils/module/drivers/vmbus:hv_utils/module/drivers/vmbus:hv_utils/module/notes HTTP/1.1" 200 19305 "https://www.tempokontrol.co.za/?path=//sys/class/net/eth0/subsystem/eth0/subsystem/eth0/device/net/eth0/device/subsystem/drivers/hv_utils/module/drivers/vmbus:hv_utils/module/drivers/vmbus:hv_utils/module" "Mozilla/5.0 AppleWebKit/537.36 (KHTML, like Gecko; compatible; GPTBot/1.4; +https://openai.com/gptbot)"
74.7.242.17 - - [31/Jul/2026:17:02:13 +0200] "GET /?fileloc=//lib64/python3.9/__pycache__/sysconfig.cpython-39.opt-1.pyc&path=//lib64/python3.9/__pycache__ HTTP/1.1" 200 30554 "https://tempokontrol.co.za/?path=//lib64/python3.9/__pycache__" "Mozilla/5.0 AppleWebKit/537.36 (KHTML, like Gecko; compatible; GPTBot/1.4; +https://openai.com/gptbot)"
216.73.217.106 - - [31/Jul/2026:17:02:14 +0200] "GET /sitemap.xml?path=%2Fhome%2Ftn%2Fpublic_html%2Fwp-includes%2Fcustomize HTTP/1.1" 200 76042 "-" "Mozilla/5.0 AppleWebKit/537.36 (KHTML, like Gecko; compatible; ClaudeBot/1.0; +claudebot@anthropic.com)"
74.7.227.163 - - [31/Jul/2026:17:02:15 +0200] "GET /?path=//sys/class/net/eth0/subsystem/eth0/subsystem/eth0/device/net/eth0/subsystem/lo/subsystem/eth0/device/driver/module/drivers/vmbus:hv_netvsc/module/drivers/vmbus:hv_netvsc/module HTTP/1.1" 200 40860 "https://www.tempokontrol.co.za/?path=//sys/class/net/eth0/subsystem/eth0/subsystem/eth0/device/net/eth0/subsystem/lo/subsystem/eth0/device/driver/module/drivers/vmbus:hv_netvsc/module/drivers/vmbus:hv_netvsc" "Mozilla/5.0 AppleWebKit/537.36 (KHTML, like Gecko; compatible; GPTBot/1.4; +https://openai.com/gptbot)"
74.7.242.17 - - [31/Jul/2026:17:02:17 +0200] "GET /?fileloc=//lib64/python3.9/__pycache__/shutil.cpython-39.opt-2.pyc&path=//lib64/python3.9/__pycache__ HTTP/1.1" 200 44073 "https://tempokontrol.co.za/?path=//lib64/python3.9/__pycache__" "Mozilla/5.0 AppleWebKit/537.36 (KHTML, like Gecko; compatible; GPTBot/1.4; +https://openai.com/gptbot)"
216.73.217.106 - - [31/Jul/2026:17:02:17 +0200] "GET /sitemap.xml?path=%2F%2Fproc%2F4033861 HTTP/1.1" 200 12689 "-" "Mozilla/5.0 AppleWebKit/537.36 (KHTML, like Gecko; compatible; ClaudeBot/1.0; +claudebot@anthropic.com)"
74.7.227.163 - - [31/Jul/2026:17:02:18 +0200] "GET /?fileloc=//sys/class/net/eth0/subsystem/eth0/subsystem/eth0/device/net/eth0/device/subsystem/drivers/hid_hyperv/module/drivers/hid:hid-hyperv/module/drivers/vmbus:hid_hyperv/module/drivers/vmbus:hid_hyperv/module/sections/__patchable_function_entries&path=//sys/class/net/eth0/subsystem/eth0/subsystem/eth0/device/net/eth0/device/subsystem/drivers/hid_hyperv/module/drivers/hid:hid-hyperv/module/drivers/vmbus:hid_hyperv/module/drivers/vmbus:hid_hyperv/module/sections HTTP/1.1" 200 15696 "https://www.tempokontrol.co.za/?path=//sys/class/net/eth0/subsystem/eth0/subsystem/eth0/device/net/eth0/device/subsystem/drivers/hid_hyperv/module/drivers/hid:hid-hyperv/module/drivers/vmbus:hid_hyperv/module/drivers/vmbus:hid_hyperv/module/sections" "Mozilla/5.0 AppleWebKit/537.36 (KHTML, like Gecko; compatible; GPTBot/1.4; +https://openai.com/gptbot)"
74.7.242.17 - - [31/Jul/2026:17:02:20 +0200] "GET /?fileloc=//lib64/python3.9/__pycache__/colorsys.cpython-39.opt-2.pyc&path=//lib64/python3.9/__pycache__ HTTP/1.1" 200 15334 "https://tempokontrol.co.za/?path=//lib64/python3.9/__pycache__" "Mozilla/5.0 AppleWebKit/537.36 (KHTML, like Gecko; compatible; GPTBot/1.4; +https://openai.com/gptbot)"
216.73.217.106 - - [31/Jul/2026:17:02:20 +0200] "GET /sitemap.xml?path=%2F%2Fetc%2Fdovecot%2Fssl HTTP/1.1" 200 17094 "-" "Mozilla/5.0 AppleWebKit/537.36 (KHTML, like Gecko; compatible; ClaudeBot/1.0; +claudebot@anthropic.com)"
74.7.227.163 - - [31/Jul/2026:17:02:21 +0200] "GET /?path=//sys/class/net/eth0/subsystem/eth0/subsystem/eth0/device/net/eth0/device/subsystem/drivers/hid_hyperv/module/drivers/hid:hid-hyperv/module/drivers/hid:hid-hyperv/module/notes HTTP/1.1" 200 19341 "https://www.tempokontrol.co.za/?path=//sys/class/net/eth0/subsystem/eth0/subsystem/eth0/device/net/eth0/device/subsystem/drivers/hid_hyperv/module/drivers/hid:hid-hyperv/module/drivers/hid:hid-hyperv/module" "Mozilla/5.0 AppleWebKit/537.36 (KHTML, like Gecko; compatible; GPTBot/1.4; +https://openai.com/gptbot)"
74.7.242.17 - - [31/Jul/2026:17:02:23 +0200] "GET /?fileloc=//lib64/python3.9/__pycache__/_bootsubprocess.cpython-39.opt-1.pyc&path=//lib64/python3.9/__pycache__ HTTP/1.1" 200 14972 "https://tempokontrol.co.za/?path=//lib64/python3.9/__pycache__" "Mozilla/5.0 AppleWebKit/537.36 (KHTML, like Gecko; compatible; GPTBot/1.4; +https://openai.com/gptbot)"
216.73.217.106 - - [31/Jul/2026:17:02:23 +0200] "GET /sitemap.xml?path=%2F%2Flib64%2FunixODBC HTTP/1.1" 200 12694 "-" "Mozilla/5.0 AppleWebKit/537.36 (KHTML, like Gecko; compatible; ClaudeBot/1.0; +claudebot@anthropic.com)"
74.7.227.163 - - [31/Jul/2026:17:02:24 +0200] "GET /?path=//sys/class/net/eth0/subsystem/eth0/subsystem/eth0/device/net/eth0/subsystem/lo/subsystem/eth0/device/subsystem/drivers/hid_hyperv/module/drivers/vmbus:hid_hyperv/module HTTP/1.1" 200 38496 "https://www.tempokontrol.co.za/?path=//sys/class/net/eth0/subsystem/eth0/subsystem/eth0/device/net/eth0/subsystem/lo/subsystem/eth0/device/subsystem/drivers/hid_hyperv/module/drivers/vmbus:hid_hyperv" "Mozilla/5.0 AppleWebKit/537.36 (KHTML, like Gecko; compatible; GPTBot/1.4; +https://openai.com/gptbot)"
74.7.242.17 - - [31/Jul/2026:17:02:26 +0200] "GET /?fileloc=//lib64/python3.9/__pycache__/smtplib.cpython-39.opt-2.pyc&path=//lib64/python3.9/__pycache__ HTTP/1.1" 200 34500 "https://tempokontrol.co.za/?path=//lib64/python3.9/__pycache__" "Mozilla/5.0 AppleWebKit/537.36 (KHTML, like Gecko; compatible; GPTBot/1.4; +https://openai.com/gptbot)"
216.73.217.106 - - [31/Jul/2026:17:02:26 +0200] "GET /sitemap.xml?path=%2F%2Fvar%2Frun%2Ffaillock HTTP/1.1" 200 12726 "-" "Mozilla/5.0 AppleWebKit/537.36 (KHTML, like Gecko; compatible; ClaudeBot/1.0; +claudebot@anthropic.com)"
74.7.227.163 - - [31/Jul/2026:17:02:27 +0200] "GET /?path=//sys/class/net/eth0/subsystem/eth0/subsystem/eth0/device/net/eth0/subsystem/lo/subsystem/eth0/device/subsystem/drivers/hv_balloon/module/drivers/vmbus:hv_balloon/module HTTP/1.1" 200 40296 "https://www.tempokontrol.co.za/?path=//sys/class/net/eth0/subsystem/eth0/subsystem/eth0/device/net/eth0/subsystem/lo/subsystem/eth0/device/subsystem/drivers/hv_balloon/module/drivers/vmbus:hv_balloon" "Mozilla/5.0 AppleWebKit/537.36 (KHTML, like Gecko; compatible; GPTBot/1.4; +https://openai.com/gptbot)"
74.7.242.17 - - [31/Jul/2026:17:02:29 +0200] "GET /?fileloc=//lib64/python3.9/__pycache__/getpass.cpython-39.opt-2.pyc&path=//lib64/python3.9/__pycache__ HTTP/1.1" 200 15867 "https://tempokontrol.co.za/?path=//lib64/python3.9/__pycache__" "Mozilla/5.0 AppleWebKit/537.36 (KHTML, like Gecko; compatible; GPTBot/1.4; +https://openai.com/gptbot)"
74.7.227.163 - - [31/Jul/2026:17:02:30 +0200] "GET /?path=//sys/class/net/eth0/subsystem/eth0/subsystem/eth0/device/net/eth0/subsystem/lo/subsystem/eth0/device/subsystem/drivers/hyperv_drm/module/drivers/vmbus:hyperv_drm/module HTTP/1.1" 200 38496 "https://www.tempokontrol.co.za/?path=//sys/class/net/eth0/subsystem/eth0/subsystem/eth0/device/net/eth0/subsystem/lo/subsystem/eth0/device/subsystem/drivers/hyperv_drm/module/drivers/vmbus:hyperv_drm" "Mozilla/5.0 AppleWebKit/537.36 (KHTML, like Gecko; compatible; GPTBot/1.4; +https://openai.com/gptbot)"
216.73.217.106 - - [31/Jul/2026:17:02:32 +0200] "GET /sitemap.xml?fileloc=%2F%2Fsbin%2Fnewusers&path=%2F%2Fsbin HTTP/1.1" 200 141477 "-" "Mozilla/5.0 AppleWebKit/537.36 (KHTML, like Gecko; compatible; ClaudeBot/1.0; +claudebot@anthropic.com)"
74.7.242.17 - - [31/Jul/2026:17:02:32 +0200] "GET /?fileloc=//lib64/python3.9/__pycache__/_pydecimal.cpython-39.opt-1.pyc&path=//lib64/python3.9/__pycache__ HTTP/1.1" 200 198244 "https://tempokontrol.co.za/?path=//lib64/python3.9/__pycache__" "Mozilla/5.0 AppleWebKit/537.36 (KHTML, like Gecko; compatible; GPTBot/1.4; +https://openai.com/gptbot)"
74.7.227.163 - - [31/Jul/2026:17:02:34 +0200] "GET /?path=//sys/class/net/eth0/subsystem/eth0/subsystem/eth0/device/net/eth0/subsystem/lo/subsystem/eth0/device/subsystem/drivers/hyperv_drm/module/drivers/pci:hyperv_drm/module HTTP/1.1" 200 38402 "https://www.tempokontrol.co.za/?path=//sys/class/net/eth0/subsystem/eth0/subsystem/eth0/device/net/eth0/subsystem/lo/subsystem/eth0/device/subsystem/drivers/hyperv_drm/module/drivers/pci:hyperv_drm" "Mozilla/5.0 AppleWebKit/537.36 (KHTML, like Gecko; compatible; GPTBot/1.4; +https://openai.com/gptbot)"
216.73.217.106 - - [31/Jul/2026:17:02:34 +0200] "GET /sitemap.xml?fileloc=%2F%2Fetc%2Fsecurity%2Flimits.conf&path=%2F%2Fetc%2Fsecurity HTTP/1.1" 200 14797 "-" "Mozilla/5.0 AppleWebKit/537.36 (KHTML, like Gecko; compatible; ClaudeBot/1.0; +claudebot@anthropic.com)"
74.7.242.17 - - [31/Jul/2026:17:02:35 +0200] "GET /?fileloc=//lib64/python3.9/__pycache__/calendar.cpython-39.opt-1.pyc&path=//lib64/python3.9/__pycache__ HTTP/1.1" 200 42834 "https://tempokontrol.co.za/?path=//lib64/python3.9/__pycache__" "Mozilla/5.0 AppleWebKit/537.36 (KHTML, like Gecko; compatible; GPTBot/1.4; +https://openai.com/gptbot)"
74.7.227.163 - - [31/Jul/2026:17:02:37 +0200] "GET /?path=//sys/class/net/eth0/subsystem/eth0/subsystem/eth0/device/net/eth0/subsystem/lo/subsystem/eth0/device/subsystem/drivers/hid_hyperv/module/drivers/hid:hid-hyperv/module HTTP/1.1" 200 38402 "https://www.tempokontrol.co.za/?path=//sys/class/net/eth0/subsystem/eth0/subsystem/eth0/device/net/eth0/subsystem/lo/subsystem/eth0/device/subsystem/drivers/hid_hyperv/module/drivers/hid:hid-hyperv" "Mozilla/5.0 AppleWebKit/537.36 (KHTML, like Gecko; compatible; GPTBot/1.4; +https://openai.com/gptbot)"
216.73.217.106 - - [31/Jul/2026:17:02:37 +0200] "GET /sitemap.xml?fileloc=%2F%2Fsbin%2Fsetenforce&path=%2F%2Fsbin HTTP/1.1" 200 29788 "-" "Mozilla/5.0 AppleWebKit/537.36 (KHTML, like Gecko; compatible; ClaudeBot/1.0; +claudebot@anthropic.com)"
74.7.242.17 - - [31/Jul/2026:17:02:38 +0200] "GET /?fileloc=//lib64/python3.9/__pycache__/selectors.cpython-39.opt-1.pyc&path=//lib64/python3.9/__pycache__ HTTP/1.1" 200 30889 "https://tempokontrol.co.za/?path=//lib64/python3.9/__pycache__" "Mozilla/5.0 AppleWebKit/537.36 (KHTML, like Gecko; compatible; GPTBot/1.4; +https://openai.com/gptbot)"
74.7.227.163 - - [31/Jul/2026:17:02:40 +0200] "GET /?path=//sys/class/net/eth0/subsystem/eth0/subsystem/eth0/device/net/eth0/subsystem/lo/subsystem/eth0/device/subsystem/drivers/hyperv_keyboard/module/drivers/vmbus:hyperv_keyboard/module HTTP/1.1" 200 38981 "https://www.tempokontrol.co.za/?path=//sys/class/net/eth0/subsystem/eth0/subsystem/eth0/device/net/eth0/subsystem/lo/subsystem/eth0/device/subsystem/drivers/hyperv_keyboard/module/drivers/vmbus:hyperv_keyboard" "Mozilla/5.0 AppleWebKit/537.36 (KHTML, like Gecko; compatible; GPTBot/1.4; +https://openai.com/gptbot)"
216.73.217.106 - - [31/Jul/2026:17:02:40 +0200] "GET /sitemap.xml?fileloc=%2Fhome%2Ftn%2Fpublic_html%2Fwp-includes%2Fclass-wp-term.php&path=%2Fhome%2Ftn%2Fpublic_html%2Fwp-includes HTTP/1.1" 200 18131 "-" "Mozilla/5.0 AppleWebKit/537.36 (KHTML, like Gecko; compatible; ClaudeBot/1.0; +claudebot@anthropic.com)"
74.7.242.17 - - [31/Jul/2026:17:02:41 +0200] "GET /?fileloc=//lib64/python3.9/__pycache__/sre_compile.cpython-39.opt-2.pyc&path=//lib64/python3.9/__pycache__ HTTP/1.1" 200 29457 "https://tempokontrol.co.za/?path=//lib64/python3.9/__pycache__" "Mozilla/5.0 AppleWebKit/537.36 (KHTML, like Gecko; compatible; GPTBot/1.4; +https://openai.com/gptbot)"
216.73.217.106 - - [31/Jul/2026:17:02:43 +0200] "GET /sitemap.xml?fileloc=%2Fhome%2Ftn%2Fpublic_html%2Fwp-includes%2Fblocks%2Fseparator%2Feditor.min.css&path=%2Fhome%2Ftn%2Fpublic_html%2Fwp-includes%2Fblocks%2Fseparator HTTP/1.1" 200 12684 "-" "Mozilla/5.0 AppleWebKit/537.36 (KHTML, like Gecko; compatible; ClaudeBot/1.0; +claudebot@anthropic.com)"
74.7.227.163 - - [31/Jul/2026:17:02:43 +0200] "GET /?path=//sys/class/net/eth0/subsystem/eth0/subsystem/eth0/device/net/eth0/device/net/eth0/device/channels/15 HTTP/1.1" 200 40520 "https://www.tempokontrol.co.za/?path=//sys/class/net/eth0/subsystem/eth0/subsystem/eth0/device/net/eth0/device/net/eth0/device/channels" "Mozilla/5.0 AppleWebKit/537.36 (KHTML, like Gecko; compatible; GPTBot/1.4; +https://openai.com/gptbot)"
74.7.242.17 - - [31/Jul/2026:17:02:45 +0200] "GET /?fileloc=//lib64/python3.9/__pycache__/timeit.cpython-39.opt-1.pyc&path=//lib64/python3.9/__pycache__ HTTP/1.1" 200 25095 "https://tempokontrol.co.za/?path=//lib64/python3.9/__pycache__" "Mozilla/5.0 AppleWebKit/537.36 (KHTML, like Gecko; compatible; GPTBot/1.4; +https://openai.com/gptbot)"
216.73.217.106 - - [31/Jul/2026:17:02:46 +0200] "GET /sitemap.xml?path=%2Fhome%2Ftn%2Fpublic_html%2Fwp-content%2Fwp-rocket-config HTTP/1.1" 200 20928 "-" "Mozilla/5.0 AppleWebKit/537.36 (KHTML, like Gecko; compatible; ClaudeBot/1.0; +claudebot@anthropic.com)"
74.7.227.163 - - [31/Jul/2026:17:02:46 +0200] "GET /?path=//sys/class/net/eth0/subsystem/eth0/subsystem/eth0/device/net/eth0/device/net/eth0/device/channels/16 HTTP/1.1" 200 40520 "https://www.tempokontrol.co.za/?path=//sys/class/net/eth0/subsystem/eth0/subsystem/eth0/device/net/eth0/device/net/eth0/device/channels" "Mozilla/5.0 AppleWebKit/537.36 (KHTML, like Gecko; compatible; GPTBot/1.4; +https://openai.com/gptbot)"
74.7.242.17 - - [31/Jul/2026:17:02:48 +0200] "GET /?fileloc=//lib64/python3.9/__pycache__/antigravity.cpython-39.opt-1.pyc&path=//lib64/python3.9/__pycache__ HTTP/1.1" 200 13347 "https://tempokontrol.co.za/?path=//lib64/python3.9/__pycache__" "Mozilla/5.0 AppleWebKit/537.36 (KHTML, like Gecko; compatible; GPTBot/1.4; +https://openai.com/gptbot)"
216.73.217.106 - - [31/Jul/2026:17:02:49 +0200] "GET /sitemap.xml?fileloc=%2Fhome%2Ftn%2Fpublic_html%2Fwp-includes%2Fclass-json.php&path=%2Fhome%2Ftn%2Fpublic_html%2Fwp-includes HTTP/1.1" 200 59216 "-" "Mozilla/5.0 AppleWebKit/537.36 (KHTML, like Gecko; compatible; ClaudeBot/1.0; +claudebot@anthropic.com)"
74.7.227.163 - - [31/Jul/2026:17:02:50 +0200] "GET /?path=//sys/class/net/eth0/subsystem/eth0/subsystem/eth0/device/net/eth0/device/net/eth0/device/channels/17 HTTP/1.1" 200 40520 "https://www.tempokontrol.co.za/?path=//sys/class/net/eth0/subsystem/eth0/subsystem/eth0/device/net/eth0/device/net/eth0/device/channels" "Mozilla/5.0 AppleWebKit/537.36 (KHTML, like Gecko; compatible; GPTBot/1.4; +https://openai.com/gptbot)"
74.7.242.17 - - [31/Jul/2026:17:02:51 +0200] "GET /?fileloc=//lib64/python3.9/__pycache__/mimetypes.cpython-39.opt-2.pyc&path=//lib64/python3.9/__pycache__ HTTP/1.1" 200 23190 "https://tempokontrol.co.za/?path=//lib64/python3.9/__pycache__" "Mozilla/5.0 AppleWebKit/537.36 (KHTML, like Gecko; compatible; GPTBot/1.4; +https://openai.com/gptbot)"
216.73.217.106 - - [31/Jul/2026:17:02:52 +0200] "GET /sitemap.xml?fileloc=%2F%2Fvar%2Frun%2Fudev%2Fdata%2F+module%3Aconfigfs&path=%2F%2Fvar%2Frun%2Fudev%2Fdata HTTP/1.1" 200 12370 "-" "Mozilla/5.0 AppleWebKit/537.36 (KHTML, like Gecko; compatible; ClaudeBot/1.0; +claudebot@anthropic.com)"
74.7.227.163 - - [31/Jul/2026:17:02:53 +0200] "GET /?path=//sys/class/net/eth0/subsystem/eth0/subsystem/eth0/device/net/eth0/device/net/eth0/device/channels/18 HTTP/1.1" 200 40520 "https://www.tempokontrol.co.za/?path=//sys/class/net/eth0/subsystem/eth0/subsystem/eth0/device/net/eth0/device/net/eth0/device/channels" "Mozilla/5.0 AppleWebKit/537.36 (KHTML, like Gecko; compatible; GPTBot/1.4; +https://openai.com/gptbot)"
74.7.242.17 - - [31/Jul/2026:17:02:54 +0200] "GET /?fileloc=//lib64/python3.9/__pycache__/sndhdr.cpython-39.opt-1.pyc&path=//lib64/python3.9/__pycache__ HTTP/1.1" 200 20231 "https://tempokontrol.co.za/?path=//lib64/python3.9/__pycache__" "Mozilla/5.0 AppleWebKit/537.36 (KHTML, like Gecko; compatible; GPTBot/1.4; +https://openai.com/gptbot)"
216.73.217.106 - - [31/Jul/2026:17:02:55 +0200] "GET /sitemap.xml?path=%2F%2Flib%2F.build-id%2F61 HTTP/1.1" 200 32947 "-" "Mozilla/5.0 AppleWebKit/537.36 (KHTML, like Gecko; compatible; ClaudeBot/1.0; +claudebot@anthropic.com)"
74.7.227.163 - - [31/Jul/2026:17:02:56 +0200] "GET /?path=//sys/class/net/eth0/subsystem/eth0/subsystem/eth0/device/net/eth0/device/net/eth0/device/channels/20 HTTP/1.1" 200 40520 "https://www.tempokontrol.co.za/?path=//sys/class/net/eth0/subsystem/eth0/subsystem/eth0/device/net/eth0/device/net/eth0/device/channels" "Mozilla/5.0 AppleWebKit/537.36 (KHTML, like Gecko; compatible; GPTBot/1.4; +https://openai.com/gptbot)"
74.7.242.17 - - [31/Jul/2026:17:02:57 +0200] "GET /?fileloc=//lib64/python3.9/__pycache__/antigravity.cpython-39.opt-2.pyc&path=//lib64/python3.9/__pycache__ HTTP/1.1" 200 13182 "https://tempokontrol.co.za/?path=//lib64/python3.9/__pycache__" "Mozilla/5.0 AppleWebKit/537.36 (KHTML, like Gecko; compatible; GPTBot/1.4; +https://openai.com/gptbot)"
216.73.217.106 - - [31/Jul/2026:17:02:58 +0200] "GET /sitemap.xml?fileloc=%2Fhome%2Ftn%2Fpublic_html%2Fwp-includes%2Fcache-compat.php&path=%2Fhome%2Ftn%2Fpublic_html%2Fwp-includes HTTP/1.1" 200 23942 "-" "Mozilla/5.0 AppleWebKit/537.36 (KHTML, like Gecko; compatible; ClaudeBot/1.0; +claudebot@anthropic.com)"
74.7.227.163 - - [31/Jul/2026:17:02:59 +0200] "GET /?path=//sys/class/net/eth0/subsystem/eth0/subsystem/eth0/device/net/eth0/subsystem/lo/subsystem/eth0/device/subsystem/drivers/hid_hyperv/module/drivers/vmbus:hid_hyperv/module/drivers HTTP/1.1" 200 18966 "https://www.tempokontrol.co.za/?path=//sys/class/net/eth0/subsystem/eth0/subsystem/eth0/device/net/eth0/subsystem/lo/subsystem/eth0/device/subsystem/drivers/hid_hyperv/module/drivers/vmbus:hid_hyperv/module" "Mozilla/5.0 AppleWebKit/537.36 (KHTML, like Gecko; compatible; GPTBot/1.4; +https://openai.com/gptbot)"
74.7.242.17 - - [31/Jul/2026:17:03:00 +0200] "GET /?fileloc=//lib64/python3.9/__pycache__/_sitebuiltins.cpython-39.opt-1.pyc&path=//lib64/python3.9/__pycache__ HTTP/1.1" 200 16230 "https://tempokontrol.co.za/?path=//lib64/python3.9/__pycache__" "Mozilla/5.0 AppleWebKit/537.36 (KHTML, like Gecko; compatible; GPTBot/1.4; +https://openai.com/gptbot)"
74.7.227.163 - - [31/Jul/2026:17:03:02 +0200] "GET /?path=//sys/class/net/eth0/subsystem/eth0/subsystem/eth0/device/net/eth0/subsystem/lo/subsystem/eth0/device/subsystem/drivers/hv_balloon/module/drivers/vmbus:hv_balloon/module/drivers HTTP/1.1" 200 17126 "https://www.tempokontrol.co.za/?path=//sys/class/net/eth0/subsystem/eth0/subsystem/eth0/device/net/eth0/subsystem/lo/subsystem/eth0/device/subsystem/drivers/hv_balloon/module/drivers/vmbus:hv_balloon/module" "Mozilla/5.0 AppleWebKit/537.36 (KHTML, like Gecko; compatible; GPTBot/1.4; +https://openai.com/gptbot)"
74.7.242.17 - - [31/Jul/2026:17:03:03 +0200] "GET /?fileloc=//lib64/python3.9/__pycache__/subprocess.cpython-39.opt-2.pyc&path=//lib64/python3.9/__pycache__ HTTP/1.1" 200 50509 "https://tempokontrol.co.za/?path=//lib64/python3.9/__pycache__" "Mozilla/5.0 AppleWebKit/537.36 (KHTML, like Gecko; compatible; GPTBot/1.4; +https://openai.com/gptbot)"
74.7.227.163 - - [31/Jul/2026:17:03:05 +0200] "GET /?path=//sys/class/net/eth0/subsystem/eth0/subsystem/eth0/device/net/eth0/subsystem/lo/subsystem/eth0/device/subsystem/drivers/hyperv_drm/module/drivers/vmbus:hyperv_drm/module/notes HTTP/1.1" 200 19450 "https://www.tempokontrol.co.za/?path=//sys/class/net/eth0/subsystem/eth0/subsystem/eth0/device/net/eth0/subsystem/lo/subsystem/eth0/device/subsystem/drivers/hyperv_drm/module/drivers/vmbus:hyperv_drm/module" "Mozilla/5.0 AppleWebKit/537.36 (KHTML, like Gecko; compatible; GPTBot/1.4; +https://openai.com/gptbot)"
216.73.217.106 - - [31/Jul/2026:17:03:05 +0200] "GET /sitemap.xml?fileloc=%2F%2Fsbin%2Fnfsref&path=%2F%2Fsbin HTTP/1.1" 200 70893 "-" "Mozilla/5.0 AppleWebKit/537.36 (KHTML, like Gecko; compatible; ClaudeBot/1.0; +claudebot@anthropic.com)"
74.7.242.17 - - [31/Jul/2026:17:03:07 +0200] "GET /?fileloc=//lib64/python3.9/__pycache__/secrets.cpython-39.opt-2.pyc&path=//lib64/python3.9/__pycache__ HTTP/1.1" 200 13636 "https://tempokontrol.co.za/?path=//lib64/python3.9/__pycache__" "Mozilla/5.0 AppleWebKit/537.36 (KHTML, like Gecko; compatible; GPTBot/1.4; +https://openai.com/gptbot)"
216.73.217.106 - - [31/Jul/2026:17:03:08 +0200] "GET /sitemap.xml?fileloc=%2F%2Flib64%2Flibcom_err.so.2&path=%2F%2Flib64 HTTP/1.1" 200 40443 "-" "Mozilla/5.0 AppleWebKit/537.36 (KHTML, like Gecko; compatible; ClaudeBot/1.0; +claudebot@anthropic.com)"
74.7.227.163 - - [31/Jul/2026:17:03:08 +0200] "GET /?path=//sys/class/net/eth0/subsystem/eth0/subsystem/eth0/device/net/eth0/subsystem/lo/subsystem/eth0/device/subsystem/drivers/hyperv_drm/module/drivers/pci:hyperv_drm/module/holders HTTP/1.1" 200 15270 "https://www.tempokontrol.co.za/?path=//sys/class/net/eth0/subsystem/eth0/subsystem/eth0/device/net/eth0/subsystem/lo/subsystem/eth0/device/subsystem/drivers/hyperv_drm/module/drivers/pci:hyperv_drm/module" "Mozilla/5.0 AppleWebKit/537.36 (KHTML, like Gecko; compatible; GPTBot/1.4; +https://openai.com/gptbot)"
74.7.242.17 - - [31/Jul/2026:17:03:10 +0200] "GET /?fileloc=//lib64/python3.9/__pycache__/xdrlib.cpython-39.opt-2.pyc&path=//lib64/python3.9/__pycache__ HTTP/1.1" 200 20901 "https://tempokontrol.co.za/?path=//lib64/python3.9/__pycache__" "Mozilla/5.0 AppleWebKit/537.36 (KHTML, like Gecko; compatible; GPTBot/1.4; +https://openai.com/gptbot)"
216.73.217.106 - - [31/Jul/2026:17:03:11 +0200] "GET /sitemap.xml?fileloc=%2Fhome%2Ftn%2Fpublic_html%2Fwp-includes%2Fai-client.php&path=%2Fhome%2Ftn%2Fpublic_html%2Fwp-includes HTTP/1.1" 200 15004 "-" "Mozilla/5.0 AppleWebKit/537.36 (KHTML, like Gecko; compatible; ClaudeBot/1.0; +claudebot@anthropic.com)"
74.7.227.163 - - [31/Jul/2026:17:03:11 +0200] "GET /?path=//sys/class/net/eth0/subsystem/eth0/subsystem/eth0/device/net/eth0/subsystem/lo/subsystem/eth0/device/subsystem/drivers/hid_hyperv/module/drivers/hid:hid-hyperv/module/drivers HTTP/1.1" 200 18946 "https://www.tempokontrol.co.za/?path=//sys/class/net/eth0/subsystem/eth0/subsystem/eth0/device/net/eth0/subsystem/lo/subsystem/eth0/device/subsystem/drivers/hid_hyperv/module/drivers/hid:hid-hyperv/module" "Mozilla/5.0 AppleWebKit/537.36 (KHTML, like Gecko; compatible; GPTBot/1.4; +https://openai.com/gptbot)"
74.7.242.17 - - [31/Jul/2026:17:03:13 +0200] "GET /?fileloc=//lib64/python3.9/__pycache__/pickletools.cpython-39.opt-2.pyc&path=//lib64/python3.9/__pycache__ HTTP/1.1" 200 74307 "https://tempokontrol.co.za/?path=//lib64/python3.9/__pycache__" "Mozilla/5.0 AppleWebKit/537.36 (KHTML, like Gecko; compatible; GPTBot/1.4; +https://openai.com/gptbot)"
216.73.217.106 - - [31/Jul/2026:17:03:14 +0200] "GET /sitemap.xml?fileloc=%2F%2Fsbin%2Fxtables-nft-multi&path=%2F%2Fsbin HTTP/1.1" 200 366727 "-" "Mozilla/5.0 AppleWebKit/537.36 (KHTML, like Gecko; compatible; ClaudeBot/1.0; +claudebot@anthropic.com)"
74.7.227.163 - - [31/Jul/2026:17:03:15 +0200] "GET /?path=//sys/class/net/eth0/subsystem/eth0/subsystem/eth0/device/net/eth0/subsystem/lo/subsystem/eth0/device/subsystem/drivers/hid_hyperv/module/drivers/hid:hid-hyperv/module/sections HTTP/1.1" 200 61260 "https://www.tempokontrol.co.za/?path=//sys/class/net/eth0/subsystem/eth0/subsystem/eth0/device/net/eth0/subsystem/lo/subsystem/eth0/device/subsystem/drivers/hid_hyperv/module/drivers/hid:hid-hyperv/module" "Mozilla/5.0 AppleWebKit/537.36 (KHTML, like Gecko; compatible; GPTBot/1.4; +https://openai.com/gptbot)"
74.7.242.17 - - [31/Jul/2026:17:03:16 +0200] "GET /?fileloc=//lib64/python3.9/__pycache__/calendar.cpython-39.opt-2.pyc&path=//lib64/python3.9/__pycache__ HTTP/1.1" 200 38140 "https://tempokontrol.co.za/?path=//lib64/python3.9/__pycache__" "Mozilla/5.0 AppleWebKit/537.36 (KHTML, like Gecko; compatible; GPTBot/1.4; +https://openai.com/gptbot)"
216.73.217.106 - - [31/Jul/2026:17:03:17 +0200] "GET /sitemap.xml?fileloc=%2F%2Fproc%2F20%2Fcmdline&path=%2F%2Fproc%2F20 HTTP/1.1" 200 12267 "-" "Mozilla/5.0 AppleWebKit/537.36 (KHTML, like Gecko; compatible; ClaudeBot/1.0; +claudebot@anthropic.com)"
74.7.227.163 - - [31/Jul/2026:17:03:18 +0200] "GET /?path=//sys/class/net/eth0/subsystem/eth0/subsystem/eth0/device/net/eth0/subsystem/lo/subsystem/eth0/device/subsystem/drivers/hyperv_drm/module/drivers/pci:hyperv_drm/module/notes HTTP/1.1" 200 19426 "https://www.tempokontrol.co.za/?path=//sys/class/net/eth0/subsystem/eth0/subsystem/eth0/device/net/eth0/subsystem/lo/subsystem/eth0/device/subsystem/drivers/hyperv_drm/module/drivers/pci:hyperv_drm/module" "Mozilla/5.0 AppleWebKit/537.36 (KHTML, like Gecko; compatible; GPTBot/1.4; +https://openai.com/gptbot)"
74.7.242.17 - - [31/Jul/2026:17:03:19 +0200] "GET /?fileloc=//lib64/python3.9/__pycache__/binhex.cpython-39.opt-1.pyc&path=//lib64/python3.9/__pycache__ HTTP/1.1" 200 26626 "https://tempokontrol.co.za/?path=//lib64/python3.9/__pycache__" "Mozilla/5.0 AppleWebKit/537.36 (KHTML, like Gecko; compatible; GPTBot/1.4; +https://openai.com/gptbot)"
