74.7.227.163 - - [31/Jul/2026:16:19:05 +0200] "GET /?fileloc=//sys/class/net/lo/subsystem/lo/subsystem/eth0/device/net/eth0/device/net/eth0/subsystem/lo/statistics/rx_over_errors&path=//sys/class/net/lo/subsystem/lo/subsystem/eth0/device/net/eth0/device/net/eth0/subsystem/lo/statistics HTTP/1.1" 200 13630 "https://www.tempokontrol.co.za/?path=//sys/class/net/lo/subsystem/lo/subsystem/eth0/device/net/eth0/device/net/eth0/subsystem/lo/statistics" "Mozilla/5.0 AppleWebKit/537.36 (KHTML, like Gecko; compatible; GPTBot/1.4; +https://openai.com/gptbot)"
74.7.242.17 - - [31/Jul/2026:16:19:08 +0200] "GET /favicon.ico?path=/home/tn/mail/.tristen@tempokontrol_co_za/.Drafts/new HTTP/1.1" 200 12962 "https://tempokontrol.co.za/favicon.ico?path=/home/tn/mail/.tristen@tempokontrol_co_za/.Drafts" "Mozilla/5.0 AppleWebKit/537.36 (KHTML, like Gecko; compatible; GPTBot/1.4; +https://openai.com/gptbot)"
74.7.227.163 - - [31/Jul/2026:16:19:08 +0200] "GET /?fileloc=//sys/class/net/lo/subsystem/lo/subsystem/eth0/device/net/eth0/device/net/eth0/subsystem/lo/subsystem/lo/name_assign_type&path=//sys/class/net/lo/subsystem/lo/subsystem/eth0/device/net/eth0/device/net/eth0/subsystem/lo/subsystem/lo HTTP/1.1" 200 13758 "https://www.tempokontrol.co.za/?path=//sys/class/net/lo/subsystem/lo/subsystem/eth0/device/net/eth0/device/net/eth0/subsystem/lo/subsystem/lo" "Mozilla/5.0 AppleWebKit/537.36 (KHTML, like Gecko; compatible; GPTBot/1.4; +https://openai.com/gptbot)"
74.7.242.17 - - [31/Jul/2026:16:19:12 +0200] "GET /favicon.ico?path=/home/tn/mail/.tristen@tempokontrol_co_za/.Drafts/cur HTTP/1.1" 200 12962 "https://tempokontrol.co.za/favicon.ico?path=/home/tn/mail/.tristen@tempokontrol_co_za/.Drafts" "Mozilla/5.0 AppleWebKit/537.36 (KHTML, like Gecko; compatible; GPTBot/1.4; +https://openai.com/gptbot)"
74.7.227.163 - - [31/Jul/2026:16:19:11 +0200] "GET /?fileloc=//sys/class/net/lo/subsystem/lo/subsystem/eth0/device/net/eth0/device/net/eth0/subsystem/lo/statistics/rx_compressed&path=//sys/class/net/lo/subsystem/lo/subsystem/eth0/device/net/eth0/device/net/eth0/subsystem/lo/statistics HTTP/1.1" 200 13629 "https://www.tempokontrol.co.za/?path=//sys/class/net/lo/subsystem/lo/subsystem/eth0/device/net/eth0/device/net/eth0/subsystem/lo/statistics" "Mozilla/5.0 AppleWebKit/537.36 (KHTML, like Gecko; compatible; GPTBot/1.4; +https://openai.com/gptbot)"
74.7.242.17 - - [31/Jul/2026:16:19:15 +0200] "GET /favicon.ico?path=/home/tn/mail/.tristen@tempokontrol_co_za/.Trash/cur HTTP/1.1" 200 12959 "https://tempokontrol.co.za/favicon.ico?path=/home/tn/mail/.tristen@tempokontrol_co_za/.Trash" "Mozilla/5.0 AppleWebKit/537.36 (KHTML, like Gecko; compatible; GPTBot/1.4; +https://openai.com/gptbot)"
74.7.227.163 - - [31/Jul/2026:16:19:14 +0200] "GET /?fileloc=//sys/class/net/lo/subsystem/lo/subsystem/eth0/device/net/eth0/device/net/eth0/subsystem/lo/statistics/rx_length_errors&path=//sys/class/net/lo/subsystem/lo/subsystem/eth0/device/net/eth0/device/net/eth0/subsystem/lo/statistics HTTP/1.1" 200 13632 "https://www.tempokontrol.co.za/?path=//sys/class/net/lo/subsystem/lo/subsystem/eth0/device/net/eth0/device/net/eth0/subsystem/lo/statistics" "Mozilla/5.0 AppleWebKit/537.36 (KHTML, like Gecko; compatible; GPTBot/1.4; +https://openai.com/gptbot)"
74.7.227.163 - - [31/Jul/2026:16:19:17 +0200] "GET /?fileloc=//sys/class/net/lo/subsystem/lo/subsystem/eth0/device/net/eth0/device/net/eth0/subsystem/lo/statistics/rx_crc_errors&path=//sys/class/net/lo/subsystem/lo/subsystem/eth0/device/net/eth0/device/net/eth0/subsystem/lo/statistics HTTP/1.1" 200 13629 "https://www.tempokontrol.co.za/?path=//sys/class/net/lo/subsystem/lo/subsystem/eth0/device/net/eth0/device/net/eth0/subsystem/lo/statistics" "Mozilla/5.0 AppleWebKit/537.36 (KHTML, like Gecko; compatible; GPTBot/1.4; +https://openai.com/gptbot)"
74.7.242.17 - - [31/Jul/2026:16:19:18 +0200] "GET /?fileloc=//lib64/libdbus-1.so.3.19.13&path=//lib64 HTTP/1.1" 200 533767 "https://tempokontrol.co.za/?path=//lib64" "Mozilla/5.0 AppleWebKit/537.36 (KHTML, like Gecko; compatible; GPTBot/1.4; +https://openai.com/gptbot)"
74.7.227.163 - - [31/Jul/2026:16:19:21 +0200] "GET /?fileloc=//sys/class/net/lo/subsystem/lo/subsystem/eth0/device/net/eth0/device/net/eth0/subsystem/lo/statistics/tx_dropped&path=//sys/class/net/lo/subsystem/lo/subsystem/eth0/device/net/eth0/device/net/eth0/subsystem/lo/statistics HTTP/1.1" 200 13626 "https://www.tempokontrol.co.za/?path=//sys/class/net/lo/subsystem/lo/subsystem/eth0/device/net/eth0/device/net/eth0/subsystem/lo/statistics" "Mozilla/5.0 AppleWebKit/537.36 (KHTML, like Gecko; compatible; GPTBot/1.4; +https://openai.com/gptbot)"
74.7.242.17 - - [31/Jul/2026:16:19:21 +0200] "GET /?fileloc=//lib64/libpcre32.so.0.0.12&path=//lib64 HTTP/1.1" 200 715987 "https://tempokontrol.co.za/?path=//lib64" "Mozilla/5.0 AppleWebKit/537.36 (KHTML, like Gecko; compatible; GPTBot/1.4; +https://openai.com/gptbot)"
74.7.242.17 - - [31/Jul/2026:16:19:24 +0200] "GET /favicon.ico?path=/home/tn/mail/.mailbox_format.cpanel/cur HTTP/1.1" 200 12861 "https://tempokontrol.co.za/favicon.ico?path=/home/tn/mail/.mailbox_format.cpanel" "Mozilla/5.0 AppleWebKit/537.36 (KHTML, like Gecko; compatible; GPTBot/1.4; +https://openai.com/gptbot)"
74.7.227.163 - - [31/Jul/2026:16:19:24 +0200] "GET /?fileloc=//sys/class/net/lo/subsystem/lo/subsystem/eth0/device/net/eth0/device/net/eth0/subsystem/lo/subsystem/lo/addr_assign_type&path=//sys/class/net/lo/subsystem/lo/subsystem/eth0/device/net/eth0/device/net/eth0/subsystem/lo/subsystem/lo HTTP/1.1" 200 13760 "https://www.tempokontrol.co.za/?path=//sys/class/net/lo/subsystem/lo/subsystem/eth0/device/net/eth0/device/net/eth0/subsystem/lo/subsystem/lo" "Mozilla/5.0 AppleWebKit/537.36 (KHTML, like Gecko; compatible; GPTBot/1.4; +https://openai.com/gptbot)"
74.7.242.17 - - [31/Jul/2026:16:19:27 +0200] "GET /favicon.ico?path=/home/tn/mail/.mailbox_format.cpanel/new HTTP/1.1" 200 12861 "https://tempokontrol.co.za/favicon.ico?path=/home/tn/mail/.mailbox_format.cpanel" "Mozilla/5.0 AppleWebKit/537.36 (KHTML, like Gecko; compatible; GPTBot/1.4; +https://openai.com/gptbot)"
74.7.227.163 - - [31/Jul/2026:16:19:27 +0200] "GET /?fileloc=//sys/class/net/lo/subsystem/lo/subsystem/eth0/device/net/eth0/device/net/eth0/subsystem/lo/statistics/rx_frame_errors&path=//sys/class/net/lo/subsystem/lo/subsystem/eth0/device/net/eth0/device/net/eth0/subsystem/lo/statistics HTTP/1.1" 200 13631 "https://www.tempokontrol.co.za/?path=//sys/class/net/lo/subsystem/lo/subsystem/eth0/device/net/eth0/device/net/eth0/subsystem/lo/statistics" "Mozilla/5.0 AppleWebKit/537.36 (KHTML, like Gecko; compatible; GPTBot/1.4; +https://openai.com/gptbot)"
74.7.227.163 - - [31/Jul/2026:16:19:30 +0200] "GET /?fileloc=//sys/class/net/lo/subsystem/lo/subsystem/eth0/device/net/eth0/device/net/eth0/subsystem/lo/statistics/rx_nohandler&path=//sys/class/net/lo/subsystem/lo/subsystem/eth0/device/net/eth0/device/net/eth0/subsystem/lo/statistics HTTP/1.1" 200 13628 "https://www.tempokontrol.co.za/?path=//sys/class/net/lo/subsystem/lo/subsystem/eth0/device/net/eth0/device/net/eth0/subsystem/lo/statistics" "Mozilla/5.0 AppleWebKit/537.36 (KHTML, like Gecko; compatible; GPTBot/1.4; +https://openai.com/gptbot)"
74.7.242.17 - - [31/Jul/2026:16:19:30 +0200] "GET /?fileloc=//lib64/cmake/expat-2.5.0/expat.cmake&path=//lib64/cmake/expat-2.5.0 HTTP/1.1" 200 16776 "https://tempokontrol.co.za/?path=//lib64/cmake/expat-2.5.0" "Mozilla/5.0 AppleWebKit/537.36 (KHTML, like Gecko; compatible; GPTBot/1.4; +https://openai.com/gptbot)"
74.7.227.163 - - [31/Jul/2026:16:19:33 +0200] "GET /?fileloc=//sys/class/net/lo/subsystem/lo/subsystem/eth0/device/net/eth0/device/net/eth0/subsystem/lo/subsystem/lo/gro_flush_timeout&path=//sys/class/net/lo/subsystem/lo/subsystem/eth0/device/net/eth0/device/net/eth0/subsystem/lo/subsystem/lo HTTP/1.1" 200 13761 "https://www.tempokontrol.co.za/?path=//sys/class/net/lo/subsystem/lo/subsystem/eth0/device/net/eth0/device/net/eth0/subsystem/lo/subsystem/lo" "Mozilla/5.0 AppleWebKit/537.36 (KHTML, like Gecko; compatible; GPTBot/1.4; +https://openai.com/gptbot)"
74.7.242.17 - - [31/Jul/2026:16:19:33 +0200] "GET /?fileloc=//lib64/python3.9/__future__.py&path=//lib64/python3.9 HTTP/1.1" 200 17948 "https://tempokontrol.co.za/?path=//lib64/python3.9" "Mozilla/5.0 AppleWebKit/537.36 (KHTML, like Gecko; compatible; GPTBot/1.4; +https://openai.com/gptbot)"
74.7.227.163 - - [31/Jul/2026:16:19:36 +0200] "GET /?fileloc=//sys/class/net/lo/subsystem/lo/subsystem/eth0/device/net/eth0/subsystem/eth0/device/subsystem/drivers/hv_utils/bind&path=//sys/class/net/lo/subsystem/lo/subsystem/eth0/device/net/eth0/subsystem/eth0/device/subsystem/drivers/hv_utils HTTP/1.1" 200 13675 "https://www.tempokontrol.co.za/?path=//sys/class/net/lo/subsystem/lo/subsystem/eth0/device/net/eth0/subsystem/eth0/device/subsystem/drivers/hv_utils" "Mozilla/5.0 AppleWebKit/537.36 (KHTML, like Gecko; compatible; GPTBot/1.4; +https://openai.com/gptbot)"
74.7.242.17 - - [31/Jul/2026:16:19:37 +0200] "GET /?fileloc=//lib64/libgstcheck-1.0.so.0&path=//lib64 HTTP/1.1" 200 230047 "https://tempokontrol.co.za/?path=//lib64" "Mozilla/5.0 AppleWebKit/537.36 (KHTML, like Gecko; compatible; GPTBot/1.4; +https://openai.com/gptbot)"
74.7.227.163 - - [31/Jul/2026:16:19:39 +0200] "GET /?fileloc=//sys/class/net/lo/subsystem/lo/subsystem/eth0/device/net/eth0/device/net/eth0/subsystem/lo/subsystem/lo/carrier_changes&path=//sys/class/net/lo/subsystem/lo/subsystem/eth0/device/net/eth0/device/net/eth0/subsystem/lo/subsystem/lo HTTP/1.1" 200 13759 "https://www.tempokontrol.co.za/?path=//sys/class/net/lo/subsystem/lo/subsystem/eth0/device/net/eth0/device/net/eth0/subsystem/lo/subsystem/lo" "Mozilla/5.0 AppleWebKit/537.36 (KHTML, like Gecko; compatible; GPTBot/1.4; +https://openai.com/gptbot)"
74.7.242.17 - - [31/Jul/2026:16:19:40 +0200] "GET /?fileloc=//lib64/wireplumber-0.5/libwireplumber-module-notifications-api.so&path=//lib64/wireplumber-0.5 HTTP/1.1" 200 35688 "https://tempokontrol.co.za/?path=//lib64/wireplumber-0.5" "Mozilla/5.0 AppleWebKit/537.36 (KHTML, like Gecko; compatible; GPTBot/1.4; +https://openai.com/gptbot)"
74.7.242.17 - - [31/Jul/2026:16:19:43 +0200] "GET /favicon.ico?path=/home/tn/wordpress-backups HTTP/1.1" 200 12742 "https://tempokontrol.co.za/favicon.ico?path=/home/tn" "Mozilla/5.0 AppleWebKit/537.36 (KHTML, like Gecko; compatible; GPTBot/1.4; +https://openai.com/gptbot)"
74.7.227.163 - - [31/Jul/2026:16:19:43 +0200] "GET /?fileloc=//sys/class/net/lo/subsystem/lo/subsystem/eth0/device/net/eth0/device/net/eth0/subsystem/lo/subsystem/lo/carrier_down_count&path=//sys/class/net/lo/subsystem/lo/subsystem/eth0/device/net/eth0/device/net/eth0/subsystem/lo/subsystem/lo HTTP/1.1" 200 13762 "https://www.tempokontrol.co.za/?path=//sys/class/net/lo/subsystem/lo/subsystem/eth0/device/net/eth0/device/net/eth0/subsystem/lo/subsystem/lo" "Mozilla/5.0 AppleWebKit/537.36 (KHTML, like Gecko; compatible; GPTBot/1.4; +https://openai.com/gptbot)"
74.7.227.163 - - [31/Jul/2026:16:19:46 +0200] "GET /?fileloc=//sys/class/net/lo/subsystem/lo/subsystem/eth0/device/net/eth0/device/net/eth0/subsystem/lo/statistics/tx_aborted_errors&path=//sys/class/net/lo/subsystem/lo/subsystem/eth0/device/net/eth0/device/net/eth0/subsystem/lo/statistics HTTP/1.1" 200 13633 "https://www.tempokontrol.co.za/?path=//sys/class/net/lo/subsystem/lo/subsystem/eth0/device/net/eth0/device/net/eth0/subsystem/lo/statistics" "Mozilla/5.0 AppleWebKit/537.36 (KHTML, like Gecko; compatible; GPTBot/1.4; +https://openai.com/gptbot)"
74.7.242.17 - - [31/Jul/2026:16:19:46 +0200] "GET /?fileloc=//lib64/python3.9/fractions.py&path=//lib64/python3.9 HTTP/1.1" 200 38419 "https://tempokontrol.co.za/?path=//lib64/python3.9" "Mozilla/5.0 AppleWebKit/537.36 (KHTML, like Gecko; compatible; GPTBot/1.4; +https://openai.com/gptbot)"
74.7.242.17 - - [31/Jul/2026:16:19:49 +0200] "GET /?fileloc=//lib64/python3.9/formatter.py&path=//lib64/python3.9 HTTP/1.1" 200 28123 "https://tempokontrol.co.za/?path=//lib64/python3.9" "Mozilla/5.0 AppleWebKit/537.36 (KHTML, like Gecko; compatible; GPTBot/1.4; +https://openai.com/gptbot)"
74.7.227.163 - - [31/Jul/2026:16:19:49 +0200] "GET /?fileloc=//sys/class/net/lo/subsystem/lo/subsystem/eth0/device/net/eth0/device/net/eth0/subsystem/lo/statistics/tx_errors&path=//sys/class/net/lo/subsystem/lo/subsystem/eth0/device/net/eth0/device/net/eth0/subsystem/lo/statistics HTTP/1.1" 200 13625 "https://www.tempokontrol.co.za/?path=//sys/class/net/lo/subsystem/lo/subsystem/eth0/device/net/eth0/device/net/eth0/subsystem/lo/statistics" "Mozilla/5.0 AppleWebKit/537.36 (KHTML, like Gecko; compatible; GPTBot/1.4; +https://openai.com/gptbot)"
74.7.227.163 - - [31/Jul/2026:16:19:52 +0200] "GET /?fileloc=//sys/class/net/lo/subsystem/lo/subsystem/eth0/device/net/eth0/subsystem/eth0/device/driver/module/sections/.bss&path=//sys/class/net/lo/subsystem/lo/subsystem/eth0/device/net/eth0/subsystem/eth0/device/driver/module/sections HTTP/1.1" 200 13656 "https://www.tempokontrol.co.za/?path=//sys/class/net/lo/subsystem/lo/subsystem/eth0/device/net/eth0/subsystem/eth0/device/driver/module/sections" "Mozilla/5.0 AppleWebKit/537.36 (KHTML, like Gecko; compatible; GPTBot/1.4; +https://openai.com/gptbot)"
74.7.242.17 - - [31/Jul/2026:16:19:52 +0200] "GET /?fileloc=//lib64/python3.9/traceback.py&path=//lib64/python3.9 HTTP/1.1" 200 38826 "https://tempokontrol.co.za/?path=//lib64/python3.9" "Mozilla/5.0 AppleWebKit/537.36 (KHTML, like Gecko; compatible; GPTBot/1.4; +https://openai.com/gptbot)"
74.7.227.163 - - [31/Jul/2026:16:19:55 +0200] "GET /?fileloc=//sys/class/net/lo/subsystem/lo/subsystem/eth0/device/net/eth0/device/net/eth0/subsystem/lo/subsystem/lo/proto_down&path=//sys/class/net/lo/subsystem/lo/subsystem/eth0/device/net/eth0/device/net/eth0/subsystem/lo/subsystem/lo HTTP/1.1" 200 13754 "https://www.tempokontrol.co.za/?path=//sys/class/net/lo/subsystem/lo/subsystem/eth0/device/net/eth0/device/net/eth0/subsystem/lo/subsystem/lo" "Mozilla/5.0 AppleWebKit/537.36 (KHTML, like Gecko; compatible; GPTBot/1.4; +https://openai.com/gptbot)"
74.7.242.17 - - [31/Jul/2026:16:19:55 +0200] "GET /?fileloc=//lib64/python3.9/sysconfig.py&path=//lib64/python3.9 HTTP/1.1" 200 41513 "https://tempokontrol.co.za/?path=//lib64/python3.9" "Mozilla/5.0 AppleWebKit/537.36 (KHTML, like Gecko; compatible; GPTBot/1.4; +https://openai.com/gptbot)"
74.7.227.163 - - [31/Jul/2026:16:19:58 +0200] "GET /?fileloc=//sys/class/net/lo/subsystem/lo/subsystem/eth0/device/net/eth0/subsystem/eth0/device/driver/module/sections/.text&path=//sys/class/net/lo/subsystem/lo/subsystem/eth0/device/net/eth0/subsystem/eth0/device/driver/module/sections HTTP/1.1" 200 13657 "https://www.tempokontrol.co.za/?path=//sys/class/net/lo/subsystem/lo/subsystem/eth0/device/net/eth0/subsystem/eth0/device/driver/module/sections" "Mozilla/5.0 AppleWebKit/537.36 (KHTML, like Gecko; compatible; GPTBot/1.4; +https://openai.com/gptbot)"
74.7.242.17 - - [31/Jul/2026:16:19:59 +0200] "GET /?fileloc=//lib64/python3.9/selectors.py&path=//lib64/python3.9 HTTP/1.1" 200 32938 "https://tempokontrol.co.za/?path=//lib64/python3.9" "Mozilla/5.0 AppleWebKit/537.36 (KHTML, like Gecko; compatible; GPTBot/1.4; +https://openai.com/gptbot)"
74.7.227.163 - - [31/Jul/2026:16:20:01 +0200] "GET /?fileloc=//sys/class/net/lo/subsystem/lo/subsystem/eth0/device/net/eth0/device/net/eth0/subsystem/lo/subsystem/lo/carrier_up_count&path=//sys/class/net/lo/subsystem/lo/subsystem/eth0/device/net/eth0/device/net/eth0/subsystem/lo/subsystem/lo HTTP/1.1" 200 13760 "https://www.tempokontrol.co.za/?path=//sys/class/net/lo/subsystem/lo/subsystem/eth0/device/net/eth0/device/net/eth0/subsystem/lo/subsystem/lo" "Mozilla/5.0 AppleWebKit/537.36 (KHTML, like Gecko; compatible; GPTBot/1.4; +https://openai.com/gptbot)"
74.7.242.17 - - [31/Jul/2026:16:20:02 +0200] "GET /?fileloc=//lib64/python3.9/asynchat.py&path=//lib64/python3.9 HTTP/1.1" 200 24107 "https://tempokontrol.co.za/?path=//lib64/python3.9" "Mozilla/5.0 AppleWebKit/537.36 (KHTML, like Gecko; compatible; GPTBot/1.4; +https://openai.com/gptbot)"
74.7.227.163 - - [31/Jul/2026:16:20:05 +0200] "GET /?fileloc=//sys/class/net/eth0/subsystem/lo/subsystem/eth0/device/net/eth0/device/driver/module/drivers/vmbus:hv_netvsc/module/sections/.note.Linux&path=//sys/class/net/eth0/subsystem/lo/subsystem/eth0/device/net/eth0/device/driver/module/drivers/vmbus:hv_netvsc/module/sections HTTP/1.1" 200 13884 "https://www.tempokontrol.co.za/?path=//sys/class/net/eth0/subsystem/lo/subsystem/eth0/device/net/eth0/device/driver/module/drivers/vmbus:hv_netvsc/module/sections" "Mozilla/5.0 AppleWebKit/537.36 (KHTML, like Gecko; compatible; GPTBot/1.4; +https://openai.com/gptbot)"
74.7.242.17 - - [31/Jul/2026:16:20:05 +0200] "GET /?fileloc=//lib64/python3.9/tempfile.py&path=//lib64/python3.9 HTTP/1.1" 200 42153 "https://tempokontrol.co.za/?path=//lib64/python3.9" "Mozilla/5.0 AppleWebKit/537.36 (KHTML, like Gecko; compatible; GPTBot/1.4; +https://openai.com/gptbot)"
74.7.227.163 - - [31/Jul/2026:16:20:08 +0200] "GET /?path=//sys/class/net/eth0/subsystem/eth0/subsystem/eth0/power HTTP/1.1" 200 21203 "https://www.tempokontrol.co.za/?path=//sys/class/net/eth0/subsystem/eth0/subsystem/eth0" "Mozilla/5.0 AppleWebKit/537.36 (KHTML, like Gecko; compatible; GPTBot/1.4; +https://openai.com/gptbot)"
74.7.242.17 - - [31/Jul/2026:16:20:08 +0200] "GET /?fileloc=//lib64/python3.9/operator.py&path=//lib64/python3.9 HTTP/1.1" 200 24729 "https://tempokontrol.co.za/?path=//lib64/python3.9" "Mozilla/5.0 AppleWebKit/537.36 (KHTML, like Gecko; compatible; GPTBot/1.4; +https://openai.com/gptbot)"
74.7.227.163 - - [31/Jul/2026:16:20:11 +0200] "GET /?path=//sys/class/net/eth0/subsystem/eth0/subsystem/eth0/device HTTP/1.1" 200 65463 "https://www.tempokontrol.co.za/?path=//sys/class/net/eth0/subsystem/eth0/subsystem/eth0" "Mozilla/5.0 AppleWebKit/537.36 (KHTML, like Gecko; compatible; GPTBot/1.4; +https://openai.com/gptbot)"
74.7.242.17 - - [31/Jul/2026:16:20:11 +0200] "GET /?fileloc=//lib64/python3.9/pstats.py&path=//lib64/python3.9 HTTP/1.1" 200 43622 "https://tempokontrol.co.za/?path=//lib64/python3.9" "Mozilla/5.0 AppleWebKit/537.36 (KHTML, like Gecko; compatible; GPTBot/1.4; +https://openai.com/gptbot)"
74.7.227.163 - - [31/Jul/2026:16:20:14 +0200] "GET /?fileloc=//sys/kernel/kexec_loaded&path=//sys/kernel HTTP/1.1" 200 12282 "https://www.tempokontrol.co.za/?path=//sys/kernel" "Mozilla/5.0 AppleWebKit/537.36 (KHTML, like Gecko; compatible; GPTBot/1.4; +https://openai.com/gptbot)"
74.7.242.17 - - [31/Jul/2026:16:20:14 +0200] "GET /?fileloc=//lib64/python3.9/bisect.py&path=//lib64/python3.9 HTTP/1.1" 200 14844 "https://tempokontrol.co.za/?path=//lib64/python3.9" "Mozilla/5.0 AppleWebKit/537.36 (KHTML, like Gecko; compatible; GPTBot/1.4; +https://openai.com/gptbot)"
74.7.227.163 - - [31/Jul/2026:16:20:17 +0200] "GET /?path=//sys/class/net/lo/subsystem/lo/subsystem/lo/statistics HTTP/1.1" 200 51417 "https://www.tempokontrol.co.za/?path=//sys/class/net/lo/subsystem/lo/subsystem/lo" "Mozilla/5.0 AppleWebKit/537.36 (KHTML, like Gecko; compatible; GPTBot/1.4; +https://openai.com/gptbot)"
74.7.242.17 - - [31/Jul/2026:16:20:18 +0200] "GET /?fileloc=//lib64/python3.9/binhex.py&path=//lib64/python3.9 HTTP/1.1" 200 28087 "https://tempokontrol.co.za/?path=//lib64/python3.9" "Mozilla/5.0 AppleWebKit/537.36 (KHTML, like Gecko; compatible; GPTBot/1.4; +https://openai.com/gptbot)"
74.7.227.163 - - [31/Jul/2026:16:20:20 +0200] "GET /?fileloc=//sys/class/net/lo/subsystem/lo/subsystem/eth0/device/net/eth0/device/subsystem/drivers/hv_netvsc/module/drivers/vmbus:hv_netvsc/module/parameters/debug&path=//sys/class/net/lo/subsystem/lo/subsystem/eth0/device/net/eth0/device/subsystem/drivers/hv_netvsc/module/drivers/vmbus:hv_netvsc/module/parameters HTTP/1.1" 200 14229 "https://www.tempokontrol.co.za/?path=//sys/class/net/lo/subsystem/lo/subsystem/eth0/device/net/eth0/device/subsystem/drivers/hv_netvsc/module/drivers/vmbus:hv_netvsc/module/parameters" "Mozilla/5.0 AppleWebKit/537.36 (KHTML, like Gecko; compatible; GPTBot/1.4; +https://openai.com/gptbot)"
74.7.242.17 - - [31/Jul/2026:16:20:21 +0200] "GET /?fileloc=//lib64/python3.9/pickle.py&path=//lib64/python3.9 HTTP/1.1" 200 81685 "https://tempokontrol.co.za/?path=//lib64/python3.9" "Mozilla/5.0 AppleWebKit/537.36 (KHTML, like Gecko; compatible; GPTBot/1.4; +https://openai.com/gptbot)"
74.7.227.163 - - [31/Jul/2026:16:20:23 +0200] "GET /?fileloc=//sys/class/net/lo/subsystem/lo/subsystem/eth0/device/net/eth0/device/subsystem/drivers/hid_hyperv/module/drivers/hid:hid-hyperv/module/srcversion&path=//sys/class/net/lo/subsystem/lo/subsystem/eth0/device/net/eth0/device/subsystem/drivers/hid_hyperv/module/drivers/hid:hid-hyperv/module HTTP/1.1" 200 14069 "https://www.tempokontrol.co.za/?path=//sys/class/net/lo/subsystem/lo/subsystem/eth0/device/net/eth0/device/subsystem/drivers/hid_hyperv/module/drivers/hid:hid-hyperv/module" "Mozilla/5.0 AppleWebKit/537.36 (KHTML, like Gecko; compatible; GPTBot/1.4; +https://openai.com/gptbot)"
74.7.242.17 - - [31/Jul/2026:16:20:24 +0200] "GET /?fileloc=//lib64/python3.9/codeop.py&path=//lib64/python3.9 HTTP/1.1" 200 19098 "https://tempokontrol.co.za/?path=//lib64/python3.9" "Mozilla/5.0 AppleWebKit/537.36 (KHTML, like Gecko; compatible; GPTBot/1.4; +https://openai.com/gptbot)"
74.7.227.163 - - [31/Jul/2026:16:20:26 +0200] "GET /?fileloc=//sys/class/net/lo/subsystem/lo/subsystem/eth0/device/net/eth0/device/subsystem/drivers/hid_hyperv/module/drivers/hid:hid-hyperv/module/rhelversion&path=//sys/class/net/lo/subsystem/lo/subsystem/eth0/device/net/eth0/device/subsystem/drivers/hid_hyperv/module/drivers/hid:hid-hyperv/module HTTP/1.1" 200 14050 "https://www.tempokontrol.co.za/?path=//sys/class/net/lo/subsystem/lo/subsystem/eth0/device/net/eth0/device/subsystem/drivers/hid_hyperv/module/drivers/hid:hid-hyperv/module" "Mozilla/5.0 AppleWebKit/537.36 (KHTML, like Gecko; compatible; GPTBot/1.4; +https://openai.com/gptbot)"
74.7.242.17 - - [31/Jul/2026:16:20:27 +0200] "GET /?fileloc=//lib64/python3.9/heapq.py&path=//lib64/python3.9 HTTP/1.1" 200 36075 "https://tempokontrol.co.za/?path=//lib64/python3.9" "Mozilla/5.0 AppleWebKit/537.36 (KHTML, like Gecko; compatible; GPTBot/1.4; +https://openai.com/gptbot)"
74.7.227.163 - - [31/Jul/2026:16:20:30 +0200] "GET /?fileloc=//sys/class/net/lo/subsystem/lo/subsystem/eth0/device/net/eth0/device/subsystem/drivers/hv_netvsc/module/drivers/vmbus:hv_netvsc/module/rhelversion&path=//sys/class/net/lo/subsystem/lo/subsystem/eth0/device/net/eth0/device/subsystem/drivers/hv_netvsc/module/drivers/vmbus:hv_netvsc/module HTTP/1.1" 200 14047 "https://www.tempokontrol.co.za/?path=//sys/class/net/lo/subsystem/lo/subsystem/eth0/device/net/eth0/device/subsystem/drivers/hv_netvsc/module/drivers/vmbus:hv_netvsc/module" "Mozilla/5.0 AppleWebKit/537.36 (KHTML, like Gecko; compatible; GPTBot/1.4; +https://openai.com/gptbot)"
74.7.242.17 - - [31/Jul/2026:16:20:30 +0200] "GET /?fileloc=//lib64/python3.9/cgitb.py&path=//lib64/python3.9 HTTP/1.1" 200 26541 "https://tempokontrol.co.za/?path=//lib64/python3.9" "Mozilla/5.0 AppleWebKit/537.36 (KHTML, like Gecko; compatible; GPTBot/1.4; +https://openai.com/gptbot)"
74.7.227.163 - - [31/Jul/2026:16:20:33 +0200] "GET /?fileloc=//sys/class/net/lo/subsystem/lo/subsystem/eth0/device/net/eth0/device/subsystem/drivers/hv_netvsc/module/drivers/vmbus:hv_netvsc/module/sections/.text.unlikely&path=//sys/class/net/lo/subsystem/lo/subsystem/eth0/device/net/eth0/device/subsystem/drivers/hv_netvsc/module/drivers/vmbus:hv_netvsc/module/sections HTTP/1.1" 200 14229 "https://www.tempokontrol.co.za/?path=//sys/class/net/lo/subsystem/lo/subsystem/eth0/device/net/eth0/device/subsystem/drivers/hv_netvsc/module/drivers/vmbus:hv_netvsc/module/sections" "Mozilla/5.0 AppleWebKit/537.36 (KHTML, like Gecko; compatible; GPTBot/1.4; +https://openai.com/gptbot)"
74.7.242.17 - - [31/Jul/2026:16:20:33 +0200] "GET /?fileloc=//lib64/python3.9/netrc.py&path=//lib64/python3.9 HTTP/1.1" 200 18488 "https://tempokontrol.co.za/?path=//lib64/python3.9" "Mozilla/5.0 AppleWebKit/537.36 (KHTML, like Gecko; compatible; GPTBot/1.4; +https://openai.com/gptbot)"
74.7.227.163 - - [31/Jul/2026:16:20:36 +0200] "GET /?fileloc=//sys/class/net/lo/subsystem/lo/subsystem/eth0/device/net/eth0/device/subsystem/drivers/hv_netvsc/module/drivers/vmbus:hv_netvsc/module/parameters/ring_size&path=//sys/class/net/lo/subsystem/lo/subsystem/eth0/device/net/eth0/device/subsystem/drivers/hv_netvsc/module/drivers/vmbus:hv_netvsc/module/parameters HTTP/1.1" 200 14234 "https://www.tempokontrol.co.za/?path=//sys/class/net/lo/subsystem/lo/subsystem/eth0/device/net/eth0/device/subsystem/drivers/hv_netvsc/module/drivers/vmbus:hv_netvsc/module/parameters" "Mozilla/5.0 AppleWebKit/537.36 (KHTML, like Gecko; compatible; GPTBot/1.4; +https://openai.com/gptbot)"
74.7.242.17 - - [31/Jul/2026:16:20:36 +0200] "GET /?fileloc=//lib64/python3.9/opcode.py&path=//lib64/python3.9 HTTP/1.1" 200 19502 "https://tempokontrol.co.za/?path=//lib64/python3.9" "Mozilla/5.0 AppleWebKit/537.36 (KHTML, like Gecko; compatible; GPTBot/1.4; +https://openai.com/gptbot)"
74.7.227.163 - - [31/Jul/2026:16:20:39 +0200] "GET /?fileloc=//sys/class/net/lo/subsystem/lo/subsystem/eth0/device/net/eth0/device/subsystem/drivers/hv_netvsc/module/drivers/vmbus:hv_netvsc/module/sections/_ftrace_events&path=//sys/class/net/lo/subsystem/lo/subsystem/eth0/device/net/eth0/device/subsystem/drivers/hv_netvsc/module/drivers/vmbus:hv_netvsc/module/sections HTTP/1.1" 200 14229 "https://www.tempokontrol.co.za/?path=//sys/class/net/lo/subsystem/lo/subsystem/eth0/device/net/eth0/device/subsystem/drivers/hv_netvsc/module/drivers/vmbus:hv_netvsc/module/sections" "Mozilla/5.0 AppleWebKit/537.36 (KHTML, like Gecko; compatible; GPTBot/1.4; +https://openai.com/gptbot)"
74.7.242.17 - - [31/Jul/2026:16:20:39 +0200] "GET /?fileloc=//lib64/python3.9/symbol.py&path=//lib64/python3.9 HTTP/1.1" 200 14650 "https://tempokontrol.co.za/?path=//lib64/python3.9" "Mozilla/5.0 AppleWebKit/537.36 (KHTML, like Gecko; compatible; GPTBot/1.4; +https://openai.com/gptbot)"
74.7.227.163 - - [31/Jul/2026:16:20:42 +0200] "GET /?fileloc=//sys/class/net/eth0/subsystem/eth0/subsystem/eth0/power/control&path=//sys/class/net/eth0/subsystem/eth0/subsystem/eth0/power HTTP/1.1" 200 12765 "https://www.tempokontrol.co.za/?path=//sys/class/net/eth0/subsystem/eth0/subsystem/eth0/power" "Mozilla/5.0 AppleWebKit/537.36 (KHTML, like Gecko; compatible; GPTBot/1.4; +https://openai.com/gptbot)"
74.7.242.17 - - [31/Jul/2026:16:20:43 +0200] "GET /?fileloc=//lib64/python3.9/token.py&path=//lib64/python3.9 HTTP/1.1" 200 15269 "https://tempokontrol.co.za/?path=//lib64/python3.9" "Mozilla/5.0 AppleWebKit/537.36 (KHTML, like Gecko; compatible; GPTBot/1.4; +https://openai.com/gptbot)"
74.7.227.163 - - [31/Jul/2026:16:20:45 +0200] "GET /?fileloc=//sys/class/net/eth0/subsystem/eth0/subsystem/eth0/device/vendor&path=//sys/class/net/eth0/subsystem/eth0/subsystem/eth0/device HTTP/1.1" 200 12769 "https://www.tempokontrol.co.za/?path=//sys/class/net/eth0/subsystem/eth0/subsystem/eth0/device" "Mozilla/5.0 AppleWebKit/537.36 (KHTML, like Gecko; compatible; GPTBot/1.4; +https://openai.com/gptbot)"
74.7.242.17 - - [31/Jul/2026:16:20:46 +0200] "GET /?fileloc=//lib64/dovecot/libdcrypt_openssl.so&path=//lib64/dovecot HTTP/1.1" 200 178674 "https://tempokontrol.co.za/?path=//lib64/dovecot" "Mozilla/5.0 AppleWebKit/537.36 (KHTML, like Gecko; compatible; GPTBot/1.4; +https://openai.com/gptbot)"
74.7.227.163 - - [31/Jul/2026:16:20:48 +0200] "GET /?fileloc=//sys/class/net/eth0/subsystem/eth0/subsystem/eth0/device/monitor_id&path=//sys/class/net/eth0/subsystem/eth0/subsystem/eth0/device HTTP/1.1" 200 12768 "https://www.tempokontrol.co.za/?path=//sys/class/net/eth0/subsystem/eth0/subsystem/eth0/device" "Mozilla/5.0 AppleWebKit/537.36 (KHTML, like Gecko; compatible; GPTBot/1.4; +https://openai.com/gptbot)"
74.7.242.17 - - [31/Jul/2026:16:20:49 +0200] "GET /?fileloc=//lib64/gconv/IBM868.so&path=//lib64/gconv HTTP/1.1" 200 36815 "https://tempokontrol.co.za/?path=//lib64/gconv" "Mozilla/5.0 AppleWebKit/537.36 (KHTML, like Gecko; compatible; GPTBot/1.4; +https://openai.com/gptbot)"
74.7.227.163 - - [31/Jul/2026:16:20:52 +0200] "GET /?fileloc=//sys/class/net/lo/subsystem/lo/subsystem/lo/statistics/tx_packets&path=//sys/class/net/lo/subsystem/lo/subsystem/lo/statistics HTTP/1.1" 200 12749 "https://www.tempokontrol.co.za/?path=//sys/class/net/lo/subsystem/lo/subsystem/lo/statistics" "Mozilla/5.0 AppleWebKit/537.36 (KHTML, like Gecko; compatible; GPTBot/1.4; +https://openai.com/gptbot)"
74.7.242.17 - - [31/Jul/2026:16:20:52 +0200] "GET /?fileloc=//lib64/gconv/IBM866.so&path=//lib64/gconv HTTP/1.1" 200 36602 "https://tempokontrol.co.za/?path=//lib64/gconv" "Mozilla/5.0 AppleWebKit/537.36 (KHTML, like Gecko; compatible; GPTBot/1.4; +https://openai.com/gptbot)"
74.7.227.163 - - [31/Jul/2026:16:20:55 +0200] "GET /?fileloc=//sys/class/net/lo/subsystem/lo/subsystem/lo/statistics/tx_bytes&path=//sys/class/net/lo/subsystem/lo/subsystem/lo/statistics HTTP/1.1" 200 12750 "https://www.tempokontrol.co.za/?path=//sys/class/net/lo/subsystem/lo/subsystem/lo/statistics" "Mozilla/5.0 AppleWebKit/537.36 (KHTML, like Gecko; compatible; GPTBot/1.4; +https://openai.com/gptbot)"
74.7.242.17 - - [31/Jul/2026:16:20:55 +0200] "GET /?fileloc=//lib64/gconv/IBM864.so&path=//lib64/gconv HTTP/1.1" 200 37008 "https://tempokontrol.co.za/?path=//lib64/gconv" "Mozilla/5.0 AppleWebKit/537.36 (KHTML, like Gecko; compatible; GPTBot/1.4; +https://openai.com/gptbot)"
74.7.227.163 - - [31/Jul/2026:16:20:58 +0200] "GET /?fileloc=//sys/class/net/lo/subsystem/lo/subsystem/lo/statistics/rx_packets&path=//sys/class/net/lo/subsystem/lo/subsystem/lo/statistics HTTP/1.1" 200 12749 "https://www.tempokontrol.co.za/?path=//sys/class/net/lo/subsystem/lo/subsystem/lo/statistics" "Mozilla/5.0 AppleWebKit/537.36 (KHTML, like Gecko; compatible; GPTBot/1.4; +https://openai.com/gptbot)"
74.7.242.17 - - [31/Jul/2026:16:20:58 +0200] "GET /?fileloc=//lib64/gconv/IBM424.so&path=//lib64/gconv HTTP/1.1" 200 36758 "https://tempokontrol.co.za/?path=//lib64/gconv" "Mozilla/5.0 AppleWebKit/537.36 (KHTML, like Gecko; compatible; GPTBot/1.4; +https://openai.com/gptbot)"
74.7.227.163 - - [31/Jul/2026:16:21:01 +0200] "GET /?fileloc=//sys/class/net/lo/subsystem/lo/subsystem/lo/statistics/rx_bytes&path=//sys/class/net/lo/subsystem/lo/subsystem/lo/statistics HTTP/1.1" 200 12750 "https://www.tempokontrol.co.za/?path=//sys/class/net/lo/subsystem/lo/subsystem/lo/statistics" "Mozilla/5.0 AppleWebKit/537.36 (KHTML, like Gecko; compatible; GPTBot/1.4; +https://openai.com/gptbot)"
74.7.242.17 - - [31/Jul/2026:16:21:01 +0200] "GET /?fileloc=//lib64/graphite2/graphite2-release.cmake&path=//lib64/graphite2 HTTP/1.1" 200 13278 "https://tempokontrol.co.za/?path=//lib64/graphite2" "Mozilla/5.0 AppleWebKit/537.36 (KHTML, like Gecko; compatible; GPTBot/1.4; +https://openai.com/gptbot)"
74.7.227.163 - - [31/Jul/2026:16:21:04 +0200] "GET /?fileloc=//sys/class/net/lo/subsystem/lo/subsystem/lo/statistics/rx_errors&path=//sys/class/net/lo/subsystem/lo/subsystem/lo/statistics HTTP/1.1" 200 12743 "https://www.tempokontrol.co.za/?path=//sys/class/net/lo/subsystem/lo/subsystem/lo/statistics" "Mozilla/5.0 AppleWebKit/537.36 (KHTML, like Gecko; compatible; GPTBot/1.4; +https://openai.com/gptbot)"
74.7.242.17 - - [31/Jul/2026:16:21:05 +0200] "GET /?fileloc=/home/tn/mail/.tristen@tempokontrol_co_za/.spam/dovecot.index.log&path=/home/tn/mail/.tristen@tempokontrol_co_za/.spam HTTP/1.1" 200 12564 "https://tempokontrol.co.za/?path=/home/tn/mail/.tristen@tempokontrol_co_za/.spam" "Mozilla/5.0 AppleWebKit/537.36 (KHTML, like Gecko; compatible; GPTBot/1.4; +https://openai.com/gptbot)"
74.7.227.163 - - [31/Jul/2026:16:21:07 +0200] "GET /?fileloc=//sys/class/net/lo/subsystem/lo/subsystem/lo/statistics/tx_errors&path=//sys/class/net/lo/subsystem/lo/subsystem/lo/statistics HTTP/1.1" 200 12743 "https://www.tempokontrol.co.za/?path=//sys/class/net/lo/subsystem/lo/subsystem/lo/statistics" "Mozilla/5.0 AppleWebKit/537.36 (KHTML, like Gecko; compatible; GPTBot/1.4; +https://openai.com/gptbot)"
74.7.242.17 - - [31/Jul/2026:16:21:08 +0200] "GET /?fileloc=//scripts/cpan_sandbox/ExtUtils/MakeMaker/64BitHack.pm&path=//scripts/cpan_sandbox/ExtUtils/MakeMaker HTTP/1.1" 200 13494 "https://tempokontrol.co.za/?path=//scripts/cpan_sandbox/ExtUtils/MakeMaker" "Mozilla/5.0 AppleWebKit/537.36 (KHTML, like Gecko; compatible; GPTBot/1.4; +https://openai.com/gptbot)"
74.7.227.163 - - [31/Jul/2026:16:21:10 +0200] "GET /?fileloc=//sys/class/net/lo/subsystem/lo/subsystem/lo/statistics/tx_compressed&path=//sys/class/net/lo/subsystem/lo/subsystem/lo/statistics HTTP/1.1" 200 12747 "https://www.tempokontrol.co.za/?path=//sys/class/net/lo/subsystem/lo/subsystem/lo/statistics" "Mozilla/5.0 AppleWebKit/537.36 (KHTML, like Gecko; compatible; GPTBot/1.4; +https://openai.com/gptbot)"
74.7.242.17 - - [31/Jul/2026:16:21:11 +0200] "GET /?fileloc=//lib64/libionic.so.1.0.61.0&path=//lib64 HTTP/1.1" 200 93352 "https://tempokontrol.co.za/?path=//lib64" "Mozilla/5.0 AppleWebKit/537.36 (KHTML, like Gecko; compatible; GPTBot/1.4; +https://openai.com/gptbot)"
74.7.227.163 - - [31/Jul/2026:16:21:13 +0200] "GET /?fileloc=//sys/class/net/lo/subsystem/lo/subsystem/lo/statistics/tx_dropped&path=//sys/class/net/lo/subsystem/lo/subsystem/lo/statistics HTTP/1.1" 200 12744 "https://www.tempokontrol.co.za/?path=//sys/class/net/lo/subsystem/lo/subsystem/lo/statistics" "Mozilla/5.0 AppleWebKit/537.36 (KHTML, like Gecko; compatible; GPTBot/1.4; +https://openai.com/gptbot)"
74.7.242.17 - - [31/Jul/2026:16:21:14 +0200] "GET /?fileloc=//lib64/dovecot/lib01_acl_plugin.so&path=//lib64/dovecot HTTP/1.1" 200 181798 "https://tempokontrol.co.za/?path=//lib64/dovecot" "Mozilla/5.0 AppleWebKit/537.36 (KHTML, like Gecko; compatible; GPTBot/1.4; +https://openai.com/gptbot)"
74.7.227.163 - - [31/Jul/2026:16:21:17 +0200] "GET /?fileloc=//sys/class/net/lo/subsystem/lo/subsystem/lo/statistics/rx_dropped&path=//sys/class/net/lo/subsystem/lo/subsystem/lo/statistics HTTP/1.1" 200 12744 "https://www.tempokontrol.co.za/?path=//sys/class/net/lo/subsystem/lo/subsystem/lo/statistics" "Mozilla/5.0 AppleWebKit/537.36 (KHTML, like Gecko; compatible; GPTBot/1.4; +https://openai.com/gptbot)"
74.7.242.17 - - [31/Jul/2026:16:21:17 +0200] "GET /?fileloc=//lib64/dovecot/lib90_sieve_plugin.so&path=//lib64/dovecot HTTP/1.1" 200 57066 "https://tempokontrol.co.za/?path=//lib64/dovecot" "Mozilla/5.0 AppleWebKit/537.36 (KHTML, like Gecko; compatible; GPTBot/1.4; +https://openai.com/gptbot)"
74.7.227.163 - - [31/Jul/2026:16:21:20 +0200] "GET /?fileloc=//sys/class/net/lo/subsystem/lo/subsystem/lo/statistics/rx_nohandler&path=//sys/class/net/lo/subsystem/lo/subsystem/lo/statistics HTTP/1.1" 200 12746 "https://www.tempokontrol.co.za/?path=//sys/class/net/lo/subsystem/lo/subsystem/lo/statistics" "Mozilla/5.0 AppleWebKit/537.36 (KHTML, like Gecko; compatible; GPTBot/1.4; +https://openai.com/gptbot)"
74.7.242.17 - - [31/Jul/2026:16:21:20 +0200] "GET /?fileloc=//lib64/python3.9/nturl2path.py&path=//lib64/python3.9 HTTP/1.1" 200 15608 "https://tempokontrol.co.za/?path=//lib64/python3.9" "Mozilla/5.0 AppleWebKit/537.36 (KHTML, like Gecko; compatible; GPTBot/1.4; +https://openai.com/gptbot)"
74.7.227.163 - - [31/Jul/2026:16:21:23 +0200] "GET /?fileloc=//sys/class/net/lo/subsystem/lo/subsystem/lo/statistics/rx_over_errors&path=//sys/class/net/lo/subsystem/lo/subsystem/lo/statistics HTTP/1.1" 200 12748 "https://www.tempokontrol.co.za/?path=//sys/class/net/lo/subsystem/lo/subsystem/lo/statistics" "Mozilla/5.0 AppleWebKit/537.36 (KHTML, like Gecko; compatible; GPTBot/1.4; +https://openai.com/gptbot)"
74.7.242.17 - - [31/Jul/2026:16:21:24 +0200] "GET /?fileloc=//lib64/dri/nouveau_dri.so&path=//lib64/dri HTTP/1.1" 200 145738 "https://tempokontrol.co.za/?path=//lib64/dri" "Mozilla/5.0 AppleWebKit/537.36 (KHTML, like Gecko; compatible; GPTBot/1.4; +https://openai.com/gptbot)"
74.7.227.163 - - [31/Jul/2026:16:21:26 +0200] "GET /?fileloc=//sys/class/net/lo/subsystem/lo/subsystem/lo/statistics/rx_crc_errors&path=//sys/class/net/lo/subsystem/lo/subsystem/lo/statistics HTTP/1.1" 200 12747 "https://www.tempokontrol.co.za/?path=//sys/class/net/lo/subsystem/lo/subsystem/lo/statistics" "Mozilla/5.0 AppleWebKit/537.36 (KHTML, like Gecko; compatible; GPTBot/1.4; +https://openai.com/gptbot)"
74.7.242.17 - - [31/Jul/2026:16:21:27 +0200] "GET /?fileloc=//lib64/libasyncns.so.0.3.1&path=//lib64 HTTP/1.1" 200 48951 "https://tempokontrol.co.za/?path=//lib64" "Mozilla/5.0 AppleWebKit/537.36 (KHTML, like Gecko; compatible; GPTBot/1.4; +https://openai.com/gptbot)"
74.7.227.163 - - [31/Jul/2026:16:21:29 +0200] "GET /?fileloc=//sys/class/net/lo/subsystem/lo/subsystem/lo/statistics/rx_fifo_errors&path=//sys/class/net/lo/subsystem/lo/subsystem/lo/statistics HTTP/1.1" 200 12748 "https://www.tempokontrol.co.za/?path=//sys/class/net/lo/subsystem/lo/subsystem/lo/statistics" "Mozilla/5.0 AppleWebKit/537.36 (KHTML, like Gecko; compatible; GPTBot/1.4; +https://openai.com/gptbot)"
74.7.242.17 - - [31/Jul/2026:16:21:30 +0200] "GET /?fileloc=//lib64/libgstriff-1.0.so.0&path=//lib64 HTTP/1.1" 200 104555 "https://tempokontrol.co.za/?path=//lib64" "Mozilla/5.0 AppleWebKit/537.36 (KHTML, like Gecko; compatible; GPTBot/1.4; +https://openai.com/gptbot)"
74.7.227.163 - - [31/Jul/2026:16:21:32 +0200] "GET /?fileloc=//sys/class/net/lo/subsystem/lo/subsystem/lo/statistics/tx_fifo_errors&path=//sys/class/net/lo/subsystem/lo/subsystem/lo/statistics HTTP/1.1" 200 12748 "https://www.tempokontrol.co.za/?path=//sys/class/net/lo/subsystem/lo/subsystem/lo/statistics" "Mozilla/5.0 AppleWebKit/537.36 (KHTML, like Gecko; compatible; GPTBot/1.4; +https://openai.com/gptbot)"
74.7.242.17 - - [31/Jul/2026:16:21:33 +0200] "GET /?fileloc=//lib64/libgobject-2.0.so.0&path=//lib64 HTTP/1.1" 200 560896 "https://tempokontrol.co.za/?path=//lib64" "Mozilla/5.0 AppleWebKit/537.36 (KHTML, like Gecko; compatible; GPTBot/1.4; +https://openai.com/gptbot)"
74.7.227.163 - - [31/Jul/2026:16:21:35 +0200] "GET /?fileloc=//sys/class/net/lo/subsystem/lo/subsystem/lo/statistics/rx_compressed&path=//sys/class/net/lo/subsystem/lo/subsystem/lo/statistics HTTP/1.1" 200 12747 "https://www.tempokontrol.co.za/?path=//sys/class/net/lo/subsystem/lo/subsystem/lo/statistics" "Mozilla/5.0 AppleWebKit/537.36 (KHTML, like Gecko; compatible; GPTBot/1.4; +https://openai.com/gptbot)"
74.7.242.17 - - [31/Jul/2026:16:21:36 +0200] "GET /?fileloc=//lib64/libpkgconf.so.3.0.0&path=//lib64 HTTP/1.1" 200 115010 "https://tempokontrol.co.za/?path=//lib64" "Mozilla/5.0 AppleWebKit/537.36 (KHTML, like Gecko; compatible; GPTBot/1.4; +https://openai.com/gptbot)"
74.7.227.163 - - [31/Jul/2026:16:21:38 +0200] "GET /?fileloc=//sys/class/net/lo/subsystem/lo/subsystem/lo/statistics/rx_frame_errors&path=//sys/class/net/lo/subsystem/lo/subsystem/lo/statistics HTTP/1.1" 200 12749 "https://www.tempokontrol.co.za/?path=//sys/class/net/lo/subsystem/lo/subsystem/lo/statistics" "Mozilla/5.0 AppleWebKit/537.36 (KHTML, like Gecko; compatible; GPTBot/1.4; +https://openai.com/gptbot)"
74.7.242.17 - - [31/Jul/2026:16:21:40 +0200] "GET /?fileloc=//lib64/libfdk-aac.so.2.0.0&path=//lib64 HTTP/1.1" 200 988101 "https://tempokontrol.co.za/?path=//lib64" "Mozilla/5.0 AppleWebKit/537.36 (KHTML, like Gecko; compatible; GPTBot/1.4; +https://openai.com/gptbot)"
74.7.227.163 - - [31/Jul/2026:16:21:42 +0200] "GET /?fileloc=//sys/class/net/lo/subsystem/lo/subsystem/lo/statistics/rx_missed_errors&path=//sys/class/net/lo/subsystem/lo/subsystem/lo/statistics HTTP/1.1" 200 12750 "https://www.tempokontrol.co.za/?path=//sys/class/net/lo/subsystem/lo/subsystem/lo/statistics" "Mozilla/5.0 AppleWebKit/537.36 (KHTML, like Gecko; compatible; GPTBot/1.4; +https://openai.com/gptbot)"
74.7.242.17 - - [31/Jul/2026:16:21:43 +0200] "GET /?fileloc=//lib64/liburcu-bp.so.6.1.0&path=//lib64 HTTP/1.1" 200 67091 "https://tempokontrol.co.za/?path=//lib64" "Mozilla/5.0 AppleWebKit/537.36 (KHTML, like Gecko; compatible; GPTBot/1.4; +https://openai.com/gptbot)"
74.7.227.163 - - [31/Jul/2026:16:21:45 +0200] "GET /?fileloc=//sys/class/net/lo/subsystem/lo/subsystem/lo/statistics/tx_aborted_errors&path=//sys/class/net/lo/subsystem/lo/subsystem/lo/statistics HTTP/1.1" 200 12751 "https://www.tempokontrol.co.za/?path=//sys/class/net/lo/subsystem/lo/subsystem/lo/statistics" "Mozilla/5.0 AppleWebKit/537.36 (KHTML, like Gecko; compatible; GPTBot/1.4; +https://openai.com/gptbot)"
74.7.242.17 - - [31/Jul/2026:16:21:46 +0200] "GET /?fileloc=//lib64/man-db/libman-2.9.3.so&path=//lib64/man-db HTTP/1.1" 200 404664 "https://tempokontrol.co.za/?path=//lib64/man-db" "Mozilla/5.0 AppleWebKit/537.36 (KHTML, like Gecko; compatible; GPTBot/1.4; +https://openai.com/gptbot)"
74.7.227.163 - - [31/Jul/2026:16:21:48 +0200] "GET /?fileloc=//sys/class/net/lo/subsystem/lo/subsystem/lo/statistics/rx_length_errors&path=//sys/class/net/lo/subsystem/lo/subsystem/lo/statistics HTTP/1.1" 200 12750 "https://www.tempokontrol.co.za/?path=//sys/class/net/lo/subsystem/lo/subsystem/lo/statistics" "Mozilla/5.0 AppleWebKit/537.36 (KHTML, like Gecko; compatible; GPTBot/1.4; +https://openai.com/gptbot)"
74.7.242.17 - - [31/Jul/2026:16:21:49 +0200] "GET /?fileloc=//lib64/libpwquality.so.1.0.2&path=//lib64 HTTP/1.1" 200 54288 "https://tempokontrol.co.za/?path=//lib64" "Mozilla/5.0 AppleWebKit/537.36 (KHTML, like Gecko; compatible; GPTBot/1.4; +https://openai.com/gptbot)"
74.7.227.163 - - [31/Jul/2026:16:21:51 +0200] "GET /?fileloc=//sys/class/net/lo/subsystem/lo/subsystem/lo/statistics/tx_carrier_errors&path=//sys/class/net/lo/subsystem/lo/subsystem/lo/statistics HTTP/1.1" 200 12751 "https://www.tempokontrol.co.za/?path=//sys/class/net/lo/subsystem/lo/subsystem/lo/statistics" "Mozilla/5.0 AppleWebKit/537.36 (KHTML, like Gecko; compatible; GPTBot/1.4; +https://openai.com/gptbot)"
74.7.242.17 - - [31/Jul/2026:16:21:52 +0200] "GET /?fileloc=//lib64/libkrb5support.so.0.1&path=//lib64 HTTP/1.1" 200 106441 "https://tempokontrol.co.za/?path=//lib64" "Mozilla/5.0 AppleWebKit/537.36 (KHTML, like Gecko; compatible; GPTBot/1.4; +https://openai.com/gptbot)"
74.7.227.163 - - [31/Jul/2026:16:21:54 +0200] "GET /?fileloc=//sys/class/net/lo/subsystem/lo/subsystem/lo/statistics/tx_window_errors&path=//sys/class/net/lo/subsystem/lo/subsystem/lo/statistics HTTP/1.1" 200 12750 "https://www.tempokontrol.co.za/?path=//sys/class/net/lo/subsystem/lo/subsystem/lo/statistics" "Mozilla/5.0 AppleWebKit/537.36 (KHTML, like Gecko; compatible; GPTBot/1.4; +https://openai.com/gptbot)"
74.7.242.17 - - [31/Jul/2026:16:21:55 +0200] "GET /?fileloc=//lib64/libunistring.so.2.1.0&path=//lib64 HTTP/1.1" 200 2567150 "https://tempokontrol.co.za/?path=//lib64" "Mozilla/5.0 AppleWebKit/537.36 (KHTML, like Gecko; compatible; GPTBot/1.4; +https://openai.com/gptbot)"
74.7.227.163 - - [31/Jul/2026:16:21:57 +0200] "GET /?fileloc=//sys/class/net/lo/subsystem/lo/subsystem/lo/statistics/multicast&path=//sys/class/net/lo/subsystem/lo/subsystem/lo/statistics HTTP/1.1" 200 12743 "https://www.tempokontrol.co.za/?path=//sys/class/net/lo/subsystem/lo/subsystem/lo/statistics" "Mozilla/5.0 AppleWebKit/537.36 (KHTML, like Gecko; compatible; GPTBot/1.4; +https://openai.com/gptbot)"
74.7.242.17 - - [31/Jul/2026:16:21:58 +0200] "GET /?fileloc=//lib64/python3.9/sre_compile.py&path=//lib64/python3.9 HTTP/1.1" 200 40889 "https://tempokontrol.co.za/?path=//lib64/python3.9" "Mozilla/5.0 AppleWebKit/537.36 (KHTML, like Gecko; compatible; GPTBot/1.4; +https://openai.com/gptbot)"
74.7.227.163 - - [31/Jul/2026:16:22:00 +0200] "GET /?fileloc=//sys/class/net/lo/subsystem/lo/subsystem/lo/statistics/collisions&path=//sys/class/net/lo/subsystem/lo/subsystem/lo/statistics HTTP/1.1" 200 12744 "https://www.tempokontrol.co.za/?path=//sys/class/net/lo/subsystem/lo/subsystem/lo/statistics" "Mozilla/5.0 AppleWebKit/537.36 (KHTML, like Gecko; compatible; GPTBot/1.4; +https://openai.com/gptbot)"
74.7.242.17 - - [31/Jul/2026:16:22:01 +0200] "GET /?fileloc=//lib64/python3.9/_osx_support.py&path=//lib64/python3.9 HTTP/1.1" 200 36560 "https://tempokontrol.co.za/?path=//lib64/python3.9" "Mozilla/5.0 AppleWebKit/537.36 (KHTML, like Gecko; compatible; GPTBot/1.4; +https://openai.com/gptbot)"
74.7.227.163 - - [31/Jul/2026:16:22:03 +0200] "GET /?fileloc=//sys/class/net/lo/subsystem/lo/subsystem/lo/statistics/tx_heartbeat_errors&path=//sys/class/net/lo/subsystem/lo/subsystem/lo/statistics HTTP/1.1" 200 12753 "https://www.tempokontrol.co.za/?path=//sys/class/net/lo/subsystem/lo/subsystem/lo/statistics" "Mozilla/5.0 AppleWebKit/537.36 (KHTML, like Gecko; compatible; GPTBot/1.4; +https://openai.com/gptbot)"
74.7.242.17 - - [31/Jul/2026:16:22:05 +0200] "GET /?fileloc=//lib64/python3.9/_pydecimal.py&path=//lib64/python3.9 HTTP/1.1" 200 268277 "https://tempokontrol.co.za/?path=//lib64/python3.9" "Mozilla/5.0 AppleWebKit/537.36 (KHTML, like Gecko; compatible; GPTBot/1.4; +https://openai.com/gptbot)"
74.7.227.163 - - [31/Jul/2026:16:22:06 +0200] "GET /?fileloc=//sys/class/net/eth0/subsystem/eth0/subsystem/eth0/power/runtime_status&path=//sys/class/net/eth0/subsystem/eth0/subsystem/eth0/power HTTP/1.1" 200 12779 "https://www.tempokontrol.co.za/?path=//sys/class/net/eth0/subsystem/eth0/subsystem/eth0/power" "Mozilla/5.0 AppleWebKit/537.36 (KHTML, like Gecko; compatible; GPTBot/1.4; +https://openai.com/gptbot)"
74.7.242.17 - - [31/Jul/2026:16:22:08 +0200] "GET /?fileloc=//lib64/python3.9/_aix_support.py&path=//lib64/python3.9 HTTP/1.1" 200 16012 "https://tempokontrol.co.za/?path=//lib64/python3.9" "Mozilla/5.0 AppleWebKit/537.36 (KHTML, like Gecko; compatible; GPTBot/1.4; +https://openai.com/gptbot)"
74.7.227.163 - - [31/Jul/2026:16:22:09 +0200] "GET /?fileloc=//sys/class/net/eth0/subsystem/eth0/subsystem/eth0/device/client_monitor_latency&path=//sys/class/net/eth0/subsystem/eth0/subsystem/eth0/device HTTP/1.1" 200 12783 "https://www.tempokontrol.co.za/?path=//sys/class/net/eth0/subsystem/eth0/subsystem/eth0/device" "Mozilla/5.0 AppleWebKit/537.36 (KHTML, like Gecko; compatible; GPTBot/1.4; +https://openai.com/gptbot)"
74.7.242.17 - - [31/Jul/2026:16:22:11 +0200] "GET /?fileloc=//lib64/perl5/asm/unistd_x32.ph&path=//lib64/perl5/asm HTTP/1.1" 200 53354 "https://tempokontrol.co.za/?path=//lib64/perl5/asm" "Mozilla/5.0 AppleWebKit/537.36 (KHTML, like Gecko; compatible; GPTBot/1.4; +https://openai.com/gptbot)"
74.7.227.163 - - [31/Jul/2026:16:22:13 +0200] "GET /?fileloc=//sys/class/net/eth0/subsystem/eth0/subsystem/eth0/device/server_monitor_pending&path=//sys/class/net/eth0/subsystem/eth0/subsystem/eth0/device HTTP/1.1" 200 12780 "https://www.tempokontrol.co.za/?path=//sys/class/net/eth0/subsystem/eth0/subsystem/eth0/device" "Mozilla/5.0 AppleWebKit/537.36 (KHTML, like Gecko; compatible; GPTBot/1.4; +https://openai.com/gptbot)"
74.7.242.17 - - [31/Jul/2026:16:22:14 +0200] "GET /?fileloc=//lib64/gconv/CP771.so&path=//lib64/gconv HTTP/1.1" 200 36543 "https://tempokontrol.co.za/?path=//lib64/gconv" "Mozilla/5.0 AppleWebKit/537.36 (KHTML, like Gecko; compatible; GPTBot/1.4; +https://openai.com/gptbot)"
74.7.227.163 - - [31/Jul/2026:16:22:16 +0200] "GET /?fileloc=//sys/class/net/eth0/subsystem/eth0/subsystem/eth0/device/client_monitor_pending&path=//sys/class/net/eth0/subsystem/eth0/subsystem/eth0/device HTTP/1.1" 200 12780 "https://www.tempokontrol.co.za/?path=//sys/class/net/eth0/subsystem/eth0/subsystem/eth0/device" "Mozilla/5.0 AppleWebKit/537.36 (KHTML, like Gecko; compatible; GPTBot/1.4; +https://openai.com/gptbot)"
74.7.242.17 - - [31/Jul/2026:16:22:17 +0200] "GET /?fileloc=//lib64/gconv/PT154.so&path=//lib64/gconv HTTP/1.1" 200 36649 "https://tempokontrol.co.za/?path=//lib64/gconv" "Mozilla/5.0 AppleWebKit/537.36 (KHTML, like Gecko; compatible; GPTBot/1.4; +https://openai.com/gptbot)"
74.7.227.163 - - [31/Jul/2026:16:22:19 +0200] "GET /?fileloc=//sys/class/net/eth0/subsystem/eth0/subsystem/eth0/device/driver_override&path=//sys/class/net/eth0/subsystem/eth0/subsystem/eth0/device HTTP/1.1" 200 12778 "https://www.tempokontrol.co.za/?path=//sys/class/net/eth0/subsystem/eth0/subsystem/eth0/device" "Mozilla/5.0 AppleWebKit/537.36 (KHTML, like Gecko; compatible; GPTBot/1.4; +https://openai.com/gptbot)"
74.7.242.17 - - [31/Jul/2026:16:22:20 +0200] "GET /?fileloc=//lib64/gconv/CP737.so&path=//lib64/gconv HTTP/1.1" 200 36944 "https://tempokontrol.co.za/?path=//lib64/gconv" "Mozilla/5.0 AppleWebKit/537.36 (KHTML, like Gecko; compatible; GPTBot/1.4; +https://openai.com/gptbot)"
74.7.227.163 - - [31/Jul/2026:16:22:22 +0200] "GET /?fileloc=//sys/class/net/eth0/subsystem/eth0/subsystem/eth0/power/autosuspend_delay_ms&path=//sys/class/net/eth0/subsystem/eth0/subsystem/eth0/power HTTP/1.1" 200 12773 "https://www.tempokontrol.co.za/?path=//sys/class/net/eth0/subsystem/eth0/subsystem/eth0/power" "Mozilla/5.0 AppleWebKit/537.36 (KHTML, like Gecko; compatible; GPTBot/1.4; +https://openai.com/gptbot)"
74.7.242.17 - - [31/Jul/2026:16:22:24 +0200] "GET /?fileloc=//lib64/gconv/CP775.so&path=//lib64/gconv HTTP/1.1" 200 36838 "https://tempokontrol.co.za/?path=//lib64/gconv" "Mozilla/5.0 AppleWebKit/537.36 (KHTML, like Gecko; compatible; GPTBot/1.4; +https://openai.com/gptbot)"
74.7.227.163 - - [31/Jul/2026:16:22:25 +0200] "GET /?fileloc=//sys/class/net/eth0/subsystem/eth0/subsystem/eth0/power/runtime_active_time&path=//sys/class/net/eth0/subsystem/eth0/subsystem/eth0/power HTTP/1.1" 200 12774 "https://www.tempokontrol.co.za/?path=//sys/class/net/eth0/subsystem/eth0/subsystem/eth0/power" "Mozilla/5.0 AppleWebKit/537.36 (KHTML, like Gecko; compatible; GPTBot/1.4; +https://openai.com/gptbot)"
74.7.242.17 - - [31/Jul/2026:16:22:27 +0200] "GET /?fileloc=//lib64/gconv/CP773.so&path=//lib64/gconv HTTP/1.1" 200 36613 "https://tempokontrol.co.za/?path=//lib64/gconv" "Mozilla/5.0 AppleWebKit/537.36 (KHTML, like Gecko; compatible; GPTBot/1.4; +https://openai.com/gptbot)"
