74.7.227.163 - - [31/Jul/2026:16:25:26 +0200] "GET /?path=//sys/class/net/eth0/subsystem/eth0/subsystem/eth0/device/net/eth0/device/power HTTP/1.1" 200 22050 "https://www.tempokontrol.co.za/?path=//sys/class/net/eth0/subsystem/eth0/subsystem/eth0/device/net/eth0/device" "Mozilla/5.0 AppleWebKit/537.36 (KHTML, like Gecko; compatible; GPTBot/1.4; +https://openai.com/gptbot)"
74.7.242.17 - - [31/Jul/2026:16:25:26 +0200] "GET /?fileloc=//lib64/libgraphene-1.0.so.0&path=//lib64 HTTP/1.1" 200 186427 "https://tempokontrol.co.za/?path=//lib64" "Mozilla/5.0 AppleWebKit/537.36 (KHTML, like Gecko; compatible; GPTBot/1.4; +https://openai.com/gptbot)"
74.7.227.163 - - [31/Jul/2026:16:25:29 +0200] "GET /?fileloc=//sys/class/net/eth0/subsystem/eth0/subsystem/eth0/device/net/eth0/device/monitor_id&path=//sys/class/net/eth0/subsystem/eth0/subsystem/eth0/device/net/eth0/device HTTP/1.1" 200 13063 "https://www.tempokontrol.co.za/?path=//sys/class/net/eth0/subsystem/eth0/subsystem/eth0/device/net/eth0/device" "Mozilla/5.0 AppleWebKit/537.36 (KHTML, like Gecko; compatible; GPTBot/1.4; +https://openai.com/gptbot)"
74.7.242.17 - - [31/Jul/2026:16:25:29 +0200] "GET /?fileloc=//lib64/libgstaudio-1.0.so.0&path=//lib64 HTTP/1.1" 200 825864 "https://tempokontrol.co.za/?path=//lib64" "Mozilla/5.0 AppleWebKit/537.36 (KHTML, like Gecko; compatible; GPTBot/1.4; +https://openai.com/gptbot)"
74.7.242.17 - - [31/Jul/2026:16:25:33 +0200] "GET /?fileloc=//lib64/libulockmgr.so.1.0.1&path=//lib64 HTTP/1.1" 200 31712 "https://tempokontrol.co.za/?path=//lib64" "Mozilla/5.0 AppleWebKit/537.36 (KHTML, like Gecko; compatible; GPTBot/1.4; +https://openai.com/gptbot)"
74.7.227.163 - - [31/Jul/2026:16:25:32 +0200] "GET /?path=//sys/class/net/eth0/subsystem/eth0/subsystem/eth0/device/net/eth0/device/net HTTP/1.1" 200 15008 "https://www.tempokontrol.co.za/?path=//sys/class/net/eth0/subsystem/eth0/subsystem/eth0/device/net/eth0/device" "Mozilla/5.0 AppleWebKit/537.36 (KHTML, like Gecko; compatible; GPTBot/1.4; +https://openai.com/gptbot)"
74.7.227.163 - - [31/Jul/2026:16:25:35 +0200] "GET /?path=//sys/class/net/eth0/subsystem/eth0/subsystem/eth0/device/net/eth0/subsystem/lo HTTP/1.1" 200 75085 "https://www.tempokontrol.co.za/?path=//sys/class/net/eth0/subsystem/eth0/subsystem/eth0/device/net/eth0/subsystem" "Mozilla/5.0 AppleWebKit/537.36 (KHTML, like Gecko; compatible; GPTBot/1.4; +https://openai.com/gptbot)"
74.7.242.17 - - [31/Jul/2026:16:25:36 +0200] "GET /?fileloc=//lib64/libgstvideo-1.0.so.0&path=//lib64 HTTP/1.1" 200 1270546 "https://tempokontrol.co.za/?path=//lib64" "Mozilla/5.0 AppleWebKit/537.36 (KHTML, like Gecko; compatible; GPTBot/1.4; +https://openai.com/gptbot)"
74.7.227.163 - - [31/Jul/2026:16:25:39 +0200] "GET /?path=//sys/class/net/eth0/subsystem/eth0/subsystem/eth0/device/net/eth0/device/subsystem HTTP/1.1" 200 23416 "https://www.tempokontrol.co.za/?path=//sys/class/net/eth0/subsystem/eth0/subsystem/eth0/device/net/eth0/device" "Mozilla/5.0 AppleWebKit/537.36 (KHTML, like Gecko; compatible; GPTBot/1.4; +https://openai.com/gptbot)"
74.7.242.17 - - [31/Jul/2026:16:25:39 +0200] "GET /?fileloc=//lib64/liburing-ffi.so.2.12&path=//lib64 HTTP/1.1" 200 87438 "https://tempokontrol.co.za/?path=//lib64" "Mozilla/5.0 AppleWebKit/537.36 (KHTML, like Gecko; compatible; GPTBot/1.4; +https://openai.com/gptbot)"
74.7.227.163 - - [31/Jul/2026:16:25:42 +0200] "GET /?path=//sys/class/net/eth0/subsystem/eth0/subsystem/eth0/device/net/eth0/device/channels HTTP/1.1" 200 28588 "https://www.tempokontrol.co.za/?path=//sys/class/net/eth0/subsystem/eth0/subsystem/eth0/device/net/eth0/device" "Mozilla/5.0 AppleWebKit/537.36 (KHTML, like Gecko; compatible; GPTBot/1.4; +https://openai.com/gptbot)"
74.7.242.17 - - [31/Jul/2026:16:25:42 +0200] "GET /?fileloc=//lib64/libpangoxft-1.0.so.0&path=//lib64 HTTP/1.1" 200 66690 "https://tempokontrol.co.za/?path=//lib64" "Mozilla/5.0 AppleWebKit/537.36 (KHTML, like Gecko; compatible; GPTBot/1.4; +https://openai.com/gptbot)"
74.7.227.163 - - [31/Jul/2026:16:25:45 +0200] "GET /?path=//sys/class/net/eth0/subsystem/eth0/subsystem/eth0/device/net/eth0/subsystem/eth0 HTTP/1.1" 200 76897 "https://www.tempokontrol.co.za/?path=//sys/class/net/eth0/subsystem/eth0/subsystem/eth0/device/net/eth0/subsystem" "Mozilla/5.0 AppleWebKit/537.36 (KHTML, like Gecko; compatible; GPTBot/1.4; +https://openai.com/gptbot)"
74.7.242.17 - - [31/Jul/2026:16:25:45 +0200] "GET /?fileloc=//lib64/libGLdispatch.so.0.0.0&path=//lib64 HTTP/1.1" 200 1006639 "https://tempokontrol.co.za/?path=//lib64" "Mozilla/5.0 AppleWebKit/537.36 (KHTML, like Gecko; compatible; GPTBot/1.4; +https://openai.com/gptbot)"
74.7.242.17 - - [31/Jul/2026:16:25:48 +0200] "GET /favicon.ico?path=/home/tn/mail/.wordfence@tempokontrol_co_za/tmp HTTP/1.1" 200 12882 "https://tempokontrol.co.za/favicon.ico?path=/home/tn/mail/.wordfence@tempokontrol_co_za" "Mozilla/5.0 AppleWebKit/537.36 (KHTML, like Gecko; compatible; GPTBot/1.4; +https://openai.com/gptbot)"
74.7.227.163 - - [31/Jul/2026:16:25:48 +0200] "GET /?path=//sys/class/net/eth0/subsystem/eth0/subsystem/eth0/device/net/eth0/queues/tx-8 HTTP/1.1" 200 23451 "https://www.tempokontrol.co.za/?path=//sys/class/net/eth0/subsystem/eth0/subsystem/eth0/device/net/eth0/queues" "Mozilla/5.0 AppleWebKit/537.36 (KHTML, like Gecko; compatible; GPTBot/1.4; +https://openai.com/gptbot)"
74.7.242.17 - - [31/Jul/2026:16:25:52 +0200] "GET /favicon.ico?path=/home/tn/mail/.wordfence@tempokontrol_co_za/new HTTP/1.1" 200 30840 "https://tempokontrol.co.za/favicon.ico?path=/home/tn/mail/.wordfence@tempokontrol_co_za" "Mozilla/5.0 AppleWebKit/537.36 (KHTML, like Gecko; compatible; GPTBot/1.4; +https://openai.com/gptbot)"
74.7.227.163 - - [31/Jul/2026:16:25:51 +0200] "GET /?path=//sys/class/net/eth0/subsystem/eth0/subsystem/eth0/device/net/eth0/queues/tx-5 HTTP/1.1" 200 23451 "https://www.tempokontrol.co.za/?path=//sys/class/net/eth0/subsystem/eth0/subsystem/eth0/device/net/eth0/queues" "Mozilla/5.0 AppleWebKit/537.36 (KHTML, like Gecko; compatible; GPTBot/1.4; +https://openai.com/gptbot)"
74.7.242.17 - - [31/Jul/2026:16:25:55 +0200] "GET /favicon.ico?path=/home/tn/mail/.wordfence@tempokontrol_co_za/.spam HTTP/1.1" 200 21923 "https://tempokontrol.co.za/favicon.ico?path=/home/tn/mail/.wordfence@tempokontrol_co_za" "Mozilla/5.0 AppleWebKit/537.36 (KHTML, like Gecko; compatible; GPTBot/1.4; +https://openai.com/gptbot)"
74.7.227.163 - - [31/Jul/2026:16:25:54 +0200] "GET /?path=//sys/class/net/eth0/subsystem/eth0/subsystem/eth0/device/net/eth0/queues/tx-0 HTTP/1.1" 200 23451 "https://www.tempokontrol.co.za/?path=//sys/class/net/eth0/subsystem/eth0/subsystem/eth0/device/net/eth0/queues" "Mozilla/5.0 AppleWebKit/537.36 (KHTML, like Gecko; compatible; GPTBot/1.4; +https://openai.com/gptbot)"
74.7.227.163 - - [31/Jul/2026:16:25:57 +0200] "GET /?path=//sys/class/net/eth0/subsystem/eth0/subsystem/eth0/device/net/eth0/device/driver/module HTTP/1.1" 200 34999 "https://www.tempokontrol.co.za/?path=//sys/class/net/eth0/subsystem/eth0/subsystem/eth0/device/net/eth0/device/driver" "Mozilla/5.0 AppleWebKit/537.36 (KHTML, like Gecko; compatible; GPTBot/1.4; +https://openai.com/gptbot)"
74.7.242.17 - - [31/Jul/2026:16:25:58 +0200] "GET /favicon.ico?path=/home/tn/mail/.wordfence@tempokontrol_co_za/cur HTTP/1.1" 200 12882 "https://tempokontrol.co.za/favicon.ico?path=/home/tn/mail/.wordfence@tempokontrol_co_za" "Mozilla/5.0 AppleWebKit/537.36 (KHTML, like Gecko; compatible; GPTBot/1.4; +https://openai.com/gptbot)"
74.7.242.17 - - [31/Jul/2026:16:26:01 +0200] "GET /favicon.ico?path=/home/tn/mail/.wordfence@tempokontrol_co_za/.Sent HTTP/1.1" 200 20341 "https://tempokontrol.co.za/favicon.ico?path=/home/tn/mail/.wordfence@tempokontrol_co_za" "Mozilla/5.0 AppleWebKit/537.36 (KHTML, like Gecko; compatible; GPTBot/1.4; +https://openai.com/gptbot)"
74.7.227.163 - - [31/Jul/2026:16:26:01 +0200] "GET /?path=//sys/class/net/eth0/subsystem/eth0/subsystem/eth0/device/net/eth0/queues/tx-4 HTTP/1.1" 200 23451 "https://www.tempokontrol.co.za/?path=//sys/class/net/eth0/subsystem/eth0/subsystem/eth0/device/net/eth0/queues" "Mozilla/5.0 AppleWebKit/537.36 (KHTML, like Gecko; compatible; GPTBot/1.4; +https://openai.com/gptbot)"
74.7.242.17 - - [31/Jul/2026:16:26:04 +0200] "GET /favicon.ico?path=/home/tn/mail/.wordfence@tempokontrol_co_za/.Drafts HTTP/1.1" 200 20379 "https://tempokontrol.co.za/favicon.ico?path=/home/tn/mail/.wordfence@tempokontrol_co_za" "Mozilla/5.0 AppleWebKit/537.36 (KHTML, like Gecko; compatible; GPTBot/1.4; +https://openai.com/gptbot)"
74.7.227.163 - - [31/Jul/2026:16:26:04 +0200] "GET /?path=//sys/class/net/eth0/subsystem/eth0/subsystem/eth0/device/net/eth0/queues/tx-1 HTTP/1.1" 200 23451 "https://www.tempokontrol.co.za/?path=//sys/class/net/eth0/subsystem/eth0/subsystem/eth0/device/net/eth0/queues" "Mozilla/5.0 AppleWebKit/537.36 (KHTML, like Gecko; compatible; GPTBot/1.4; +https://openai.com/gptbot)"
74.7.242.17 - - [31/Jul/2026:16:26:07 +0200] "GET /favicon.ico?path=/home/tn/mail/.wordfence@tempokontrol_co_za/.Trash HTTP/1.1" 200 20360 "https://tempokontrol.co.za/favicon.ico?path=/home/tn/mail/.wordfence@tempokontrol_co_za" "Mozilla/5.0 AppleWebKit/537.36 (KHTML, like Gecko; compatible; GPTBot/1.4; +https://openai.com/gptbot)"
74.7.227.163 - - [31/Jul/2026:16:26:07 +0200] "GET /?path=//sys/class/net/eth0/subsystem/eth0/subsystem/eth0/device/net/eth0/queues/tx-2 HTTP/1.1" 200 23451 "https://www.tempokontrol.co.za/?path=//sys/class/net/eth0/subsystem/eth0/subsystem/eth0/device/net/eth0/queues" "Mozilla/5.0 AppleWebKit/537.36 (KHTML, like Gecko; compatible; GPTBot/1.4; +https://openai.com/gptbot)"
74.7.227.163 - - [31/Jul/2026:16:26:10 +0200] "GET /?path=//sys/class/net/eth0/subsystem/eth0/subsystem/eth0/device/net/eth0/subsystem/lo/queues HTTP/1.1" 200 16683 "https://www.tempokontrol.co.za/?path=//sys/class/net/eth0/subsystem/eth0/subsystem/eth0/device/net/eth0/subsystem/lo" "Mozilla/5.0 AppleWebKit/537.36 (KHTML, like Gecko; compatible; GPTBot/1.4; +https://openai.com/gptbot)"
74.7.242.17 - - [31/Jul/2026:16:26:10 +0200] "GET /?fileloc=//lib64/gconv/JOHAB.so&path=//lib64/gconv HTTP/1.1" 200 44363 "https://tempokontrol.co.za/?path=//lib64/gconv" "Mozilla/5.0 AppleWebKit/537.36 (KHTML, like Gecko; compatible; GPTBot/1.4; +https://openai.com/gptbot)"
207.46.13.54 - - [31/Jul/2026:16:26:09 +0200] "GET /shops/capillaceous/t3a1p1p8e2r0e4r7262 HTTP/1.1" 200 825043 "-" "Mozilla/5.0 AppleWebKit/537.36 (KHTML, like Gecko; compatible; bingbot/2.0; +http://www.bing.com/bingbot.htm) Chrome/116.0.1938.76 Safari/537.36"
74.7.227.163 - - [31/Jul/2026:16:26:13 +0200] "GET /?path=//sys/class/net/eth0/subsystem/eth0/subsystem/eth0/device/net/eth0/subsystem/lo/power HTTP/1.1" 200 22285 "https://www.tempokontrol.co.za/?path=//sys/class/net/eth0/subsystem/eth0/subsystem/eth0/device/net/eth0/subsystem/lo" "Mozilla/5.0 AppleWebKit/537.36 (KHTML, like Gecko; compatible; GPTBot/1.4; +https://openai.com/gptbot)"
74.7.242.17 - - [31/Jul/2026:16:26:14 +0200] "GET /?fileloc=//lib64/dovecot/libdovecot-storage-lua.so.0&path=//lib64/dovecot HTTP/1.1" 200 73601 "https://tempokontrol.co.za/?path=//lib64/dovecot" "Mozilla/5.0 AppleWebKit/537.36 (KHTML, like Gecko; compatible; GPTBot/1.4; +https://openai.com/gptbot)"
74.7.227.163 - - [31/Jul/2026:16:26:17 +0200] "GET /?path=//sys/class/net/eth0/subsystem/eth0/subsystem/eth0/device/net/eth0/device/subsystem/devices HTTP/1.1" 200 37020 "https://www.tempokontrol.co.za/?path=//sys/class/net/eth0/subsystem/eth0/subsystem/eth0/device/net/eth0/device/subsystem" "Mozilla/5.0 AppleWebKit/537.36 (KHTML, like Gecko; compatible; GPTBot/1.4; +https://openai.com/gptbot)"
74.7.242.17 - - [31/Jul/2026:16:26:17 +0200] "GET /?fileloc=//lib64/dovecot/libdovecot-language.so.0&path=//lib64/dovecot HTTP/1.1" 200 106037 "https://tempokontrol.co.za/?path=//lib64/dovecot" "Mozilla/5.0 AppleWebKit/537.36 (KHTML, like Gecko; compatible; GPTBot/1.4; +https://openai.com/gptbot)"
52.167.144.160 - - [31/Jul/2026:16:26:15 +0200] "GET /agrostology/synacme/s3u2p1e5r9s3e5n4s1i8t0iveness HTTP/1.1" 200 805762 "-" "Mozilla/5.0 AppleWebKit/537.36 (KHTML, like Gecko; compatible; bingbot/2.0; +http://www.bing.com/bingbot.htm) Chrome/116.0.1938.76 Safari/537.36"
74.7.227.163 - - [31/Jul/2026:16:26:20 +0200] "GET /?path=//sys/class/net/eth0/subsystem/eth0/subsystem/eth0/device/net/eth0/subsystem/lo/statistics HTTP/1.1" 200 55309 "https://www.tempokontrol.co.za/?path=//sys/class/net/eth0/subsystem/eth0/subsystem/eth0/device/net/eth0/subsystem/lo" "Mozilla/5.0 AppleWebKit/537.36 (KHTML, like Gecko; compatible; GPTBot/1.4; +https://openai.com/gptbot)"
74.7.242.17 - - [31/Jul/2026:16:26:20 +0200] "GET /?fileloc=//lib64/dovecot/libdovecot-compression.so.0&path=//lib64/dovecot HTTP/1.1" 200 93981 "https://tempokontrol.co.za/?path=//lib64/dovecot" "Mozilla/5.0 AppleWebKit/537.36 (KHTML, like Gecko; compatible; GPTBot/1.4; +https://openai.com/gptbot)"
74.7.227.163 - - [31/Jul/2026:16:26:23 +0200] "GET /?path=//sys/class/net/eth0/subsystem/eth0/subsystem/eth0/device/net/eth0/subsystem/lo/subsystem HTTP/1.1" 200 16699 "https://www.tempokontrol.co.za/?path=//sys/class/net/eth0/subsystem/eth0/subsystem/eth0/device/net/eth0/subsystem/lo" "Mozilla/5.0 AppleWebKit/537.36 (KHTML, like Gecko; compatible; GPTBot/1.4; +https://openai.com/gptbot)"
74.7.242.17 - - [31/Jul/2026:16:26:23 +0200] "GET /?fileloc=//lib64/dovecot/libdovecot-managesieve.so.0&path=//lib64/dovecot HTTP/1.1" 200 59413 "https://tempokontrol.co.za/?path=//lib64/dovecot" "Mozilla/5.0 AppleWebKit/537.36 (KHTML, like Gecko; compatible; GPTBot/1.4; +https://openai.com/gptbot)"
74.7.227.163 - - [31/Jul/2026:16:26:26 +0200] "GET /?path=//sys/class/net/eth0/subsystem/eth0/subsystem/eth0/device/net/eth0/device/subsystem/drivers HTTP/1.1" 200 24610 "https://www.tempokontrol.co.za/?path=//sys/class/net/eth0/subsystem/eth0/subsystem/eth0/device/net/eth0/device/subsystem" "Mozilla/5.0 AppleWebKit/537.36 (KHTML, like Gecko; compatible; GPTBot/1.4; +https://openai.com/gptbot)"
74.7.242.17 - - [31/Jul/2026:16:26:26 +0200] "GET /?fileloc=//lib64/perl5/asm-generic/ioctls.ph&path=//lib64/perl5/asm-generic HTTP/1.1" 200 20409 "https://tempokontrol.co.za/?path=//lib64/perl5/asm-generic" "Mozilla/5.0 AppleWebKit/537.36 (KHTML, like Gecko; compatible; GPTBot/1.4; +https://openai.com/gptbot)"
74.7.242.17 - - [31/Jul/2026:16:26:30 +0200] "GET /favicon.ico?path=/home/tn/mail/.wordfence@tempokontrol_co_za/.spam/tmp HTTP/1.1" 200 12964 "https://tempokontrol.co.za/favicon.ico?path=/home/tn/mail/.wordfence@tempokontrol_co_za/.spam" "Mozilla/5.0 AppleWebKit/537.36 (KHTML, like Gecko; compatible; GPTBot/1.4; +https://openai.com/gptbot)"
74.7.227.163 - - [31/Jul/2026:16:26:29 +0200] "GET /?path=//sys/class/net/eth0/subsystem/eth0/subsystem/eth0/device/net/eth0/subsystem/eth0/queues HTTP/1.1" 200 44295 "https://www.tempokontrol.co.za/?path=//sys/class/net/eth0/subsystem/eth0/subsystem/eth0/device/net/eth0/subsystem/eth0" "Mozilla/5.0 AppleWebKit/537.36 (KHTML, like Gecko; compatible; GPTBot/1.4; +https://openai.com/gptbot)"
74.7.227.163 - - [31/Jul/2026:16:26:32 +0200] "GET /?path=//sys/class/net/eth0/subsystem/eth0/subsystem/eth0/device/net/eth0/device/driver/module/parameters HTTP/1.1" 200 17251 "https://www.tempokontrol.co.za/?path=//sys/class/net/eth0/subsystem/eth0/subsystem/eth0/device/net/eth0/device/driver/module" "Mozilla/5.0 AppleWebKit/537.36 (KHTML, like Gecko; compatible; GPTBot/1.4; +https://openai.com/gptbot)"
74.7.242.17 - - [31/Jul/2026:16:26:33 +0200] "GET /favicon.ico?path=/home/tn/mail/.wordfence@tempokontrol_co_za/.spam/new HTTP/1.1" 200 12964 "https://tempokontrol.co.za/favicon.ico?path=/home/tn/mail/.wordfence@tempokontrol_co_za/.spam" "Mozilla/5.0 AppleWebKit/537.36 (KHTML, like Gecko; compatible; GPTBot/1.4; +https://openai.com/gptbot)"
74.7.227.163 - - [31/Jul/2026:16:26:35 +0200] "GET /?path=//sys/class/net/eth0/subsystem/eth0/subsystem/eth0/device/net/eth0/device/driver/module/drivers HTTP/1.1" 200 15351 "https://www.tempokontrol.co.za/?path=//sys/class/net/eth0/subsystem/eth0/subsystem/eth0/device/net/eth0/device/driver/module" "Mozilla/5.0 AppleWebKit/537.36 (KHTML, like Gecko; compatible; GPTBot/1.4; +https://openai.com/gptbot)"
74.7.242.17 - - [31/Jul/2026:16:26:36 +0200] "GET /favicon.ico?path=/home/tn/mail/.wordfence@tempokontrol_co_za/.spam/cur HTTP/1.1" 200 12964 "https://tempokontrol.co.za/favicon.ico?path=/home/tn/mail/.wordfence@tempokontrol_co_za/.spam" "Mozilla/5.0 AppleWebKit/537.36 (KHTML, like Gecko; compatible; GPTBot/1.4; +https://openai.com/gptbot)"
74.7.242.17 - - [31/Jul/2026:16:26:39 +0200] "GET /favicon.ico?path=/home/tn/mail/.wordfence@tempokontrol_co_za/.Sent/new HTTP/1.1" 200 12964 "https://tempokontrol.co.za/favicon.ico?path=/home/tn/mail/.wordfence@tempokontrol_co_za/.Sent" "Mozilla/5.0 AppleWebKit/537.36 (KHTML, like Gecko; compatible; GPTBot/1.4; +https://openai.com/gptbot)"
74.7.227.163 - - [31/Jul/2026:16:26:38 +0200] "GET /?path=//sys/class/net/eth0/subsystem/eth0/subsystem/eth0/device/net/eth0/device/driver/module/holders HTTP/1.1" 200 13753 "https://www.tempokontrol.co.za/?path=//sys/class/net/eth0/subsystem/eth0/subsystem/eth0/device/net/eth0/device/driver/module" "Mozilla/5.0 AppleWebKit/537.36 (KHTML, like Gecko; compatible; GPTBot/1.4; +https://openai.com/gptbot)"
74.7.242.17 - - [31/Jul/2026:16:26:42 +0200] "GET /favicon.ico?path=/home/tn/mail/.wordfence@tempokontrol_co_za/.Sent/tmp HTTP/1.1" 200 12964 "https://tempokontrol.co.za/favicon.ico?path=/home/tn/mail/.wordfence@tempokontrol_co_za/.Sent" "Mozilla/5.0 AppleWebKit/537.36 (KHTML, like Gecko; compatible; GPTBot/1.4; +https://openai.com/gptbot)"
74.7.227.163 - - [31/Jul/2026:16:26:42 +0200] "GET /?path=//sys/class/net/eth0/subsystem/eth0/subsystem/eth0/device/net/eth0/device/driver/module/sections HTTP/1.1" 200 84687 "https://www.tempokontrol.co.za/?path=//sys/class/net/eth0/subsystem/eth0/subsystem/eth0/device/net/eth0/device/driver/module" "Mozilla/5.0 AppleWebKit/537.36 (KHTML, like Gecko; compatible; GPTBot/1.4; +https://openai.com/gptbot)"
74.7.227.163 - - [31/Jul/2026:16:26:45 +0200] "GET /?path=//sys/class/net/eth0/subsystem/eth0/subsystem/eth0/device/net/eth0/device/driver/module/notes HTTP/1.1" 200 17269 "https://www.tempokontrol.co.za/?path=//sys/class/net/eth0/subsystem/eth0/subsystem/eth0/device/net/eth0/device/driver/module" "Mozilla/5.0 AppleWebKit/537.36 (KHTML, like Gecko; compatible; GPTBot/1.4; +https://openai.com/gptbot)"
74.7.242.17 - - [31/Jul/2026:16:26:46 +0200] "GET /favicon.ico?path=/home/tn/mail/.wordfence@tempokontrol_co_za/.Trash/new HTTP/1.1" 200 12967 "https://tempokontrol.co.za/favicon.ico?path=/home/tn/mail/.wordfence@tempokontrol_co_za/.Trash" "Mozilla/5.0 AppleWebKit/537.36 (KHTML, like Gecko; compatible; GPTBot/1.4; +https://openai.com/gptbot)"
74.7.227.163 - - [31/Jul/2026:16:26:48 +0200] "GET /?path=//sys/class/net/eth0/subsystem/eth0/subsystem/eth0/device/net/eth0/device/channels/20 HTTP/1.1" 200 39201 "https://www.tempokontrol.co.za/?path=//sys/class/net/eth0/subsystem/eth0/subsystem/eth0/device/net/eth0/device/channels" "Mozilla/5.0 AppleWebKit/537.36 (KHTML, like Gecko; compatible; GPTBot/1.4; +https://openai.com/gptbot)"
74.7.242.17 - - [31/Jul/2026:16:26:49 +0200] "GET /favicon.ico?path=/home/tn/mail/.wordfence@tempokontrol_co_za/.Trash/tmp HTTP/1.1" 200 12967 "https://tempokontrol.co.za/favicon.ico?path=/home/tn/mail/.wordfence@tempokontrol_co_za/.Trash" "Mozilla/5.0 AppleWebKit/537.36 (KHTML, like Gecko; compatible; GPTBot/1.4; +https://openai.com/gptbot)"
74.7.242.17 - - [31/Jul/2026:16:26:52 +0200] "GET /favicon.ico?path=/home/tn/mail/.wordfence@tempokontrol_co_za/.Drafts/new HTTP/1.1" 200 12970 "https://tempokontrol.co.za/favicon.ico?path=/home/tn/mail/.wordfence@tempokontrol_co_za/.Drafts" "Mozilla/5.0 AppleWebKit/537.36 (KHTML, like Gecko; compatible; GPTBot/1.4; +https://openai.com/gptbot)"
74.7.227.163 - - [31/Jul/2026:16:26:51 +0200] "GET /?path=//sys/class/net/eth0/subsystem/eth0/subsystem/eth0/device/net/eth0/device/channels/15 HTTP/1.1" 200 39201 "https://www.tempokontrol.co.za/?path=//sys/class/net/eth0/subsystem/eth0/subsystem/eth0/device/net/eth0/device/channels" "Mozilla/5.0 AppleWebKit/537.36 (KHTML, like Gecko; compatible; GPTBot/1.4; +https://openai.com/gptbot)"
74.7.227.163 - - [31/Jul/2026:16:26:54 +0200] "GET /?fileloc=//sys/class/net/eth0/subsystem/eth0/subsystem/eth0/device/net/eth0/subsystem/lo/statistics/rx_missed_errors&path=//sys/class/net/eth0/subsystem/eth0/subsystem/eth0/device/net/eth0/subsystem/lo/statistics HTTP/1.1" 200 13317 "https://www.tempokontrol.co.za/?path=//sys/class/net/eth0/subsystem/eth0/subsystem/eth0/device/net/eth0/subsystem/lo/statistics" "Mozilla/5.0 AppleWebKit/537.36 (KHTML, like Gecko; compatible; GPTBot/1.4; +https://openai.com/gptbot)"
74.7.242.17 - - [31/Jul/2026:16:26:55 +0200] "GET /favicon.ico?path=/home/tn/mail/.wordfence@tempokontrol_co_za/.Drafts/tmp HTTP/1.1" 200 12970 "https://tempokontrol.co.za/favicon.ico?path=/home/tn/mail/.wordfence@tempokontrol_co_za/.Drafts" "Mozilla/5.0 AppleWebKit/537.36 (KHTML, like Gecko; compatible; GPTBot/1.4; +https://openai.com/gptbot)"
74.7.242.17 - - [31/Jul/2026:16:26:58 +0200] "GET /favicon.ico?path=/home/tn/mail/.wordfence@tempokontrol_co_za/.Sent/cur HTTP/1.1" 200 12964 "https://tempokontrol.co.za/favicon.ico?path=/home/tn/mail/.wordfence@tempokontrol_co_za/.Sent" "Mozilla/5.0 AppleWebKit/537.36 (KHTML, like Gecko; compatible; GPTBot/1.4; +https://openai.com/gptbot)"
74.7.227.163 - - [31/Jul/2026:16:26:57 +0200] "GET /?path=//sys/class/net/eth0/subsystem/eth0/subsystem/eth0/device/net/eth0/subsystem/lo/subsystem/lo HTTP/1.1" 200 77193 "https://www.tempokontrol.co.za/?path=//sys/class/net/eth0/subsystem/eth0/subsystem/eth0/device/net/eth0/subsystem/lo/subsystem" "Mozilla/5.0 AppleWebKit/537.36 (KHTML, like Gecko; compatible; GPTBot/1.4; +https://openai.com/gptbot)"
74.7.242.17 - - [31/Jul/2026:16:27:01 +0200] "GET /favicon.ico?path=/home/tn/.caldav/tn/addressbook HTTP/1.1" 200 14506 "https://tempokontrol.co.za/favicon.ico?path=/home/tn/.caldav/tn" "Mozilla/5.0 AppleWebKit/537.36 (KHTML, like Gecko; compatible; GPTBot/1.4; +https://openai.com/gptbot)"
74.7.227.163 - - [31/Jul/2026:16:27:01 +0200] "GET /?path=//sys/class/net/eth0/subsystem/eth0/subsystem/eth0/device/net/eth0/device/subsystem/drivers/hyperv_drm HTTP/1.1" 200 25894 "https://www.tempokontrol.co.za/?path=//sys/class/net/eth0/subsystem/eth0/subsystem/eth0/device/net/eth0/device/subsystem/drivers" "Mozilla/5.0 AppleWebKit/537.36 (KHTML, like Gecko; compatible; GPTBot/1.4; +https://openai.com/gptbot)"
74.7.227.163 - - [31/Jul/2026:16:27:04 +0200] "GET /?path=//sys/class/net/eth0/subsystem/eth0/subsystem/eth0/device/net/eth0/device/subsystem/drivers/hv_balloon HTTP/1.1" 200 25894 "https://www.tempokontrol.co.za/?path=//sys/class/net/eth0/subsystem/eth0/subsystem/eth0/device/net/eth0/device/subsystem/drivers" "Mozilla/5.0 AppleWebKit/537.36 (KHTML, like Gecko; compatible; GPTBot/1.4; +https://openai.com/gptbot)"
74.7.242.17 - - [31/Jul/2026:16:27:04 +0200] "GET /?fileloc=//lib64/libbind9-9.16.23-RH.so&path=//lib64 HTTP/1.1" 200 144956 "https://tempokontrol.co.za/?path=//lib64" "Mozilla/5.0 AppleWebKit/537.36 (KHTML, like Gecko; compatible; GPTBot/1.4; +https://openai.com/gptbot)"
74.7.227.163 - - [31/Jul/2026:16:27:07 +0200] "GET /?path=//sys/class/net/eth0/subsystem/eth0/subsystem/eth0/device/net/eth0/device/subsystem/drivers/hyperv_keyboard HTTP/1.1" 200 26034 "https://www.tempokontrol.co.za/?path=//sys/class/net/eth0/subsystem/eth0/subsystem/eth0/device/net/eth0/device/subsystem/drivers" "Mozilla/5.0 AppleWebKit/537.36 (KHTML, like Gecko; compatible; GPTBot/1.4; +https://openai.com/gptbot)"
74.7.242.17 - - [31/Jul/2026:16:27:07 +0200] "GET /?fileloc=//lib64/libslapi.so.2.0.200&path=//lib64 HTTP/1.1" 200 224137 "https://tempokontrol.co.za/?path=//lib64" "Mozilla/5.0 AppleWebKit/537.36 (KHTML, like Gecko; compatible; GPTBot/1.4; +https://openai.com/gptbot)"
74.7.227.163 - - [31/Jul/2026:16:27:10 +0200] "GET /?path=//sys/class/net/eth0/subsystem/eth0/subsystem/eth0/device/net/eth0/device/driver/module/drivers/vmbus:hv_netvsc HTTP/1.1" 200 26255 "https://www.tempokontrol.co.za/?path=//sys/class/net/eth0/subsystem/eth0/subsystem/eth0/device/net/eth0/device/driver/module/drivers" "Mozilla/5.0 AppleWebKit/537.36 (KHTML, like Gecko; compatible; GPTBot/1.4; +https://openai.com/gptbot)"
74.7.242.17 - - [31/Jul/2026:16:27:11 +0200] "GET /?fileloc=//lib64/libavahi-common.so.3&path=//lib64 HTTP/1.1" 200 87413 "https://tempokontrol.co.za/?path=//lib64" "Mozilla/5.0 AppleWebKit/537.36 (KHTML, like Gecko; compatible; GPTBot/1.4; +https://openai.com/gptbot)"
74.7.227.163 - - [31/Jul/2026:16:27:14 +0200] "GET /?path=//sys/class/net/eth0/subsystem/eth0/subsystem/eth0/device/net/eth0/device/subsystem/drivers/hv_utils HTTP/1.1" 200 32626 "https://www.tempokontrol.co.za/?path=//sys/class/net/eth0/subsystem/eth0/subsystem/eth0/device/net/eth0/device/subsystem/drivers" "Mozilla/5.0 AppleWebKit/537.36 (KHTML, like Gecko; compatible; GPTBot/1.4; +https://openai.com/gptbot)"
74.7.242.17 - - [31/Jul/2026:16:27:14 +0200] "GET /?fileloc=//lib64/libharfbuzz-icu.so.0&path=//lib64 HTTP/1.1" 200 30713 "https://tempokontrol.co.za/?path=//lib64" "Mozilla/5.0 AppleWebKit/537.36 (KHTML, like Gecko; compatible; GPTBot/1.4; +https://openai.com/gptbot)"
74.7.227.163 - - [31/Jul/2026:16:27:17 +0200] "GET /?path=//sys/class/net/eth0/subsystem/eth0/subsystem/eth0/device/net/eth0/device/subsystem/drivers/hv_netvsc HTTP/1.1" 200 25866 "https://www.tempokontrol.co.za/?path=//sys/class/net/eth0/subsystem/eth0/subsystem/eth0/device/net/eth0/device/subsystem/drivers" "Mozilla/5.0 AppleWebKit/537.36 (KHTML, like Gecko; compatible; GPTBot/1.4; +https://openai.com/gptbot)"
74.7.242.17 - - [31/Jul/2026:16:27:17 +0200] "GET /?fileloc=//lib64/python3.9/posixpath.py&path=//lib64/python3.9 HTTP/1.1" 200 30191 "https://tempokontrol.co.za/?path=//lib64/python3.9" "Mozilla/5.0 AppleWebKit/537.36 (KHTML, like Gecko; compatible; GPTBot/1.4; +https://openai.com/gptbot)"
74.7.242.17 - - [31/Jul/2026:16:27:20 +0200] "GET /favicon.ico?path=/home/tn/mail/.Junk HTTP/1.1" 200 19707 "https://tempokontrol.co.za/favicon.ico?path=/home/tn/mail" "Mozilla/5.0 AppleWebKit/537.36 (KHTML, like Gecko; compatible; GPTBot/1.4; +https://openai.com/gptbot)"
74.7.227.163 - - [31/Jul/2026:16:27:20 +0200] "GET /?path=//sys/class/net/eth0/subsystem/eth0/subsystem/eth0/device/net/eth0/device/subsystem/drivers/hv_storvsc HTTP/1.1" 200 25894 "https://www.tempokontrol.co.za/?path=//sys/class/net/eth0/subsystem/eth0/subsystem/eth0/device/net/eth0/device/subsystem/drivers" "Mozilla/5.0 AppleWebKit/537.36 (KHTML, like Gecko; compatible; GPTBot/1.4; +https://openai.com/gptbot)"
74.7.227.163 - - [31/Jul/2026:16:27:23 +0200] "GET /?fileloc=//sys/class/net/eth0/subsystem/eth0/subsystem/eth0/device/net/eth0/device/channels/20/out_mask&path=//sys/class/net/eth0/subsystem/eth0/subsystem/eth0/device/net/eth0/device/channels/20 HTTP/1.1" 200 13294 "https://www.tempokontrol.co.za/?path=//sys/class/net/eth0/subsystem/eth0/subsystem/eth0/device/net/eth0/device/channels/20" "Mozilla/5.0 AppleWebKit/537.36 (KHTML, like Gecko; compatible; GPTBot/1.4; +https://openai.com/gptbot)"
74.7.242.17 - - [31/Jul/2026:16:27:23 +0200] "GET /?fileloc=//lib64/libkadm5clnt_mit.so&path=//lib64 HTTP/1.1" 200 150028 "https://tempokontrol.co.za/?path=//lib64" "Mozilla/5.0 AppleWebKit/537.36 (KHTML, like Gecko; compatible; GPTBot/1.4; +https://openai.com/gptbot)"
74.7.227.163 - - [31/Jul/2026:16:27:26 +0200] "GET /?fileloc=//sys/class/net/eth0/subsystem/eth0/subsystem/eth0/device/net/eth0/device/channels/20/intr_out_empty&path=//sys/class/net/eth0/subsystem/eth0/subsystem/eth0/device/net/eth0/device/channels/20 HTTP/1.1" 200 13306 "https://www.tempokontrol.co.za/?path=//sys/class/net/eth0/subsystem/eth0/subsystem/eth0/device/net/eth0/device/channels/20" "Mozilla/5.0 AppleWebKit/537.36 (KHTML, like Gecko; compatible; GPTBot/1.4; +https://openai.com/gptbot)"
74.7.242.17 - - [31/Jul/2026:16:27:27 +0200] "GET /?fileloc=//lib64/libmysqlclient_r.so&path=//lib64 HTTP/1.1" 200 528876 "https://tempokontrol.co.za/?path=//lib64" "Mozilla/5.0 AppleWebKit/537.36 (KHTML, like Gecko; compatible; GPTBot/1.4; +https://openai.com/gptbot)"
74.7.227.163 - - [31/Jul/2026:16:27:29 +0200] "GET /?path=//sys/class/net/eth0/subsystem/eth0/subsystem/eth0/device/net/eth0/device/subsystem/drivers/hid_hyperv HTTP/1.1" 200 25894 "https://www.tempokontrol.co.za/?path=//sys/class/net/eth0/subsystem/eth0/subsystem/eth0/device/net/eth0/device/subsystem/drivers" "Mozilla/5.0 AppleWebKit/537.36 (KHTML, like Gecko; compatible; GPTBot/1.4; +https://openai.com/gptbot)"
74.7.242.17 - - [31/Jul/2026:16:27:30 +0200] "GET /?fileloc=//lib64/libnghttp2.so.14.20.1&path=//lib64 HTTP/1.1" 200 268090 "https://tempokontrol.co.za/?path=//lib64" "Mozilla/5.0 AppleWebKit/537.36 (KHTML, like Gecko; compatible; GPTBot/1.4; +https://openai.com/gptbot)"
74.7.227.163 - - [31/Jul/2026:16:27:32 +0200] "GET /?path=//sys/class/net/eth0/subsystem/eth0/subsystem/eth0/device/net/eth0/subsystem/lo/subsystem/lo/statistics HTTP/1.1" 200 56806 "https://www.tempokontrol.co.za/?path=//sys/class/net/eth0/subsystem/eth0/subsystem/eth0/device/net/eth0/subsystem/lo/subsystem/lo" "Mozilla/5.0 AppleWebKit/537.36 (KHTML, like Gecko; compatible; GPTBot/1.4; +https://openai.com/gptbot)"
74.7.242.17 - - [31/Jul/2026:16:27:33 +0200] "GET /?fileloc=//lib64/libevent_pthreads.so&path=//lib64 HTTP/1.1" 200 29972 "https://tempokontrol.co.za/?path=//lib64" "Mozilla/5.0 AppleWebKit/537.36 (KHTML, like Gecko; compatible; GPTBot/1.4; +https://openai.com/gptbot)"
74.7.227.163 - - [31/Jul/2026:16:27:35 +0200] "GET /?fileloc=//sys/class/net/eth0/subsystem/eth0/subsystem/eth0/device/net/eth0/subsystem/lo/subsystem/lo/broadcast&path=//sys/class/net/eth0/subsystem/eth0/subsystem/eth0/device/net/eth0/subsystem/lo/subsystem/lo HTTP/1.1" 200 13442 "https://www.tempokontrol.co.za/?path=//sys/class/net/eth0/subsystem/eth0/subsystem/eth0/device/net/eth0/subsystem/lo/subsystem/lo" "Mozilla/5.0 AppleWebKit/537.36 (KHTML, like Gecko; compatible; GPTBot/1.4; +https://openai.com/gptbot)"
74.7.242.17 - - [31/Jul/2026:16:27:36 +0200] "GET /?fileloc=//lib64/libImath-3_1.so.29.1.0&path=//lib64 HTTP/1.1" 200 558598 "https://tempokontrol.co.za/?path=//lib64" "Mozilla/5.0 AppleWebKit/537.36 (KHTML, like Gecko; compatible; GPTBot/1.4; +https://openai.com/gptbot)"
74.7.227.163 - - [31/Jul/2026:16:27:38 +0200] "GET /?fileloc=//sys/class/net/eth0/subsystem/eth0/subsystem/eth0/device/net/eth0/subsystem/lo/subsystem/lo/phys_switch_id&path=//sys/class/net/eth0/subsystem/eth0/subsystem/eth0/device/net/eth0/subsystem/lo/subsystem/lo HTTP/1.1" 200 13429 "https://www.tempokontrol.co.za/?path=//sys/class/net/eth0/subsystem/eth0/subsystem/eth0/device/net/eth0/subsystem/lo/subsystem/lo" "Mozilla/5.0 AppleWebKit/537.36 (KHTML, like Gecko; compatible; GPTBot/1.4; +https://openai.com/gptbot)"
74.7.242.17 - - [31/Jul/2026:16:27:39 +0200] "GET /?fileloc=//lib64/libmaxminddb.so.0.0.7&path=//lib64 HTTP/1.1" 200 46017 "https://tempokontrol.co.za/?path=//lib64" "Mozilla/5.0 AppleWebKit/537.36 (KHTML, like Gecko; compatible; GPTBot/1.4; +https://openai.com/gptbot)"
74.7.227.163 - - [31/Jul/2026:16:27:42 +0200] "GET /?fileloc=//sys/class/net/eth0/subsystem/eth0/subsystem/eth0/device/net/eth0/device/subsystem/drivers/hyperv_keyboard/unbind&path=//sys/class/net/eth0/subsystem/eth0/subsystem/eth0/device/net/eth0/device/subsystem/drivers/hyperv_keyboard HTTP/1.1" 200 13469 "https://www.tempokontrol.co.za/?path=//sys/class/net/eth0/subsystem/eth0/subsystem/eth0/device/net/eth0/device/subsystem/drivers/hyperv_keyboard" "Mozilla/5.0 AppleWebKit/537.36 (KHTML, like Gecko; compatible; GPTBot/1.4; +https://openai.com/gptbot)"
74.7.242.17 - - [31/Jul/2026:16:27:42 +0200] "GET /?fileloc=//lib64/libxshmfence.so.1.0.0&path=//lib64 HTTP/1.1" 200 30033 "https://tempokontrol.co.za/?path=//lib64" "Mozilla/5.0 AppleWebKit/537.36 (KHTML, like Gecko; compatible; GPTBot/1.4; +https://openai.com/gptbot)"
74.7.227.163 - - [31/Jul/2026:16:27:45 +0200] "GET /?path=//sys/class/net/eth0/subsystem/eth0/subsystem/eth0/device/net/eth0/device/subsystem/drivers/hyperv_drm/module HTTP/1.1" 200 34695 "https://www.tempokontrol.co.za/?path=//sys/class/net/eth0/subsystem/eth0/subsystem/eth0/device/net/eth0/device/subsystem/drivers/hyperv_drm" "Mozilla/5.0 AppleWebKit/537.36 (KHTML, like Gecko; compatible; GPTBot/1.4; +https://openai.com/gptbot)"
74.7.242.17 - - [31/Jul/2026:16:27:45 +0200] "GET /?fileloc=//lib64/liburcu-cds.so.6.1.0&path=//lib64 HTTP/1.1" 200 74758 "https://tempokontrol.co.za/?path=//lib64" "Mozilla/5.0 AppleWebKit/537.36 (KHTML, like Gecko; compatible; GPTBot/1.4; +https://openai.com/gptbot)"
74.7.227.163 - - [31/Jul/2026:16:27:48 +0200] "GET /?path=//sys/class/net/eth0/subsystem/eth0/subsystem/eth0/device/net/eth0/device/subsystem/drivers/hv_utils/module HTTP/1.1" 200 36215 "https://www.tempokontrol.co.za/?path=//sys/class/net/eth0/subsystem/eth0/subsystem/eth0/device/net/eth0/device/subsystem/drivers/hv_utils" "Mozilla/5.0 AppleWebKit/537.36 (KHTML, like Gecko; compatible; GPTBot/1.4; +https://openai.com/gptbot)"
74.7.242.17 - - [31/Jul/2026:16:27:49 +0200] "GET /?fileloc=//lib64/dovecot/libdovecot-storage.so.0.0.0&path=//lib64/dovecot HTTP/1.1" 200 2842183 "https://tempokontrol.co.za/?path=//lib64/dovecot" "Mozilla/5.0 AppleWebKit/537.36 (KHTML, like Gecko; compatible; GPTBot/1.4; +https://openai.com/gptbot)"
74.7.227.163 - - [31/Jul/2026:16:27:51 +0200] "GET /?path=//sys/class/net/eth0/subsystem/eth0/subsystem/eth0/device/net/eth0/device/subsystem/drivers/hv_netvsc/module HTTP/1.1" 200 36265 "https://www.tempokontrol.co.za/?path=//sys/class/net/eth0/subsystem/eth0/subsystem/eth0/device/net/eth0/device/subsystem/drivers/hv_netvsc" "Mozilla/5.0 AppleWebKit/537.36 (KHTML, like Gecko; compatible; GPTBot/1.4; +https://openai.com/gptbot)"
74.7.242.17 - - [31/Jul/2026:16:27:52 +0200] "GET /?fileloc=//lib64/dovecot/libdovecot-dsync.so.0.0.0&path=//lib64/dovecot HTTP/1.1" 200 404091 "https://tempokontrol.co.za/?path=//lib64/dovecot" "Mozilla/5.0 AppleWebKit/537.36 (KHTML, like Gecko; compatible; GPTBot/1.4; +https://openai.com/gptbot)"
74.7.227.163 - - [31/Jul/2026:16:27:54 +0200] "GET /?path=//sys/class/net/eth0/subsystem/eth0/subsystem/eth0/device/net/eth0/device/subsystem/drivers/hv_storvsc/module HTTP/1.1" 200 36315 "https://www.tempokontrol.co.za/?path=//sys/class/net/eth0/subsystem/eth0/subsystem/eth0/device/net/eth0/device/subsystem/drivers/hv_storvsc" "Mozilla/5.0 AppleWebKit/537.36 (KHTML, like Gecko; compatible; GPTBot/1.4; +https://openai.com/gptbot)"
74.7.242.17 - - [31/Jul/2026:16:27:55 +0200] "GET /?fileloc=//lib64/gconv/CP774.so&path=//lib64/gconv HTTP/1.1" 200 36809 "https://tempokontrol.co.za/?path=//lib64/gconv" "Mozilla/5.0 AppleWebKit/537.36 (KHTML, like Gecko; compatible; GPTBot/1.4; +https://openai.com/gptbot)"
74.7.227.163 - - [31/Jul/2026:16:27:57 +0200] "GET /?path=//sys/class/net/eth0/subsystem/eth0/subsystem/eth0/device/net/eth0/device/subsystem/drivers/hv_balloon/module HTTP/1.1" 200 36315 "https://www.tempokontrol.co.za/?path=//sys/class/net/eth0/subsystem/eth0/subsystem/eth0/device/net/eth0/device/subsystem/drivers/hv_balloon" "Mozilla/5.0 AppleWebKit/537.36 (KHTML, like Gecko; compatible; GPTBot/1.4; +https://openai.com/gptbot)"
74.7.242.17 - - [31/Jul/2026:16:27:58 +0200] "GET /?fileloc=//lib64/cmake/OpenSSL/OpenSSLConfig.cmake&path=//lib64/cmake/OpenSSL HTTP/1.1" 200 18317 "https://tempokontrol.co.za/?path=//lib64/cmake/OpenSSL" "Mozilla/5.0 AppleWebKit/537.36 (KHTML, like Gecko; compatible; GPTBot/1.4; +https://openai.com/gptbot)"
74.7.227.163 - - [31/Jul/2026:16:28:00 +0200] "GET /?path=//sys/class/net/eth0/subsystem/eth0/subsystem/eth0/device/net/eth0/device/driver/module/drivers/vmbus:hv_netvsc/module HTTP/1.1" 200 36874 "https://www.tempokontrol.co.za/?path=//sys/class/net/eth0/subsystem/eth0/subsystem/eth0/device/net/eth0/device/driver/module/drivers/vmbus:hv_netvsc" "Mozilla/5.0 AppleWebKit/537.36 (KHTML, like Gecko; compatible; GPTBot/1.4; +https://openai.com/gptbot)"
74.7.242.17 - - [31/Jul/2026:16:28:01 +0200] "GET /?fileloc=//lib64/libpcre16.so.0.2.12&path=//lib64 HTTP/1.1" 200 751577 "https://tempokontrol.co.za/?path=//lib64" "Mozilla/5.0 AppleWebKit/537.36 (KHTML, like Gecko; compatible; GPTBot/1.4; +https://openai.com/gptbot)"
74.7.227.163 - - [31/Jul/2026:16:28:03 +0200] "GET /?path=//sys/class/net/eth0/subsystem/eth0/subsystem/eth0/device/net/eth0/device/subsystem/drivers/hid_hyperv/module HTTP/1.1" 200 34695 "https://www.tempokontrol.co.za/?path=//sys/class/net/eth0/subsystem/eth0/subsystem/eth0/device/net/eth0/device/subsystem/drivers/hid_hyperv" "Mozilla/5.0 AppleWebKit/537.36 (KHTML, like Gecko; compatible; GPTBot/1.4; +https://openai.com/gptbot)"
74.7.242.17 - - [31/Jul/2026:16:28:04 +0200] "GET /?fileloc=//lib64/python3.9/_bootlocale.py&path=//lib64/python3.9 HTTP/1.1" 200 14215 "https://tempokontrol.co.za/?path=//lib64/python3.9" "Mozilla/5.0 AppleWebKit/537.36 (KHTML, like Gecko; compatible; GPTBot/1.4; +https://openai.com/gptbot)"
74.7.227.163 - - [31/Jul/2026:16:28:07 +0200] "GET /?path=//sys/class/net/eth0/subsystem/eth0/subsystem/eth0/device/net/eth0/device/subsystem/drivers/hyperv_keyboard/module HTTP/1.1" 200 34930 "https://www.tempokontrol.co.za/?path=//sys/class/net/eth0/subsystem/eth0/subsystem/eth0/device/net/eth0/device/subsystem/drivers/hyperv_keyboard" "Mozilla/5.0 AppleWebKit/537.36 (KHTML, like Gecko; compatible; GPTBot/1.4; +https://openai.com/gptbot)"
74.7.242.17 - - [31/Jul/2026:16:28:07 +0200] "GET /?fileloc=//lib64/python3.9/stringprep.py&path=//lib64/python3.9 HTTP/1.1" 200 31941 "https://tempokontrol.co.za/?path=//lib64/python3.9" "Mozilla/5.0 AppleWebKit/537.36 (KHTML, like Gecko; compatible; GPTBot/1.4; +https://openai.com/gptbot)"
74.7.227.163 - - [31/Jul/2026:16:28:10 +0200] "GET /?path=//sys/class/net/eth0/subsystem/eth0/subsystem/eth0/device/net/eth0/subsystem/lo/subsystem/lo/power HTTP/1.1" 200 22794 "https://www.tempokontrol.co.za/?path=//sys/class/net/eth0/subsystem/eth0/subsystem/eth0/device/net/eth0/subsystem/lo/subsystem/lo" "Mozilla/5.0 AppleWebKit/537.36 (KHTML, like Gecko; compatible; GPTBot/1.4; +https://openai.com/gptbot)"
74.7.242.17 - - [31/Jul/2026:16:28:10 +0200] "GET /?fileloc=//lib64/gstreamer-1.0/libgstalsa.so&path=//lib64/gstreamer-1.0 HTTP/1.1" 200 174329 "https://tempokontrol.co.za/?path=//lib64/gstreamer-1.0" "Mozilla/5.0 AppleWebKit/537.36 (KHTML, like Gecko; compatible; GPTBot/1.4; +https://openai.com/gptbot)"
74.7.227.163 - - [31/Jul/2026:16:28:13 +0200] "GET /?path=//sys/class/net/eth0/subsystem/eth0/subsystem/eth0/device/net/eth0/subsystem/lo/subsystem/lo/queues HTTP/1.1" 200 17010 "https://www.tempokontrol.co.za/?path=//sys/class/net/eth0/subsystem/eth0/subsystem/eth0/device/net/eth0/subsystem/lo/subsystem/lo" "Mozilla/5.0 AppleWebKit/537.36 (KHTML, like Gecko; compatible; GPTBot/1.4; +https://openai.com/gptbot)"
74.7.242.17 - - [31/Jul/2026:16:28:13 +0200] "GET /?fileloc=//lib64/python3.9/xmlrpc/client.py&path=//lib64/python3.9/xmlrpc HTTP/1.1" 200 64943 "https://tempokontrol.co.za/?path=//lib64/python3.9/xmlrpc" "Mozilla/5.0 AppleWebKit/537.36 (KHTML, like Gecko; compatible; GPTBot/1.4; +https://openai.com/gptbot)"
74.7.227.163 - - [31/Jul/2026:16:28:16 +0200] "GET /?path=//sys/class/net/eth0/subsystem/eth0/subsystem/eth0/device/net/eth0/subsystem/lo/subsystem/lo/subsystem HTTP/1.1" 200 17026 "https://www.tempokontrol.co.za/?path=//sys/class/net/eth0/subsystem/eth0/subsystem/eth0/device/net/eth0/subsystem/lo/subsystem/lo" "Mozilla/5.0 AppleWebKit/537.36 (KHTML, like Gecko; compatible; GPTBot/1.4; +https://openai.com/gptbot)"
74.7.242.17 - - [31/Jul/2026:16:28:16 +0200] "GET /?fileloc=//lib64/libcanberra-0.30/libcanberra-alsa.so&path=//lib64/libcanberra-0.30 HTTP/1.1" 200 42417 "https://tempokontrol.co.za/?path=//lib64/libcanberra-0.30" "Mozilla/5.0 AppleWebKit/537.36 (KHTML, like Gecko; compatible; GPTBot/1.4; +https://openai.com/gptbot)"
74.7.227.163 - - [31/Jul/2026:16:28:19 +0200] "GET /?path=//sys/class/net/eth0/subsystem/eth0/subsystem/eth0/device/net/eth0/device/subsystem/drivers/hyperv_drm/module/holders HTTP/1.1" 200 14057 "https://www.tempokontrol.co.za/?path=//sys/class/net/eth0/subsystem/eth0/subsystem/eth0/device/net/eth0/device/subsystem/drivers/hyperv_drm/module" "Mozilla/5.0 AppleWebKit/537.36 (KHTML, like Gecko; compatible; GPTBot/1.4; +https://openai.com/gptbot)"
74.7.242.17 - - [31/Jul/2026:16:28:20 +0200] "GET /?fileloc=//lib64/libstdc++.so.6.0.29&path=//lib64 HTTP/1.1" 200 12246 "https://tempokontrol.co.za/?path=//lib64" "Mozilla/5.0 AppleWebKit/537.36 (KHTML, like Gecko; compatible; GPTBot/1.4; +https://openai.com/gptbot)"
74.7.242.17 - - [31/Jul/2026:16:28:23 +0200] "GET /?fileloc=/home/tn/mail/.Sent/dovecot-uidlist&path=/home/tn/mail/.Sent HTTP/1.1" 200 12419 "https://tempokontrol.co.za/?path=/home/tn/mail/.Sent" "Mozilla/5.0 AppleWebKit/537.36 (KHTML, like Gecko; compatible; GPTBot/1.4; +https://openai.com/gptbot)"
74.7.227.163 - - [31/Jul/2026:16:28:22 +0200] "GET /?path=//sys/class/net/eth0/subsystem/eth0/subsystem/eth0/device/net/eth0/device/subsystem/drivers/hv_utils/module/holders HTTP/1.1" 200 14049 "https://www.tempokontrol.co.za/?path=//sys/class/net/eth0/subsystem/eth0/subsystem/eth0/device/net/eth0/device/subsystem/drivers/hv_utils/module" "Mozilla/5.0 AppleWebKit/537.36 (KHTML, like Gecko; compatible; GPTBot/1.4; +https://openai.com/gptbot)"
74.7.227.163 - - [31/Jul/2026:16:28:25 +0200] "GET /?fileloc=//sys/class/net/eth0/subsystem/eth0/subsystem/eth0/device/net/eth0/device/subsystem/drivers/hv_netvsc/module/coresize&path=//sys/class/net/eth0/subsystem/eth0/subsystem/eth0/device/net/eth0/device/subsystem/drivers/hv_netvsc/module HTTP/1.1" 200 13603 "https://www.tempokontrol.co.za/?path=//sys/class/net/eth0/subsystem/eth0/subsystem/eth0/device/net/eth0/device/subsystem/drivers/hv_netvsc/module" "Mozilla/5.0 AppleWebKit/537.36 (KHTML, like Gecko; compatible; GPTBot/1.4; +https://openai.com/gptbot)"
74.7.242.17 - - [31/Jul/2026:16:28:26 +0200] "GET /?fileloc=/home/tn/public_html/wp-includes/class-wp-user-request.php&path=/home/tn/public_html/wp-includes HTTP/1.1" 200 14858 "https://tempokontrol.co.za/?path=/home/tn/public_html/wp-includes" "Mozilla/5.0 AppleWebKit/537.36 (KHTML, like Gecko; compatible; GPTBot/1.4; +https://openai.com/gptbot)"
74.7.227.163 - - [31/Jul/2026:16:28:29 +0200] "GET /?path=//sys/class/net/eth0/subsystem/eth0/subsystem/eth0/device/net/eth0/device/subsystem/drivers/hv_storvsc/module/holders HTTP/1.1" 200 14057 "https://www.tempokontrol.co.za/?path=//sys/class/net/eth0/subsystem/eth0/subsystem/eth0/device/net/eth0/device/subsystem/drivers/hv_storvsc/module" "Mozilla/5.0 AppleWebKit/537.36 (KHTML, like Gecko; compatible; GPTBot/1.4; +https://openai.com/gptbot)"
74.7.242.17 - - [31/Jul/2026:16:28:29 +0200] "GET /?fileloc=/home/tn/www/wp-admin/js/media-upload.min.js&path=/home/tn/www/wp-admin/js HTTP/1.1" 200 13875 "https://tempokontrol.co.za/?path=/home/tn/www/wp-admin/js" "Mozilla/5.0 AppleWebKit/537.36 (KHTML, like Gecko; compatible; GPTBot/1.4; +https://openai.com/gptbot)"
74.7.227.163 - - [31/Jul/2026:16:28:32 +0200] "GET /?path=//sys/class/net/eth0/subsystem/eth0/subsystem/eth0/device/net/eth0/device/subsystem/drivers/hv_storvsc/module/sections HTTP/1.1" 200 66063 "https://www.tempokontrol.co.za/?path=//sys/class/net/eth0/subsystem/eth0/subsystem/eth0/device/net/eth0/device/subsystem/drivers/hv_storvsc/module" "Mozilla/5.0 AppleWebKit/537.36 (KHTML, like Gecko; compatible; GPTBot/1.4; +https://openai.com/gptbot)"
74.7.242.17 - - [31/Jul/2026:16:28:32 +0200] "GET /?fileloc=/home/tn/www/wp-admin/js/code-editor.min.js&path=/home/tn/www/wp-admin/js HTTP/1.1" 200 16870 "https://tempokontrol.co.za/?path=/home/tn/www/wp-admin/js" "Mozilla/5.0 AppleWebKit/537.36 (KHTML, like Gecko; compatible; GPTBot/1.4; +https://openai.com/gptbot)"
74.7.227.163 - - [31/Jul/2026:16:28:35 +0200] "GET /?path=//sys/class/net/eth0/subsystem/eth0/subsystem/eth0/device/net/eth0/device/subsystem/drivers/hv_netvsc/module/sections HTTP/1.1" 200 88347 "https://www.tempokontrol.co.za/?path=//sys/class/net/eth0/subsystem/eth0/subsystem/eth0/device/net/eth0/device/subsystem/drivers/hv_netvsc/module" "Mozilla/5.0 AppleWebKit/537.36 (KHTML, like Gecko; compatible; GPTBot/1.4; +https://openai.com/gptbot)"
74.7.242.17 - - [31/Jul/2026:16:28:35 +0200] "GET /?fileloc=/home/tn/www/wp-admin/js/inline-edit-tax.js&path=/home/tn/www/wp-admin/js HTTP/1.1" 200 21197 "https://tempokontrol.co.za/?path=/home/tn/www/wp-admin/js" "Mozilla/5.0 AppleWebKit/537.36 (KHTML, like Gecko; compatible; GPTBot/1.4; +https://openai.com/gptbot)"
74.7.227.163 - - [31/Jul/2026:16:28:38 +0200] "GET /?path=//sys/class/net/eth0/subsystem/eth0/subsystem/eth0/device/net/eth0/device/subsystem/drivers/hid_hyperv/module/holders HTTP/1.1" 200 14057 "https://www.tempokontrol.co.za/?path=//sys/class/net/eth0/subsystem/eth0/subsystem/eth0/device/net/eth0/device/subsystem/drivers/hid_hyperv/module" "Mozilla/5.0 AppleWebKit/537.36 (KHTML, like Gecko; compatible; GPTBot/1.4; +https://openai.com/gptbot)"
74.7.242.17 - - [31/Jul/2026:16:28:38 +0200] "GET /?fileloc=//lib64/libXinerama.so.1.0.0&path=//lib64 HTTP/1.1" 200 31731 "https://tempokontrol.co.za/?path=//lib64" "Mozilla/5.0 AppleWebKit/537.36 (KHTML, like Gecko; compatible; GPTBot/1.4; +https://openai.com/gptbot)"
74.7.227.163 - - [31/Jul/2026:16:28:41 +0200] "GET /?path=//sys/class/net/eth0/subsystem/eth0/subsystem/eth0/device/net/eth0/device/subsystem/drivers/hv_netvsc/module/drivers HTTP/1.1" 200 15714 "https://www.tempokontrol.co.za/?path=//sys/class/net/eth0/subsystem/eth0/subsystem/eth0/device/net/eth0/device/subsystem/drivers/hv_netvsc/module" "Mozilla/5.0 AppleWebKit/537.36 (KHTML, like Gecko; compatible; GPTBot/1.4; +https://openai.com/gptbot)"
74.7.242.17 - - [31/Jul/2026:16:28:41 +0200] "GET /?fileloc=//lib64/libxkbregistry.so.0&path=//lib64 HTTP/1.1" 200 56511 "https://tempokontrol.co.za/?path=//lib64" "Mozilla/5.0 AppleWebKit/537.36 (KHTML, like Gecko; compatible; GPTBot/1.4; +https://openai.com/gptbot)"
74.7.242.17 - - [31/Jul/2026:16:28:45 +0200] "GET /favicon.ico?path=/home/tn/www/images/images/images/images HTTP/1.1" 200 19084 "https://tempokontrol.co.za/favicon.ico?path=/home/tn/www/images/images/images" "Mozilla/5.0 AppleWebKit/537.36 (KHTML, like Gecko; compatible; GPTBot/1.4; +https://openai.com/gptbot)"
74.7.227.163 - - [31/Jul/2026:16:28:44 +0200] "GET /?path=//sys/class/net/eth0/subsystem/eth0/subsystem/eth0/device/net/eth0/device/subsystem/drivers/hid_hyperv/module/sections HTTP/1.1" 200 54943 "https://www.tempokontrol.co.za/?path=//sys/class/net/eth0/subsystem/eth0/subsystem/eth0/device/net/eth0/device/subsystem/drivers/hid_hyperv/module" "Mozilla/5.0 AppleWebKit/537.36 (KHTML, like Gecko; compatible; GPTBot/1.4; +https://openai.com/gptbot)"
74.7.227.163 - - [31/Jul/2026:16:28:48 +0200] "GET /?path=//sys/class/net/eth0/subsystem/eth0/subsystem/eth0/device/net/eth0/device/subsystem/drivers/hyperv_drm/module/notes HTTP/1.1" 200 17749 "https://www.tempokontrol.co.za/?path=//sys/class/net/eth0/subsystem/eth0/subsystem/eth0/device/net/eth0/device/subsystem/drivers/hyperv_drm/module" "Mozilla/5.0 AppleWebKit/537.36 (KHTML, like Gecko; compatible; GPTBot/1.4; +https://openai.com/gptbot)"
74.7.242.17 - - [31/Jul/2026:16:28:48 +0200] "GET /?fileloc=/home/tn/www/wp-admin/js/editor-expand.min.js&path=/home/tn/www/wp-admin/js HTTP/1.1" 200 29590 "https://tempokontrol.co.za/?path=/home/tn/www/wp-admin/js" "Mozilla/5.0 AppleWebKit/537.36 (KHTML, like Gecko; compatible; GPTBot/1.4; +https://openai.com/gptbot)"
74.7.242.17 - - [31/Jul/2026:16:28:51 +0200] "GET /favicon.ico?path=/home/tn/.htpasswds/public_html HTTP/1.1" 200 12792 "https://tempokontrol.co.za/favicon.ico?path=/home/tn/.htpasswds" "Mozilla/5.0 AppleWebKit/537.36 (KHTML, like Gecko; compatible; GPTBot/1.4; +https://openai.com/gptbot)"
74.7.227.163 - - [31/Jul/2026:16:28:51 +0200] "GET /?path=//sys/class/net/eth0/subsystem/eth0/subsystem/eth0/device/net/eth0/device/subsystem/drivers/hv_utils/module/sections HTTP/1.1" 200 67673 "https://www.tempokontrol.co.za/?path=//sys/class/net/eth0/subsystem/eth0/subsystem/eth0/device/net/eth0/device/subsystem/drivers/hv_utils/module" "Mozilla/5.0 AppleWebKit/537.36 (KHTML, like Gecko; compatible; GPTBot/1.4; +https://openai.com/gptbot)"
74.7.242.17 - - [31/Jul/2026:16:28:54 +0200] "GET /favicon.ico?path=/home/tn/public_html/.well-known HTTP/1.1" 200 15702 "https://tempokontrol.co.za/favicon.ico" "Mozilla/5.0 AppleWebKit/537.36 (KHTML, like Gecko; compatible; GPTBot/1.4; +https://openai.com/gptbot)"
74.7.227.163 - - [31/Jul/2026:16:28:54 +0200] "GET /?path=//sys/class/net/eth0/subsystem/eth0/subsystem/eth0/device/net/eth0/device/subsystem/drivers/hv_utils/module/notes HTTP/1.1" 200 17725 "https://www.tempokontrol.co.za/?path=//sys/class/net/eth0/subsystem/eth0/subsystem/eth0/device/net/eth0/device/subsystem/drivers/hv_utils/module" "Mozilla/5.0 AppleWebKit/537.36 (KHTML, like Gecko; compatible; GPTBot/1.4; +https://openai.com/gptbot)"
74.7.242.17 - - [31/Jul/2026:16:28:57 +0200] "GET /?fileloc=//lib64/libhunspell-1.7.so.0&path=//lib64 HTTP/1.1" 200 993773 "https://tempokontrol.co.za/?path=//lib64" "Mozilla/5.0 AppleWebKit/537.36 (KHTML, like Gecko; compatible; GPTBot/1.4; +https://openai.com/gptbot)"
74.7.227.163 - - [31/Jul/2026:16:28:57 +0200] "GET /?path=//sys/class/net/eth0/subsystem/eth0/subsystem/eth0/device/net/eth0/device/subsystem/drivers/hyperv_drm/module/drivers HTTP/1.1" 200 17385 "https://www.tempokontrol.co.za/?path=//sys/class/net/eth0/subsystem/eth0/subsystem/eth0/device/net/eth0/device/subsystem/drivers/hyperv_drm/module" "Mozilla/5.0 AppleWebKit/537.36 (KHTML, like Gecko; compatible; GPTBot/1.4; +https://openai.com/gptbot)"
