74.7.227.163 - - [31/Jul/2026:16:32:19 +0200] "GET /?path=//sys/class/net/eth0/subsystem/eth0/subsystem/eth0/device/net/eth0/device/subsystem/drivers/hyperv_drm/module/drivers/vmbus:hyperv_drm/module/holders HTTP/1.1" 200 14576 "https://www.tempokontrol.co.za/?path=//sys/class/net/eth0/subsystem/eth0/subsystem/eth0/device/net/eth0/device/subsystem/drivers/hyperv_drm/module/drivers/vmbus:hyperv_drm/module" "Mozilla/5.0 AppleWebKit/537.36 (KHTML, like Gecko; compatible; GPTBot/1.4; +https://openai.com/gptbot)"
74.7.242.17 - - [31/Jul/2026:16:32:20 +0200] "GET /?fileloc=//lib64/apr-util-1/apr_crypto_openssl-1.so&path=//lib64/apr-util-1 HTTP/1.1" 200 41366 "https://tempokontrol.co.za/?path=//lib64/apr-util-1" "Mozilla/5.0 AppleWebKit/537.36 (KHTML, like Gecko; compatible; GPTBot/1.4; +https://openai.com/gptbot)"
74.7.227.163 - - [31/Jul/2026:16:32:22 +0200] "GET /?path=//sys/class/net/eth0/subsystem/eth0/subsystem/eth0/device/net/eth0/device/subsystem/drivers/hv_netvsc/module/drivers/vmbus:hv_netvsc/module/sections HTTP/1.1" 200 93819 "https://www.tempokontrol.co.za/?path=//sys/class/net/eth0/subsystem/eth0/subsystem/eth0/device/net/eth0/device/subsystem/drivers/hv_netvsc/module/drivers/vmbus:hv_netvsc/module" "Mozilla/5.0 AppleWebKit/537.36 (KHTML, like Gecko; compatible; GPTBot/1.4; +https://openai.com/gptbot)"
74.7.242.17 - - [31/Jul/2026:16:32:23 +0200] "GET /favicon.ico?path=/home/tn/mail/.Drafts/tmp HTTP/1.1" 200 12816 "https://tempokontrol.co.za/favicon.ico?path=/home/tn/mail/.Drafts" "Mozilla/5.0 AppleWebKit/537.36 (KHTML, like Gecko; compatible; GPTBot/1.4; +https://openai.com/gptbot)"
74.7.227.163 - - [31/Jul/2026:16:32:25 +0200] "GET /?path=//sys/class/net/eth0/subsystem/eth0/subsystem/eth0/device/net/eth0/device/subsystem/drivers/hv_balloon/module/drivers/vmbus:hv_balloon/module/parameters HTTP/1.1" 200 18562 "https://www.tempokontrol.co.za/?path=//sys/class/net/eth0/subsystem/eth0/subsystem/eth0/device/net/eth0/device/subsystem/drivers/hv_balloon/module/drivers/vmbus:hv_balloon/module" "Mozilla/5.0 AppleWebKit/537.36 (KHTML, like Gecko; compatible; GPTBot/1.4; +https://openai.com/gptbot)"
74.7.242.17 - - [31/Jul/2026:16:32:26 +0200] "GET /?fileloc=//lib64/dovecot/libdovecot-compression.so.0.0.0&path=//lib64/dovecot HTTP/1.1" 200 93985 "https://tempokontrol.co.za/?path=//lib64/dovecot" "Mozilla/5.0 AppleWebKit/537.36 (KHTML, like Gecko; compatible; GPTBot/1.4; +https://openai.com/gptbot)"
74.7.227.163 - - [31/Jul/2026:16:32:28 +0200] "GET /?fileloc=//sys/class/net/eth0/subsystem/eth0/subsystem/eth0/device/net/eth0/device/subsystem/drivers/hv_utils/module/drivers/vmbus:hv_utils/module/sections/.init.text&path=//sys/class/net/eth0/subsystem/eth0/subsystem/eth0/device/net/eth0/device/subsystem/drivers/hv_utils/module/drivers/vmbus:hv_utils/module/sections HTTP/1.1" 200 14284 "https://www.tempokontrol.co.za/?path=//sys/class/net/eth0/subsystem/eth0/subsystem/eth0/device/net/eth0/device/subsystem/drivers/hv_utils/module/drivers/vmbus:hv_utils/module/sections" "Mozilla/5.0 AppleWebKit/537.36 (KHTML, like Gecko; compatible; GPTBot/1.4; +https://openai.com/gptbot)"
74.7.242.17 - - [31/Jul/2026:16:32:29 +0200] "GET /?fileloc=//lib64/libcryptsetup.so.12&path=//lib64 HTTP/1.1" 200 962809 "https://tempokontrol.co.za/?path=//lib64" "Mozilla/5.0 AppleWebKit/537.36 (KHTML, like Gecko; compatible; GPTBot/1.4; +https://openai.com/gptbot)"
74.7.227.163 - - [31/Jul/2026:16:32:31 +0200] "GET /?fileloc=//sys/class/net/eth0/subsystem/eth0/subsystem/eth0/device/net/eth0/device/subsystem/drivers/hv_utils/module/drivers/vmbus:hv_utils/module/sections/__dyndbg&path=//sys/class/net/eth0/subsystem/eth0/subsystem/eth0/device/net/eth0/device/subsystem/drivers/hv_utils/module/drivers/vmbus:hv_utils/module/sections HTTP/1.1" 200 14282 "https://www.tempokontrol.co.za/?path=//sys/class/net/eth0/subsystem/eth0/subsystem/eth0/device/net/eth0/device/subsystem/drivers/hv_utils/module/drivers/vmbus:hv_utils/module/sections" "Mozilla/5.0 AppleWebKit/537.36 (KHTML, like Gecko; compatible; GPTBot/1.4; +https://openai.com/gptbot)"
74.7.242.17 - - [31/Jul/2026:16:32:33 +0200] "GET /?fileloc=//lib64/libkrb5support.so.0&path=//lib64 HTTP/1.1" 200 106439 "https://tempokontrol.co.za/?path=//lib64" "Mozilla/5.0 AppleWebKit/537.36 (KHTML, like Gecko; compatible; GPTBot/1.4; +https://openai.com/gptbot)"
74.7.227.163 - - [31/Jul/2026:16:32:35 +0200] "GET /?path=//sys/class/net/eth0/subsystem/eth0/subsystem/eth0/device/net/eth0/device/subsystem/drivers/hyperv_drm/module/drivers/vmbus:hyperv_drm/module/sections HTTP/1.1" 200 60228 "https://www.tempokontrol.co.za/?path=//sys/class/net/eth0/subsystem/eth0/subsystem/eth0/device/net/eth0/device/subsystem/drivers/hyperv_drm/module/drivers/vmbus:hyperv_drm/module" "Mozilla/5.0 AppleWebKit/537.36 (KHTML, like Gecko; compatible; GPTBot/1.4; +https://openai.com/gptbot)"
74.7.242.17 - - [31/Jul/2026:16:32:36 +0200] "GET /favicon.ico?path=/home/tn/mail/.tristen@tempokontrol_co_za/.Junk HTTP/1.1" 200 20301 "https://tempokontrol.co.za/favicon.ico?path=/home/tn/mail/.tristen@tempokontrol_co_za" "Mozilla/5.0 AppleWebKit/537.36 (KHTML, like Gecko; compatible; GPTBot/1.4; +https://openai.com/gptbot)"
74.7.227.163 - - [31/Jul/2026:16:32:38 +0200] "GET /?path=//sys/class/net/eth0/subsystem/eth0/subsystem/eth0/device/net/eth0/device/subsystem/drivers/hid_hyperv/module/drivers/hid:hid-hyperv/module/holders HTTP/1.1" 200 14568 "https://www.tempokontrol.co.za/?path=//sys/class/net/eth0/subsystem/eth0/subsystem/eth0/device/net/eth0/device/subsystem/drivers/hid_hyperv/module/drivers/hid:hid-hyperv/module" "Mozilla/5.0 AppleWebKit/537.36 (KHTML, like Gecko; compatible; GPTBot/1.4; +https://openai.com/gptbot)"
74.7.242.17 - - [31/Jul/2026:16:32:39 +0200] "GET /favicon.ico?path=/home/tn/public_html/images/images HTTP/1.1" 200 20266 "https://tempokontrol.co.za/favicon.ico?path=/home/tn/public_html/images" "Mozilla/5.0 AppleWebKit/537.36 (KHTML, like Gecko; compatible; GPTBot/1.4; +https://openai.com/gptbot)"
74.7.227.163 - - [31/Jul/2026:16:32:41 +0200] "GET /?path=//sys/class/net/eth0/subsystem/eth0/subsystem/eth0/device/net/eth0/device/subsystem/drivers/hyperv_drm/module/drivers/pci:hyperv_drm/module/holders HTTP/1.1" 200 14568 "https://www.tempokontrol.co.za/?path=//sys/class/net/eth0/subsystem/eth0/subsystem/eth0/device/net/eth0/device/subsystem/drivers/hyperv_drm/module/drivers/pci:hyperv_drm/module" "Mozilla/5.0 AppleWebKit/537.36 (KHTML, like Gecko; compatible; GPTBot/1.4; +https://openai.com/gptbot)"
74.7.242.17 - - [31/Jul/2026:16:32:42 +0200] "GET /?fileloc=//lib64/gstreamer-1.0/libgstcoretracers.so&path=//lib64/gstreamer-1.0 HTTP/1.1" 200 164335 "https://tempokontrol.co.za/?path=//lib64/gstreamer-1.0" "Mozilla/5.0 AppleWebKit/537.36 (KHTML, like Gecko; compatible; GPTBot/1.4; +https://openai.com/gptbot)"
74.7.227.163 - - [31/Jul/2026:16:32:44 +0200] "GET /?path=//sys/class/net/eth0/subsystem/eth0/subsystem/eth0/device/net/eth0/device/subsystem/drivers/hid_hyperv/module/drivers/vmbus:hid_hyperv/module/holders HTTP/1.1" 200 14576 "https://www.tempokontrol.co.za/?path=//sys/class/net/eth0/subsystem/eth0/subsystem/eth0/device/net/eth0/device/subsystem/drivers/hid_hyperv/module/drivers/vmbus:hid_hyperv/module" "Mozilla/5.0 AppleWebKit/537.36 (KHTML, like Gecko; compatible; GPTBot/1.4; +https://openai.com/gptbot)"
74.7.242.17 - - [31/Jul/2026:16:32:45 +0200] "GET /?fileloc=//lib64/dovecot/var_expand_crypt.so&path=//lib64/dovecot HTTP/1.1" 200 43653 "https://tempokontrol.co.za/?path=//lib64/dovecot" "Mozilla/5.0 AppleWebKit/537.36 (KHTML, like Gecko; compatible; GPTBot/1.4; +https://openai.com/gptbot)"
74.7.227.163 - - [31/Jul/2026:16:32:47 +0200] "GET /?path=//sys/class/net/eth0/subsystem/eth0/subsystem/eth0/device/net/eth0/device/subsystem/drivers/hv_netvsc/module/drivers/vmbus:hv_netvsc/module/holders HTTP/1.1" 200 14565 "https://www.tempokontrol.co.za/?path=//sys/class/net/eth0/subsystem/eth0/subsystem/eth0/device/net/eth0/device/subsystem/drivers/hv_netvsc/module/drivers/vmbus:hv_netvsc/module" "Mozilla/5.0 AppleWebKit/537.36 (KHTML, like Gecko; compatible; GPTBot/1.4; +https://openai.com/gptbot)"
74.7.242.17 - - [31/Jul/2026:16:32:48 +0200] "GET /?fileloc=//lib64/python3.9/__pycache__/mailcap.cpython-39.pyc&path=//lib64/python3.9/__pycache__ HTTP/1.1" 200 20350 "https://tempokontrol.co.za/?path=//lib64/python3.9/__pycache__" "Mozilla/5.0 AppleWebKit/537.36 (KHTML, like Gecko; compatible; GPTBot/1.4; +https://openai.com/gptbot)"
74.7.227.163 - - [31/Jul/2026:16:32:50 +0200] "GET /?path=//sys/class/net/eth0/subsystem/eth0/subsystem/eth0/device/net/eth0/device/subsystem/drivers/hv_storvsc/module/drivers/vmbus:hv_storvsc/module/parameters HTTP/1.1" 200 24700 "https://www.tempokontrol.co.za/?path=//sys/class/net/eth0/subsystem/eth0/subsystem/eth0/device/net/eth0/device/subsystem/drivers/hv_storvsc/module/drivers/vmbus:hv_storvsc/module" "Mozilla/5.0 AppleWebKit/537.36 (KHTML, like Gecko; compatible; GPTBot/1.4; +https://openai.com/gptbot)"
74.7.242.17 - - [31/Jul/2026:16:32:51 +0200] "GET /?fileloc=//lib64/python3.9/__pycache__/pickle.cpython-39.pyc&path=//lib64/python3.9/__pycache__ HTTP/1.1" 200 66636 "https://tempokontrol.co.za/?path=//lib64/python3.9/__pycache__" "Mozilla/5.0 AppleWebKit/537.36 (KHTML, like Gecko; compatible; GPTBot/1.4; +https://openai.com/gptbot)"
74.7.227.163 - - [31/Jul/2026:16:32:53 +0200] "GET /?path=//sys/class/net/eth0/subsystem/eth0/subsystem/eth0/device/net/eth0/device/subsystem/drivers/hv_balloon/module/drivers/vmbus:hv_balloon/module/holders HTTP/1.1" 200 14576 "https://www.tempokontrol.co.za/?path=//sys/class/net/eth0/subsystem/eth0/subsystem/eth0/device/net/eth0/device/subsystem/drivers/hv_balloon/module/drivers/vmbus:hv_balloon/module" "Mozilla/5.0 AppleWebKit/537.36 (KHTML, like Gecko; compatible; GPTBot/1.4; +https://openai.com/gptbot)"
74.7.242.17 - - [31/Jul/2026:16:32:55 +0200] "GET /?fileloc=//lib64/python3.9/__pycache__/inspect.cpython-39.pyc&path=//lib64/python3.9/__pycache__ HTTP/1.1" 200 102786 "https://tempokontrol.co.za/?path=//lib64/python3.9/__pycache__" "Mozilla/5.0 AppleWebKit/537.36 (KHTML, like Gecko; compatible; GPTBot/1.4; +https://openai.com/gptbot)"
74.7.227.163 - - [31/Jul/2026:16:32:57 +0200] "GET /?path=//sys/class/net/eth0/subsystem/eth0/subsystem/eth0/device/net/eth0/device/subsystem/drivers/hyperv_drm/module/drivers/vmbus:hyperv_drm/module/notes HTTP/1.1" 200 18524 "https://www.tempokontrol.co.za/?path=//sys/class/net/eth0/subsystem/eth0/subsystem/eth0/device/net/eth0/device/subsystem/drivers/hyperv_drm/module/drivers/vmbus:hyperv_drm/module" "Mozilla/5.0 AppleWebKit/537.36 (KHTML, like Gecko; compatible; GPTBot/1.4; +https://openai.com/gptbot)"
74.7.242.17 - - [31/Jul/2026:16:32:58 +0200] "GET /?fileloc=//lib64/python3.9/__pycache__/typing.cpython-39.pyc&path=//lib64/python3.9/__pycache__ HTTP/1.1" 200 92071 "https://tempokontrol.co.za/?path=//lib64/python3.9/__pycache__" "Mozilla/5.0 AppleWebKit/537.36 (KHTML, like Gecko; compatible; GPTBot/1.4; +https://openai.com/gptbot)"
74.7.227.163 - - [31/Jul/2026:16:33:00 +0200] "GET /?path=//sys/class/net/eth0/subsystem/eth0/subsystem/eth0/device/net/eth0/device/subsystem/drivers/hyperv_keyboard/module/drivers/vmbus:hyperv_keyboard HTTP/1.1" 200 27476 "https://www.tempokontrol.co.za/?path=//sys/class/net/eth0/subsystem/eth0/subsystem/eth0/device/net/eth0/device/subsystem/drivers/hyperv_keyboard/module/drivers" "Mozilla/5.0 AppleWebKit/537.36 (KHTML, like Gecko; compatible; GPTBot/1.4; +https://openai.com/gptbot)"
74.7.242.17 - - [31/Jul/2026:16:33:01 +0200] "GET /?fileloc=//lib64/python3.9/__pycache__/getopt.cpython-39.pyc&path=//lib64/python3.9/__pycache__ HTTP/1.1" 200 19186 "https://tempokontrol.co.za/?path=//lib64/python3.9/__pycache__" "Mozilla/5.0 AppleWebKit/537.36 (KHTML, like Gecko; compatible; GPTBot/1.4; +https://openai.com/gptbot)"
74.7.227.163 - - [31/Jul/2026:16:33:03 +0200] "GET /?path=//sys/class/net/eth0/subsystem/eth0/subsystem/eth0/device/net/eth0/device/subsystem/drivers/hid_hyperv/module/drivers/hid:hid-hyperv/module/drivers/vmbus:hid_hyperv HTTP/1.1" 200 28502 "https://www.tempokontrol.co.za/?path=//sys/class/net/eth0/subsystem/eth0/subsystem/eth0/device/net/eth0/device/subsystem/drivers/hid_hyperv/module/drivers/hid:hid-hyperv/module/drivers" "Mozilla/5.0 AppleWebKit/537.36 (KHTML, like Gecko; compatible; GPTBot/1.4; +https://openai.com/gptbot)"
74.7.242.17 - - [31/Jul/2026:16:33:04 +0200] "GET /?fileloc=//lib64/python3.9/__pycache__/heapq.cpython-39.pyc&path=//lib64/python3.9/__pycache__ HTTP/1.1" 200 27469 "https://tempokontrol.co.za/?path=//lib64/python3.9/__pycache__" "Mozilla/5.0 AppleWebKit/537.36 (KHTML, like Gecko; compatible; GPTBot/1.4; +https://openai.com/gptbot)"
74.7.227.163 - - [31/Jul/2026:16:33:06 +0200] "GET /?path=//sys/class/net/eth0/subsystem/eth0/subsystem/eth0/device/net/eth0/device/subsystem/drivers/hv_utils/module/drivers/vmbus:hv_utils/module/drivers HTTP/1.1" 200 16298 "https://www.tempokontrol.co.za/?path=//sys/class/net/eth0/subsystem/eth0/subsystem/eth0/device/net/eth0/device/subsystem/drivers/hv_utils/module/drivers/vmbus:hv_utils/module" "Mozilla/5.0 AppleWebKit/537.36 (KHTML, like Gecko; compatible; GPTBot/1.4; +https://openai.com/gptbot)"
74.7.242.17 - - [31/Jul/2026:16:33:07 +0200] "GET /?fileloc=//lib64/libxcb-sync.so.1.0.0&path=//lib64 HTTP/1.1" 200 56358 "https://tempokontrol.co.za/?path=//lib64" "Mozilla/5.0 AppleWebKit/537.36 (KHTML, like Gecko; compatible; GPTBot/1.4; +https://openai.com/gptbot)"
74.7.227.163 - - [31/Jul/2026:16:33:09 +0200] "GET /?fileloc=//sys/class/net/eth0/subsystem/eth0/subsystem/eth0/device/net/eth0/device/subsystem/drivers/hyperv_drm/module/drivers/vmbus:hyperv_drm/module/sections/.orc_unwind_ip&path=//sys/class/net/eth0/subsystem/eth0/subsystem/eth0/device/net/eth0/device/subsystem/drivers/hyperv_drm/module/drivers/vmbus:hyperv_drm/module/sections HTTP/1.1" 200 14314 "https://www.tempokontrol.co.za/?path=//sys/class/net/eth0/subsystem/eth0/subsystem/eth0/device/net/eth0/device/subsystem/drivers/hyperv_drm/module/drivers/vmbus:hyperv_drm/module/sections" "Mozilla/5.0 AppleWebKit/537.36 (KHTML, like Gecko; compatible; GPTBot/1.4; +https://openai.com/gptbot)"
74.7.242.17 - - [31/Jul/2026:16:33:10 +0200] "GET /favicon.ico?path=/home/tn/mail/.tristen@tempokontrol_co_za/.Junk/tmp HTTP/1.1" 200 12956 "https://tempokontrol.co.za/favicon.ico?path=/home/tn/mail/.tristen@tempokontrol_co_za/.Junk" "Mozilla/5.0 AppleWebKit/537.36 (KHTML, like Gecko; compatible; GPTBot/1.4; +https://openai.com/gptbot)"
74.7.227.163 - - [31/Jul/2026:16:33:12 +0200] "GET /?path=//sys/class/net/eth0/subsystem/eth0/subsystem/eth0/device/net/eth0/device/subsystem/drivers/hyperv_drm/module/drivers/vmbus:hyperv_drm/module/drivers HTTP/1.1" 200 18096 "https://www.tempokontrol.co.za/?path=//sys/class/net/eth0/subsystem/eth0/subsystem/eth0/device/net/eth0/device/subsystem/drivers/hyperv_drm/module/drivers/vmbus:hyperv_drm/module" "Mozilla/5.0 AppleWebKit/537.36 (KHTML, like Gecko; compatible; GPTBot/1.4; +https://openai.com/gptbot)"
74.7.242.17 - - [31/Jul/2026:16:33:13 +0200] "GET /favicon.ico?path=/home/tn/mail/.tristen@tempokontrol_co_za/.Junk/cur HTTP/1.1" 200 12956 "https://tempokontrol.co.za/favicon.ico?path=/home/tn/mail/.tristen@tempokontrol_co_za/.Junk" "Mozilla/5.0 AppleWebKit/537.36 (KHTML, like Gecko; compatible; GPTBot/1.4; +https://openai.com/gptbot)"
74.7.227.163 - - [31/Jul/2026:16:33:15 +0200] "GET /?path=//sys/class/net/eth0/subsystem/eth0/subsystem/eth0/device/net/eth0/device/subsystem/drivers/hv_balloon/module/drivers/vmbus:hv_balloon/module/drivers HTTP/1.1" 200 16340 "https://www.tempokontrol.co.za/?path=//sys/class/net/eth0/subsystem/eth0/subsystem/eth0/device/net/eth0/device/subsystem/drivers/hv_balloon/module/drivers/vmbus:hv_balloon/module" "Mozilla/5.0 AppleWebKit/537.36 (KHTML, like Gecko; compatible; GPTBot/1.4; +https://openai.com/gptbot)"
74.7.242.17 - - [31/Jul/2026:16:33:16 +0200] "GET /favicon.ico?path=/home/tn/mail/.tristen@tempokontrol_co_za/.Junk/new HTTP/1.1" 200 12956 "https://tempokontrol.co.za/favicon.ico?path=/home/tn/mail/.tristen@tempokontrol_co_za/.Junk" "Mozilla/5.0 AppleWebKit/537.36 (KHTML, like Gecko; compatible; GPTBot/1.4; +https://openai.com/gptbot)"
74.7.227.163 - - [31/Jul/2026:16:33:18 +0200] "GET /?path=//sys/class/net/eth0/subsystem/eth0/subsystem/eth0/device/net/eth0/device/subsystem/drivers/hv_netvsc/module/drivers/vmbus:hv_netvsc/module/drivers HTTP/1.1" 200 16319 "https://www.tempokontrol.co.za/?path=//sys/class/net/eth0/subsystem/eth0/subsystem/eth0/device/net/eth0/device/subsystem/drivers/hv_netvsc/module/drivers/vmbus:hv_netvsc/module" "Mozilla/5.0 AppleWebKit/537.36 (KHTML, like Gecko; compatible; GPTBot/1.4; +https://openai.com/gptbot)"
74.7.242.17 - - [31/Jul/2026:16:33:20 +0200] "GET /?fileloc=//lib64/python3.9/__pycache__/symbol.cpython-39.pyc&path=//lib64/python3.9/__pycache__ HTTP/1.1" 200 15116 "https://tempokontrol.co.za/?path=//lib64/python3.9/__pycache__" "Mozilla/5.0 AppleWebKit/537.36 (KHTML, like Gecko; compatible; GPTBot/1.4; +https://openai.com/gptbot)"
74.7.227.163 - - [31/Jul/2026:16:33:22 +0200] "GET /?path=//sys/class/net/eth0/subsystem/eth0/subsystem/eth0/device/net/eth0/device/subsystem/drivers/hv_storvsc/module/drivers/vmbus:hv_storvsc/module/drivers HTTP/1.1" 200 16340 "https://www.tempokontrol.co.za/?path=//sys/class/net/eth0/subsystem/eth0/subsystem/eth0/device/net/eth0/device/subsystem/drivers/hv_storvsc/module/drivers/vmbus:hv_storvsc/module" "Mozilla/5.0 AppleWebKit/537.36 (KHTML, like Gecko; compatible; GPTBot/1.4; +https://openai.com/gptbot)"
74.7.242.17 - - [31/Jul/2026:16:33:23 +0200] "GET /?fileloc=//lib64/python3.9/__pycache__/zipfile.cpython-39.pyc&path=//lib64/python3.9/__pycache__ HTTP/1.1" 200 80455 "https://tempokontrol.co.za/?path=//lib64/python3.9/__pycache__" "Mozilla/5.0 AppleWebKit/537.36 (KHTML, like Gecko; compatible; GPTBot/1.4; +https://openai.com/gptbot)"
74.7.227.163 - - [31/Jul/2026:16:33:25 +0200] "GET /?path=//sys/class/net/eth0/subsystem/eth0/subsystem/eth0/device/net/eth0/device/subsystem/drivers/hid_hyperv/module/drivers/vmbus:hid_hyperv/module/drivers HTTP/1.1" 200 18096 "https://www.tempokontrol.co.za/?path=//sys/class/net/eth0/subsystem/eth0/subsystem/eth0/device/net/eth0/device/subsystem/drivers/hid_hyperv/module/drivers/vmbus:hid_hyperv/module" "Mozilla/5.0 AppleWebKit/537.36 (KHTML, like Gecko; compatible; GPTBot/1.4; +https://openai.com/gptbot)"
74.7.242.17 - - [31/Jul/2026:16:33:26 +0200] "GET /?fileloc=//lib64/python3.9/__pycache__/shelve.cpython-39.pyc&path=//lib64/python3.9/__pycache__ HTTP/1.1" 200 22666 "https://tempokontrol.co.za/?path=//lib64/python3.9/__pycache__" "Mozilla/5.0 AppleWebKit/537.36 (KHTML, like Gecko; compatible; GPTBot/1.4; +https://openai.com/gptbot)"
74.7.227.163 - - [31/Jul/2026:16:33:28 +0200] "GET /?path=//sys/class/net/eth0/subsystem/eth0/subsystem/eth0/device/net/eth0/device/subsystem/drivers/hyperv_drm/module/drivers/pci:hyperv_drm/module/drivers HTTP/1.1" 200 18076 "https://www.tempokontrol.co.za/?path=//sys/class/net/eth0/subsystem/eth0/subsystem/eth0/device/net/eth0/device/subsystem/drivers/hyperv_drm/module/drivers/pci:hyperv_drm/module" "Mozilla/5.0 AppleWebKit/537.36 (KHTML, like Gecko; compatible; GPTBot/1.4; +https://openai.com/gptbot)"
74.7.242.17 - - [31/Jul/2026:16:33:29 +0200] "GET /?fileloc=//lib64/python3.9/__pycache__/genericpath.cpython-39.pyc&path=//lib64/python3.9/__pycache__ HTTP/1.1" 200 17327 "https://tempokontrol.co.za/?path=//lib64/python3.9/__pycache__" "Mozilla/5.0 AppleWebKit/537.36 (KHTML, like Gecko; compatible; GPTBot/1.4; +https://openai.com/gptbot)"
74.7.227.163 - - [31/Jul/2026:16:33:31 +0200] "GET /?path=//sys/class/net/eth0/subsystem/eth0/subsystem/eth0/device/net/eth0/device/driver/module/drivers/vmbus:hv_netvsc/module/drivers/vmbus:hv_netvsc HTTP/1.1" 200 27541 "https://www.tempokontrol.co.za/?path=//sys/class/net/eth0/subsystem/eth0/subsystem/eth0/device/net/eth0/device/driver/module/drivers/vmbus:hv_netvsc/module/drivers" "Mozilla/5.0 AppleWebKit/537.36 (KHTML, like Gecko; compatible; GPTBot/1.4; +https://openai.com/gptbot)"
74.7.242.17 - - [31/Jul/2026:16:33:32 +0200] "GET /?fileloc=//lib64/python3.9/__pycache__/pickletools.cpython-39.pyc&path=//lib64/python3.9/__pycache__ HTTP/1.1" 200 86421 "https://tempokontrol.co.za/?path=//lib64/python3.9/__pycache__" "Mozilla/5.0 AppleWebKit/537.36 (KHTML, like Gecko; compatible; GPTBot/1.4; +https://openai.com/gptbot)"
74.7.227.163 - - [31/Jul/2026:16:33:34 +0200] "GET /?path=//sys/class/net/eth0/subsystem/eth0/subsystem/eth0/device/net/eth0/device/subsystem/drivers/hid_hyperv/module/drivers/hid:hid-hyperv/module/drivers/hid:hid-hyperv HTTP/1.1" 200 26360 "https://www.tempokontrol.co.za/?path=//sys/class/net/eth0/subsystem/eth0/subsystem/eth0/device/net/eth0/device/subsystem/drivers/hid_hyperv/module/drivers/hid:hid-hyperv/module/drivers" "Mozilla/5.0 AppleWebKit/537.36 (KHTML, like Gecko; compatible; GPTBot/1.4; +https://openai.com/gptbot)"
74.7.242.17 - - [31/Jul/2026:16:33:36 +0200] "GET /?fileloc=//lib64/python3.9/__pycache__/copyreg.cpython-39.pyc&path=//lib64/python3.9/__pycache__ HTTP/1.1" 200 17269 "https://tempokontrol.co.za/?path=//lib64/python3.9/__pycache__" "Mozilla/5.0 AppleWebKit/537.36 (KHTML, like Gecko; compatible; GPTBot/1.4; +https://openai.com/gptbot)"
74.7.227.163 - - [31/Jul/2026:16:33:37 +0200] "GET /?fileloc=//sys/class/net/eth0/subsystem/eth0/subsystem/eth0/device/net/eth0/device/subsystem/drivers/hid_hyperv/module/drivers/hid:hid-hyperv/module/drivers/vmbus:hid_hyperv/uevent&path=//sys/class/net/eth0/subsystem/eth0/subsystem/eth0/device/net/eth0/device/subsystem/drivers/hid_hyperv/module/drivers/hid:hid-hyperv/module/drivers/vmbus:hid_hyperv HTTP/1.1" 200 14512 "https://www.tempokontrol.co.za/?path=//sys/class/net/eth0/subsystem/eth0/subsystem/eth0/device/net/eth0/device/subsystem/drivers/hid_hyperv/module/drivers/hid:hid-hyperv/module/drivers/vmbus:hid_hyperv" "Mozilla/5.0 AppleWebKit/537.36 (KHTML, like Gecko; compatible; GPTBot/1.4; +https://openai.com/gptbot)"
74.7.242.17 - - [31/Jul/2026:16:33:39 +0200] "GET /?fileloc=//lib64/python3.9/__pycache__/operator.cpython-39.pyc&path=//lib64/python3.9/__pycache__ HTTP/1.1" 200 27607 "https://tempokontrol.co.za/?path=//lib64/python3.9/__pycache__" "Mozilla/5.0 AppleWebKit/537.36 (KHTML, like Gecko; compatible; GPTBot/1.4; +https://openai.com/gptbot)"
74.7.227.163 - - [31/Jul/2026:16:33:40 +0200] "GET /?path=//sys/class/net/eth0/subsystem/eth0/subsystem/eth0/device/net/eth0/device/subsystem/drivers/hv_utils/module/drivers/vmbus:hv_utils/module/drivers/vmbus:hv_utils HTTP/1.1" 200 35886 "https://www.tempokontrol.co.za/?path=//sys/class/net/eth0/subsystem/eth0/subsystem/eth0/device/net/eth0/device/subsystem/drivers/hv_utils/module/drivers/vmbus:hv_utils/module/drivers" "Mozilla/5.0 AppleWebKit/537.36 (KHTML, like Gecko; compatible; GPTBot/1.4; +https://openai.com/gptbot)"
74.7.242.17 - - [31/Jul/2026:16:33:42 +0200] "GET /?fileloc=//lib64/python3.9/__pycache__/_compat_pickle.cpython-39.pyc&path=//lib64/python3.9/__pycache__ HTTP/1.1" 200 18611 "https://tempokontrol.co.za/?path=//lib64/python3.9/__pycache__" "Mozilla/5.0 AppleWebKit/537.36 (KHTML, like Gecko; compatible; GPTBot/1.4; +https://openai.com/gptbot)"
74.7.227.163 - - [31/Jul/2026:16:33:43 +0200] "GET /?path=//sys/class/net/eth0/subsystem/eth0/subsystem/eth0/device/net/eth0/device/subsystem/drivers/hyperv_keyboard/module/drivers/vmbus:hyperv_keyboard/module HTTP/1.1" 200 37075 "https://www.tempokontrol.co.za/?path=//sys/class/net/eth0/subsystem/eth0/subsystem/eth0/device/net/eth0/device/subsystem/drivers/hyperv_keyboard/module/drivers/vmbus:hyperv_keyboard" "Mozilla/5.0 AppleWebKit/537.36 (KHTML, like Gecko; compatible; GPTBot/1.4; +https://openai.com/gptbot)"
74.7.242.17 - - [31/Jul/2026:16:33:45 +0200] "GET /?fileloc=//lib64/python3.9/__pycache__/tempfile.cpython-39.pyc&path=//lib64/python3.9/__pycache__ HTTP/1.1" 200 38737 "https://tempokontrol.co.za/?path=//lib64/python3.9/__pycache__" "Mozilla/5.0 AppleWebKit/537.36 (KHTML, like Gecko; compatible; GPTBot/1.4; +https://openai.com/gptbot)"
74.7.227.163 - - [31/Jul/2026:16:33:47 +0200] "GET /?path=//sys/class/net/eth0/subsystem/eth0/subsystem/eth0/device/net/eth0/device/subsystem/drivers/hyperv_drm/module/drivers/vmbus:hyperv_drm/module/drivers/pci:hyperv_drm HTTP/1.1" 200 26619 "https://www.tempokontrol.co.za/?path=//sys/class/net/eth0/subsystem/eth0/subsystem/eth0/device/net/eth0/device/subsystem/drivers/hyperv_drm/module/drivers/vmbus:hyperv_drm/module/drivers" "Mozilla/5.0 AppleWebKit/537.36 (KHTML, like Gecko; compatible; GPTBot/1.4; +https://openai.com/gptbot)"
74.7.242.17 - - [31/Jul/2026:16:33:48 +0200] "GET /?fileloc=//lib64/python3.9/__pycache__/graphlib.cpython-39.pyc&path=//lib64/python3.9/__pycache__ HTTP/1.1" 200 20579 "https://tempokontrol.co.za/?path=//lib64/python3.9/__pycache__" "Mozilla/5.0 AppleWebKit/537.36 (KHTML, like Gecko; compatible; GPTBot/1.4; +https://openai.com/gptbot)"
74.7.227.163 - - [31/Jul/2026:16:33:50 +0200] "GET /?path=//sys/class/net/eth0/subsystem/eth0/subsystem/eth0/device/net/eth0/device/channels/22 HTTP/1.1" 200 39201 "https://www.tempokontrol.co.za/?path=//sys/class/net/eth0/subsystem/eth0/subsystem/eth0/device/net/eth0/device/channels" "Mozilla/5.0 AppleWebKit/537.36 (KHTML, like Gecko; compatible; GPTBot/1.4; +https://openai.com/gptbot)"
74.7.242.17 - - [31/Jul/2026:16:33:51 +0200] "GET /?fileloc=//lib64/python3.9/__pycache__/doctest.cpython-39.pyc&path=//lib64/python3.9/__pycache__ HTTP/1.1" 200 95626 "https://tempokontrol.co.za/?path=//lib64/python3.9/__pycache__" "Mozilla/5.0 AppleWebKit/537.36 (KHTML, like Gecko; compatible; GPTBot/1.4; +https://openai.com/gptbot)"
74.7.227.163 - - [31/Jul/2026:16:33:53 +0200] "GET /?path=//sys/class/net/eth0/subsystem/eth0/subsystem/eth0/device/net/eth0/device/channels/17 HTTP/1.1" 200 39201 "https://www.tempokontrol.co.za/?path=//sys/class/net/eth0/subsystem/eth0/subsystem/eth0/device/net/eth0/device/channels" "Mozilla/5.0 AppleWebKit/537.36 (KHTML, like Gecko; compatible; GPTBot/1.4; +https://openai.com/gptbot)"
74.7.242.17 - - [31/Jul/2026:16:33:54 +0200] "GET /?fileloc=//lib64/python3.9/__pycache__/pstats.cpython-39.pyc&path=//lib64/python3.9/__pycache__ HTTP/1.1" 200 38962 "https://tempokontrol.co.za/?path=//lib64/python3.9/__pycache__" "Mozilla/5.0 AppleWebKit/537.36 (KHTML, like Gecko; compatible; GPTBot/1.4; +https://openai.com/gptbot)"
74.7.227.163 - - [31/Jul/2026:16:33:56 +0200] "GET /?path=//sys/class/net/eth0/subsystem/eth0/subsystem/eth0/device/net/eth0/device/channels/21 HTTP/1.1" 200 39201 "https://www.tempokontrol.co.za/?path=//sys/class/net/eth0/subsystem/eth0/subsystem/eth0/device/net/eth0/device/channels" "Mozilla/5.0 AppleWebKit/537.36 (KHTML, like Gecko; compatible; GPTBot/1.4; +https://openai.com/gptbot)"
74.7.242.17 - - [31/Jul/2026:16:33:58 +0200] "GET /?fileloc=//lib64/python3.9/__pycache__/filecmp.cpython-39.pyc&path=//lib64/python3.9/__pycache__ HTTP/1.1" 200 21821 "https://tempokontrol.co.za/?path=//lib64/python3.9/__pycache__" "Mozilla/5.0 AppleWebKit/537.36 (KHTML, like Gecko; compatible; GPTBot/1.4; +https://openai.com/gptbot)"
74.7.227.163 - - [31/Jul/2026:16:33:59 +0200] "GET /?path=//sys/class/net/eth0/subsystem/eth0/subsystem/eth0/device/net/eth0/device/subsystem/drivers/hid_hyperv/module/drivers/vmbus:hid_hyperv/module/drivers/hid:hid-hyperv HTTP/1.1" 200 26414 "https://www.tempokontrol.co.za/?path=//sys/class/net/eth0/subsystem/eth0/subsystem/eth0/device/net/eth0/device/subsystem/drivers/hid_hyperv/module/drivers/vmbus:hid_hyperv/module/drivers" "Mozilla/5.0 AppleWebKit/537.36 (KHTML, like Gecko; compatible; GPTBot/1.4; +https://openai.com/gptbot)"
74.7.242.17 - - [31/Jul/2026:16:34:01 +0200] "GET /?fileloc=//lib64/python3.9/__pycache__/socket.cpython-39.pyc&path=//lib64/python3.9/__pycache__ HTTP/1.1" 200 44576 "https://tempokontrol.co.za/?path=//lib64/python3.9/__pycache__" "Mozilla/5.0 AppleWebKit/537.36 (KHTML, like Gecko; compatible; GPTBot/1.4; +https://openai.com/gptbot)"
74.7.227.163 - - [31/Jul/2026:16:34:02 +0200] "GET /?path=//sys/class/net/eth0/subsystem/eth0/subsystem/eth0/device/net/eth0/device/subsystem/drivers/hyperv_drm/module/drivers/pci:hyperv_drm/module/drivers/vmbus:hyperv_drm HTTP/1.1" 200 28502 "https://www.tempokontrol.co.za/?path=//sys/class/net/eth0/subsystem/eth0/subsystem/eth0/device/net/eth0/device/subsystem/drivers/hyperv_drm/module/drivers/pci:hyperv_drm/module/drivers" "Mozilla/5.0 AppleWebKit/537.36 (KHTML, like Gecko; compatible; GPTBot/1.4; +https://openai.com/gptbot)"
74.7.242.17 - - [31/Jul/2026:16:34:04 +0200] "GET /?fileloc=//lib64/python3.9/__pycache__/colorsys.cpython-39.pyc&path=//lib64/python3.9/__pycache__ HTTP/1.1" 200 15942 "https://tempokontrol.co.za/?path=//lib64/python3.9/__pycache__" "Mozilla/5.0 AppleWebKit/537.36 (KHTML, like Gecko; compatible; GPTBot/1.4; +https://openai.com/gptbot)"
74.7.227.163 - - [31/Jul/2026:16:34:05 +0200] "GET /?path=//sys/class/net/eth0/subsystem/eth0/subsystem/eth0/device/net/eth0/device/driver/module/drivers/vmbus:hv_netvsc/module/drivers/vmbus:hv_netvsc/module HTTP/1.1" 200 38842 "https://www.tempokontrol.co.za/?path=//sys/class/net/eth0/subsystem/eth0/subsystem/eth0/device/net/eth0/device/driver/module/drivers/vmbus:hv_netvsc/module/drivers/vmbus:hv_netvsc" "Mozilla/5.0 AppleWebKit/537.36 (KHTML, like Gecko; compatible; GPTBot/1.4; +https://openai.com/gptbot)"
74.7.242.17 - - [31/Jul/2026:16:34:07 +0200] "GET /?fileloc=//lib64/python3.9/__pycache__/statistics.cpython-39.pyc&path=//lib64/python3.9/__pycache__ HTTP/1.1" 200 48582 "https://tempokontrol.co.za/?path=//lib64/python3.9/__pycache__" "Mozilla/5.0 AppleWebKit/537.36 (KHTML, like Gecko; compatible; GPTBot/1.4; +https://openai.com/gptbot)"
74.7.227.163 - - [31/Jul/2026:16:34:08 +0200] "GET /?path=//sys/class/net/eth0/subsystem/eth0/subsystem/eth0/device/net/eth0/device/channels/14 HTTP/1.1" 200 39201 "https://www.tempokontrol.co.za/?path=//sys/class/net/eth0/subsystem/eth0/subsystem/eth0/device/net/eth0/device/channels" "Mozilla/5.0 AppleWebKit/537.36 (KHTML, like Gecko; compatible; GPTBot/1.4; +https://openai.com/gptbot)"
74.7.242.17 - - [31/Jul/2026:16:34:10 +0200] "GET /?fileloc=//lib64/python3.9/__pycache__/bisect.cpython-39.pyc&path=//lib64/python3.9/__pycache__ HTTP/1.1" 200 14846 "https://tempokontrol.co.za/?path=//lib64/python3.9/__pycache__" "Mozilla/5.0 AppleWebKit/537.36 (KHTML, like Gecko; compatible; GPTBot/1.4; +https://openai.com/gptbot)"
74.7.227.163 - - [31/Jul/2026:16:34:11 +0200] "GET /?path=//sys/class/net/eth0/subsystem/eth0/subsystem/eth0/device/net/eth0/device/channels/23 HTTP/1.1" 200 39201 "https://www.tempokontrol.co.za/?path=//sys/class/net/eth0/subsystem/eth0/subsystem/eth0/device/net/eth0/device/channels" "Mozilla/5.0 AppleWebKit/537.36 (KHTML, like Gecko; compatible; GPTBot/1.4; +https://openai.com/gptbot)"
74.7.242.17 - - [31/Jul/2026:16:34:13 +0200] "GET /?fileloc=//lib64/python3.9/__pycache__/binhex.cpython-39.pyc&path=//lib64/python3.9/__pycache__ HTTP/1.1" 200 26620 "https://tempokontrol.co.za/?path=//lib64/python3.9/__pycache__" "Mozilla/5.0 AppleWebKit/537.36 (KHTML, like Gecko; compatible; GPTBot/1.4; +https://openai.com/gptbot)"
74.7.227.163 - - [31/Jul/2026:16:34:14 +0200] "GET /?path=//sys/class/net/eth0/subsystem/eth0/subsystem/eth0/device/net/eth0/device/channels/16 HTTP/1.1" 200 39201 "https://www.tempokontrol.co.za/?path=//sys/class/net/eth0/subsystem/eth0/subsystem/eth0/device/net/eth0/device/channels" "Mozilla/5.0 AppleWebKit/537.36 (KHTML, like Gecko; compatible; GPTBot/1.4; +https://openai.com/gptbot)"
74.7.242.17 - - [31/Jul/2026:16:34:16 +0200] "GET /?fileloc=//lib64/python3.9/__pycache__/tracemalloc.cpython-39.pyc&path=//lib64/python3.9/__pycache__ HTTP/1.1" 200 31887 "https://tempokontrol.co.za/?path=//lib64/python3.9/__pycache__" "Mozilla/5.0 AppleWebKit/537.36 (KHTML, like Gecko; compatible; GPTBot/1.4; +https://openai.com/gptbot)"
74.7.227.163 - - [31/Jul/2026:16:34:17 +0200] "GET /?path=//sys/class/net/eth0/subsystem/eth0/subsystem/eth0/device/net/eth0/device/subsystem/drivers/hyperv_keyboard/module/drivers/vmbus:hyperv_keyboard/module/notes HTTP/1.1" 200 18659 "https://www.tempokontrol.co.za/?path=//sys/class/net/eth0/subsystem/eth0/subsystem/eth0/device/net/eth0/device/subsystem/drivers/hyperv_keyboard/module/drivers/vmbus:hyperv_keyboard/module" "Mozilla/5.0 AppleWebKit/537.36 (KHTML, like Gecko; compatible; GPTBot/1.4; +https://openai.com/gptbot)"
74.7.242.17 - - [31/Jul/2026:16:34:19 +0200] "GET /?fileloc=//lib64/python3.9/__pycache__/difflib.cpython-39.pyc&path=//lib64/python3.9/__pycache__ HTTP/1.1" 200 78035 "https://tempokontrol.co.za/?path=//lib64/python3.9/__pycache__" "Mozilla/5.0 AppleWebKit/537.36 (KHTML, like Gecko; compatible; GPTBot/1.4; +https://openai.com/gptbot)"
74.7.227.163 - - [31/Jul/2026:16:34:21 +0200] "GET /?path=//sys/class/net/eth0/subsystem/eth0/subsystem/eth0/device/net/eth0/device/subsystem/drivers/hyperv_keyboard/module/drivers/vmbus:hyperv_keyboard/module/holders HTTP/1.1" 200 14631 "https://www.tempokontrol.co.za/?path=//sys/class/net/eth0/subsystem/eth0/subsystem/eth0/device/net/eth0/device/subsystem/drivers/hyperv_keyboard/module/drivers/vmbus:hyperv_keyboard/module" "Mozilla/5.0 AppleWebKit/537.36 (KHTML, like Gecko; compatible; GPTBot/1.4; +https://openai.com/gptbot)"
74.7.242.17 - - [31/Jul/2026:16:34:23 +0200] "GET /?fileloc=//lib64/python3.9/__pycache__/rlcompleter.cpython-39.pyc&path=//lib64/python3.9/__pycache__ HTTP/1.1" 200 18720 "https://tempokontrol.co.za/?path=//lib64/python3.9/__pycache__" "Mozilla/5.0 AppleWebKit/537.36 (KHTML, like Gecko; compatible; GPTBot/1.4; +https://openai.com/gptbot)"
74.7.227.163 - - [31/Jul/2026:16:34:24 +0200] "GET /?path=//sys/class/net/eth0/subsystem/eth0/subsystem/eth0/device/net/eth0/device/subsystem/drivers/hyperv_keyboard/module/drivers/vmbus:hyperv_keyboard/module/sections HTTP/1.1" 200 57191 "https://www.tempokontrol.co.za/?path=//sys/class/net/eth0/subsystem/eth0/subsystem/eth0/device/net/eth0/device/subsystem/drivers/hyperv_keyboard/module/drivers/vmbus:hyperv_keyboard/module" "Mozilla/5.0 AppleWebKit/537.36 (KHTML, like Gecko; compatible; GPTBot/1.4; +https://openai.com/gptbot)"
74.7.242.17 - - [31/Jul/2026:16:34:26 +0200] "GET /?fileloc=//lib64/python3.9/__pycache__/hashlib.cpython-39.pyc&path=//lib64/python3.9/__pycache__ HTTP/1.1" 200 18116 "https://tempokontrol.co.za/?path=//lib64/python3.9/__pycache__" "Mozilla/5.0 AppleWebKit/537.36 (KHTML, like Gecko; compatible; GPTBot/1.4; +https://openai.com/gptbot)"
74.7.227.163 - - [31/Jul/2026:16:34:27 +0200] "GET /?path=//sys/class/net/eth0/subsystem/eth0/subsystem/eth0/device/net/eth0/device/channels/19 HTTP/1.1" 200 39201 "https://www.tempokontrol.co.za/?path=//sys/class/net/eth0/subsystem/eth0/subsystem/eth0/device/net/eth0/device/channels" "Mozilla/5.0 AppleWebKit/537.36 (KHTML, like Gecko; compatible; GPTBot/1.4; +https://openai.com/gptbot)"
74.7.242.17 - - [31/Jul/2026:16:34:29 +0200] "GET /?fileloc=//lib64/python3.9/__pycache__/_pydecimal.cpython-39.pyc&path=//lib64/python3.9/__pycache__ HTTP/1.1" 200 198238 "https://tempokontrol.co.za/?path=//lib64/python3.9/__pycache__" "Mozilla/5.0 AppleWebKit/537.36 (KHTML, like Gecko; compatible; GPTBot/1.4; +https://openai.com/gptbot)"
74.7.227.163 - - [31/Jul/2026:16:34:30 +0200] "GET /?fileloc=//sys/class/net/eth0/subsystem/eth0/subsystem/eth0/device/net/eth0/device/channels/21/in_mask&path=//sys/class/net/eth0/subsystem/eth0/subsystem/eth0/device/net/eth0/device/channels/21 HTTP/1.1" 200 13293 "https://www.tempokontrol.co.za/?path=//sys/class/net/eth0/subsystem/eth0/subsystem/eth0/device/net/eth0/device/channels/21" "Mozilla/5.0 AppleWebKit/537.36 (KHTML, like Gecko; compatible; GPTBot/1.4; +https://openai.com/gptbot)"
74.7.242.17 - - [31/Jul/2026:16:34:32 +0200] "GET /?fileloc=//lib64/python3.9/__pycache__/optparse.cpython-39.pyc&path=//lib64/python3.9/__pycache__ HTTP/1.1" 200 64934 "https://tempokontrol.co.za/?path=//lib64/python3.9/__pycache__" "Mozilla/5.0 AppleWebKit/537.36 (KHTML, like Gecko; compatible; GPTBot/1.4; +https://openai.com/gptbot)"
74.7.227.163 - - [31/Jul/2026:16:34:33 +0200] "GET /?path=//sys/class/net/eth0/subsystem/eth0/subsystem/eth0/device/net/eth0/device/channels/18 HTTP/1.1" 200 39201 "https://www.tempokontrol.co.za/?path=//sys/class/net/eth0/subsystem/eth0/subsystem/eth0/device/net/eth0/device/channels" "Mozilla/5.0 AppleWebKit/537.36 (KHTML, like Gecko; compatible; GPTBot/1.4; +https://openai.com/gptbot)"
74.7.242.17 - - [31/Jul/2026:16:34:35 +0200] "GET /?fileloc=//lib64/python3.9/__pycache__/codecs.cpython-39.pyc&path=//lib64/python3.9/__pycache__ HTTP/1.1" 200 48713 "https://tempokontrol.co.za/?path=//lib64/python3.9/__pycache__" "Mozilla/5.0 AppleWebKit/537.36 (KHTML, like Gecko; compatible; GPTBot/1.4; +https://openai.com/gptbot)"
74.7.227.163 - - [31/Jul/2026:16:34:36 +0200] "GET /?path=//sys/class/net/eth0/subsystem/eth0/subsystem/eth0/device/net/eth0/device/subsystem/drivers/hyperv_keyboard/module/drivers/vmbus:hyperv_keyboard/module/drivers HTTP/1.1" 200 16445 "https://www.tempokontrol.co.za/?path=//sys/class/net/eth0/subsystem/eth0/subsystem/eth0/device/net/eth0/device/subsystem/drivers/hyperv_keyboard/module/drivers/vmbus:hyperv_keyboard/module" "Mozilla/5.0 AppleWebKit/537.36 (KHTML, like Gecko; compatible; GPTBot/1.4; +https://openai.com/gptbot)"
74.7.242.17 - - [31/Jul/2026:16:34:38 +0200] "GET /?fileloc=//lib64/python3.9/__pycache__/tarfile.cpython-39.pyc&path=//lib64/python3.9/__pycache__ HTTP/1.1" 200 95391 "https://tempokontrol.co.za/?path=//lib64/python3.9/__pycache__" "Mozilla/5.0 AppleWebKit/537.36 (KHTML, like Gecko; compatible; GPTBot/1.4; +https://openai.com/gptbot)"
74.7.227.163 - - [31/Jul/2026:16:34:40 +0200] "GET /?path=//sys/class/net/eth0/subsystem/eth0/subsystem/eth0/device/net/eth0/device/subsystem/drivers/hyperv_drm/module/drivers/pci:hyperv_drm/module/drivers/pci:hyperv_drm HTTP/1.1" 200 26563 "https://www.tempokontrol.co.za/?path=//sys/class/net/eth0/subsystem/eth0/subsystem/eth0/device/net/eth0/device/subsystem/drivers/hyperv_drm/module/drivers/pci:hyperv_drm/module/drivers" "Mozilla/5.0 AppleWebKit/537.36 (KHTML, like Gecko; compatible; GPTBot/1.4; +https://openai.com/gptbot)"
74.7.242.17 - - [31/Jul/2026:16:34:41 +0200] "GET /?fileloc=//lib64/python3.9/__pycache__/calendar.cpython-39.pyc&path=//lib64/python3.9/__pycache__ HTTP/1.1" 200 42828 "https://tempokontrol.co.za/?path=//lib64/python3.9/__pycache__" "Mozilla/5.0 AppleWebKit/537.36 (KHTML, like Gecko; compatible; GPTBot/1.4; +https://openai.com/gptbot)"
74.7.227.163 - - [31/Jul/2026:16:34:43 +0200] "GET /?path=//sys/class/net/eth0/subsystem/eth0/subsystem/eth0/device/net/eth0/device/subsystem/drivers/hv_netvsc/module/drivers/vmbus:hv_netvsc/module/drivers/vmbus:hv_netvsc HTTP/1.1" 200 28471 "https://www.tempokontrol.co.za/?path=//sys/class/net/eth0/subsystem/eth0/subsystem/eth0/device/net/eth0/device/subsystem/drivers/hv_netvsc/module/drivers/vmbus:hv_netvsc/module/drivers" "Mozilla/5.0 AppleWebKit/537.36 (KHTML, like Gecko; compatible; GPTBot/1.4; +https://openai.com/gptbot)"
74.7.242.17 - - [31/Jul/2026:16:34:45 +0200] "GET /?fileloc=//lib64/python3.9/__pycache__/asyncore.cpython-39.pyc&path=//lib64/python3.9/__pycache__ HTTP/1.1" 200 30134 "https://tempokontrol.co.za/?path=//lib64/python3.9/__pycache__" "Mozilla/5.0 AppleWebKit/537.36 (KHTML, like Gecko; compatible; GPTBot/1.4; +https://openai.com/gptbot)"
74.7.227.163 - - [31/Jul/2026:16:34:46 +0200] "GET /?path=//sys/class/net/eth0/subsystem/eth0/subsystem/eth0/device/net/eth0/device/subsystem/drivers/hyperv_drm/module/drivers/vmbus:hyperv_drm/module/drivers/vmbus:hyperv_drm HTTP/1.1" 200 28564 "https://www.tempokontrol.co.za/?path=//sys/class/net/eth0/subsystem/eth0/subsystem/eth0/device/net/eth0/device/subsystem/drivers/hyperv_drm/module/drivers/vmbus:hyperv_drm/module/drivers" "Mozilla/5.0 AppleWebKit/537.36 (KHTML, like Gecko; compatible; GPTBot/1.4; +https://openai.com/gptbot)"
74.7.242.17 - - [31/Jul/2026:16:34:48 +0200] "GET /?fileloc=//lib64/python3.9/__pycache__/reprlib.cpython-39.pyc&path=//lib64/python3.9/__pycache__ HTTP/1.1" 200 18330 "https://tempokontrol.co.za/?path=//lib64/python3.9/__pycache__" "Mozilla/5.0 AppleWebKit/537.36 (KHTML, like Gecko; compatible; GPTBot/1.4; +https://openai.com/gptbot)"
74.7.227.163 - - [31/Jul/2026:16:34:49 +0200] "GET /?path=//sys/class/net/eth0/subsystem/eth0/subsystem/eth0/device/net/eth0/device/subsystem/drivers/hv_storvsc/module/drivers/vmbus:hv_storvsc/module/drivers/vmbus:hv_storvsc HTTP/1.1" 200 28564 "https://www.tempokontrol.co.za/?path=//sys/class/net/eth0/subsystem/eth0/subsystem/eth0/device/net/eth0/device/subsystem/drivers/hv_storvsc/module/drivers/vmbus:hv_storvsc/module/drivers" "Mozilla/5.0 AppleWebKit/537.36 (KHTML, like Gecko; compatible; GPTBot/1.4; +https://openai.com/gptbot)"
74.7.242.17 - - [31/Jul/2026:16:34:51 +0200] "GET /?fileloc=//lib64/python3.9/__pycache__/fnmatch.cpython-39.pyc&path=//lib64/python3.9/__pycache__ HTTP/1.1" 200 16839 "https://tempokontrol.co.za/?path=//lib64/python3.9/__pycache__" "Mozilla/5.0 AppleWebKit/537.36 (KHTML, like Gecko; compatible; GPTBot/1.4; +https://openai.com/gptbot)"
74.7.227.163 - - [31/Jul/2026:16:34:52 +0200] "GET /?path=//sys/class/net/eth0/subsystem/eth0/subsystem/eth0/device/net/eth0/device/subsystem/drivers/hid_hyperv/module/drivers/vmbus:hid_hyperv/module/drivers/vmbus:hid_hyperv HTTP/1.1" 200 28564 "https://www.tempokontrol.co.za/?path=//sys/class/net/eth0/subsystem/eth0/subsystem/eth0/device/net/eth0/device/subsystem/drivers/hid_hyperv/module/drivers/vmbus:hid_hyperv/module/drivers" "Mozilla/5.0 AppleWebKit/537.36 (KHTML, like Gecko; compatible; GPTBot/1.4; +https://openai.com/gptbot)"
74.7.242.17 - - [31/Jul/2026:16:34:54 +0200] "GET /?fileloc=//lib64/python3.9/__pycache__/shutil.cpython-39.pyc&path=//lib64/python3.9/__pycache__ HTTP/1.1" 200 56117 "https://tempokontrol.co.za/?path=//lib64/python3.9/__pycache__" "Mozilla/5.0 AppleWebKit/537.36 (KHTML, like Gecko; compatible; GPTBot/1.4; +https://openai.com/gptbot)"
74.7.227.163 - - [31/Jul/2026:16:34:55 +0200] "GET /?path=//sys/class/net/eth0/subsystem/eth0/subsystem/eth0/device/net/eth0/queues/tx-3 HTTP/1.1" 200 23451 "https://www.tempokontrol.co.za/?path=//sys/class/net/eth0/subsystem/eth0/subsystem/eth0/device/net/eth0/queues" "Mozilla/5.0 AppleWebKit/537.36 (KHTML, like Gecko; compatible; GPTBot/1.4; +https://openai.com/gptbot)"
74.7.242.17 - - [31/Jul/2026:16:34:57 +0200] "GET /?fileloc=//lib64/python3.9/__pycache__/fileinput.cpython-39.pyc&path=//lib64/python3.9/__pycache__ HTTP/1.1" 200 27162 "https://tempokontrol.co.za/?path=//lib64/python3.9/__pycache__" "Mozilla/5.0 AppleWebKit/537.36 (KHTML, like Gecko; compatible; GPTBot/1.4; +https://openai.com/gptbot)"
74.7.227.163 - - [31/Jul/2026:16:34:58 +0200] "GET /?fileloc=//sys/class/net/eth0/subsystem/eth0/subsystem/eth0/device/net/eth0/device/subsystem/drivers/hyperv_keyboard/module/drivers/vmbus:hyperv_keyboard/module/sections/.data&path=//sys/class/net/eth0/subsystem/eth0/subsystem/eth0/device/net/eth0/device/subsystem/drivers/hyperv_keyboard/module/drivers/vmbus:hyperv_keyboard/module/sections HTTP/1.1" 200 14370 "https://www.tempokontrol.co.za/?path=//sys/class/net/eth0/subsystem/eth0/subsystem/eth0/device/net/eth0/device/subsystem/drivers/hyperv_keyboard/module/drivers/vmbus:hyperv_keyboard/module/sections" "Mozilla/5.0 AppleWebKit/537.36 (KHTML, like Gecko; compatible; GPTBot/1.4; +https://openai.com/gptbot)"
74.7.242.17 - - [31/Jul/2026:16:35:00 +0200] "GET /?fileloc=//lib64/python3.9/__pycache__/posixpath.cpython-39.pyc&path=//lib64/python3.9/__pycache__ HTTP/1.1" 200 24401 "https://tempokontrol.co.za/?path=//lib64/python3.9/__pycache__" "Mozilla/5.0 AppleWebKit/537.36 (KHTML, like Gecko; compatible; GPTBot/1.4; +https://openai.com/gptbot)"
74.7.227.163 - - [31/Jul/2026:16:35:01 +0200] "GET /?path=//sys/class/net/eth0/subsystem/eth0/subsystem/eth0/device/net/eth0/queues/rx-0 HTTP/1.1" 200 16866 "https://www.tempokontrol.co.za/?path=//sys/class/net/eth0/subsystem/eth0/subsystem/eth0/device/net/eth0/queues" "Mozilla/5.0 AppleWebKit/537.36 (KHTML, like Gecko; compatible; GPTBot/1.4; +https://openai.com/gptbot)"
74.7.242.17 - - [31/Jul/2026:16:35:04 +0200] "GET /?fileloc=//lib64/python3.9/__pycache__/traceback.cpython-39.pyc&path=//lib64/python3.9/__pycache__ HTTP/1.1" 200 34376 "https://tempokontrol.co.za/?path=//lib64/python3.9/__pycache__" "Mozilla/5.0 AppleWebKit/537.36 (KHTML, like Gecko; compatible; GPTBot/1.4; +https://openai.com/gptbot)"
74.7.227.163 - - [31/Jul/2026:16:35:05 +0200] "GET /?path=//sys/class/net/eth0/subsystem/eth0/subsystem/eth0/device/net/eth0/queues/tx-7 HTTP/1.1" 200 23451 "https://www.tempokontrol.co.za/?path=//sys/class/net/eth0/subsystem/eth0/subsystem/eth0/device/net/eth0/queues" "Mozilla/5.0 AppleWebKit/537.36 (KHTML, like Gecko; compatible; GPTBot/1.4; +https://openai.com/gptbot)"
74.7.242.17 - - [31/Jul/2026:16:35:07 +0200] "GET /?fileloc=//lib64/python3.9/__pycache__/plistlib.cpython-39.pyc&path=//lib64/python3.9/__pycache__ HTTP/1.1" 200 39666 "https://tempokontrol.co.za/?path=//lib64/python3.9/__pycache__" "Mozilla/5.0 AppleWebKit/537.36 (KHTML, like Gecko; compatible; GPTBot/1.4; +https://openai.com/gptbot)"
74.7.227.163 - - [31/Jul/2026:16:35:08 +0200] "GET /?fileloc=//sys/class/net/eth0/subsystem/eth0/subsystem/eth0/device/net/eth0/device/channels/18/latency&path=//sys/class/net/eth0/subsystem/eth0/subsystem/eth0/device/net/eth0/device/channels/18 HTTP/1.1" 200 13296 "https://www.tempokontrol.co.za/?path=//sys/class/net/eth0/subsystem/eth0/subsystem/eth0/device/net/eth0/device/channels/18" "Mozilla/5.0 AppleWebKit/537.36 (KHTML, like Gecko; compatible; GPTBot/1.4; +https://openai.com/gptbot)"
74.7.242.17 - - [31/Jul/2026:16:35:10 +0200] "GET /?fileloc=//lib64/python3.9/__pycache__/decimal.cpython-39.pyc&path=//lib64/python3.9/__pycache__ HTTP/1.1" 200 12771 "https://tempokontrol.co.za/?path=//lib64/python3.9/__pycache__" "Mozilla/5.0 AppleWebKit/537.36 (KHTML, like Gecko; compatible; GPTBot/1.4; +https://openai.com/gptbot)"
74.7.227.163 - - [31/Jul/2026:16:35:11 +0200] "GET /?path=//sys/class/net/eth0/subsystem/eth0/subsystem/eth0/device/net/eth0/queues/tx-6 HTTP/1.1" 200 23451 "https://www.tempokontrol.co.za/?path=//sys/class/net/eth0/subsystem/eth0/subsystem/eth0/device/net/eth0/queues" "Mozilla/5.0 AppleWebKit/537.36 (KHTML, like Gecko; compatible; GPTBot/1.4; +https://openai.com/gptbot)"
74.7.242.17 - - [31/Jul/2026:16:35:13 +0200] "GET /?fileloc=//lib64/python3.9/__pycache__/imaplib.cpython-39.pyc&path=//lib64/python3.9/__pycache__ HTTP/1.1" 200 61116 "https://tempokontrol.co.za/?path=//lib64/python3.9/__pycache__" "Mozilla/5.0 AppleWebKit/537.36 (KHTML, like Gecko; compatible; GPTBot/1.4; +https://openai.com/gptbot)"
74.7.227.163 - - [31/Jul/2026:16:35:14 +0200] "GET /?path=//sys/class/net/eth0/subsystem/eth0/subsystem/eth0/device/net/eth0/subsystem/lo/subsystem/lo/subsystem/lo HTTP/1.1" 200 79327 "https://www.tempokontrol.co.za/?path=//sys/class/net/eth0/subsystem/eth0/subsystem/eth0/device/net/eth0/subsystem/lo/subsystem/lo/subsystem" "Mozilla/5.0 AppleWebKit/537.36 (KHTML, like Gecko; compatible; GPTBot/1.4; +https://openai.com/gptbot)"
74.7.242.17 - - [31/Jul/2026:16:35:16 +0200] "GET /?fileloc=//lib64/python3.9/__pycache__/smtplib.cpython-39.pyc&path=//lib64/python3.9/__pycache__ HTTP/1.1" 200 51701 "https://tempokontrol.co.za/?path=//lib64/python3.9/__pycache__" "Mozilla/5.0 AppleWebKit/537.36 (KHTML, like Gecko; compatible; GPTBot/1.4; +https://openai.com/gptbot)"
74.7.227.163 - - [31/Jul/2026:16:35:17 +0200] "GET /?path=//sys/class/net/eth0/subsystem/eth0/subsystem/eth0/device/net/eth0/device/driver/module/drivers/vmbus:hv_netvsc/module/drivers/vmbus:hv_netvsc/module/notes HTTP/1.1" 200 18756 "https://www.tempokontrol.co.za/?path=//sys/class/net/eth0/subsystem/eth0/subsystem/eth0/device/net/eth0/device/driver/module/drivers/vmbus:hv_netvsc/module/drivers/vmbus:hv_netvsc/module" "Mozilla/5.0 AppleWebKit/537.36 (KHTML, like Gecko; compatible; GPTBot/1.4; +https://openai.com/gptbot)"
74.7.242.17 - - [31/Jul/2026:16:35:19 +0200] "GET /?fileloc=//lib64/python3.9/__pycache__/timeit.cpython-39.pyc&path=//lib64/python3.9/__pycache__ HTTP/1.1" 200 25089 "https://tempokontrol.co.za/?path=//lib64/python3.9/__pycache__" "Mozilla/5.0 AppleWebKit/537.36 (KHTML, like Gecko; compatible; GPTBot/1.4; +https://openai.com/gptbot)"
74.7.227.163 - - [31/Jul/2026:16:35:20 +0200] "GET /?path=//sys/class/net/eth0/subsystem/eth0/subsystem/eth0/device/net/eth0/device/driver/module/drivers/vmbus:hv_netvsc/module/drivers/vmbus:hv_netvsc/module/holders HTTP/1.1" 200 14744 "https://www.tempokontrol.co.za/?path=//sys/class/net/eth0/subsystem/eth0/subsystem/eth0/device/net/eth0/device/driver/module/drivers/vmbus:hv_netvsc/module/drivers/vmbus:hv_netvsc/module" "Mozilla/5.0 AppleWebKit/537.36 (KHTML, like Gecko; compatible; GPTBot/1.4; +https://openai.com/gptbot)"
74.7.242.17 - - [31/Jul/2026:16:35:23 +0200] "GET /?fileloc=//lib64/python3.9/__pycache__/chunk.cpython-39.pyc&path=//lib64/python3.9/__pycache__ HTTP/1.1" 200 17514 "https://tempokontrol.co.za/?path=//lib64/python3.9/__pycache__" "Mozilla/5.0 AppleWebKit/537.36 (KHTML, like Gecko; compatible; GPTBot/1.4; +https://openai.com/gptbot)"
74.7.227.163 - - [31/Jul/2026:16:35:23 +0200] "GET /?path=//sys/class/net/eth0/subsystem/eth0/subsystem/eth0/device/net/eth0/device/driver/module/drivers/vmbus:hv_netvsc/module/drivers/vmbus:hv_netvsc/module/sections HTTP/1.1" 200 95598 "https://www.tempokontrol.co.za/?path=//sys/class/net/eth0/subsystem/eth0/subsystem/eth0/device/net/eth0/device/driver/module/drivers/vmbus:hv_netvsc/module/drivers/vmbus:hv_netvsc/module" "Mozilla/5.0 AppleWebKit/537.36 (KHTML, like Gecko; compatible; GPTBot/1.4; +https://openai.com/gptbot)"
