134.199.71.113 - - [31/Jul/2026:14:59:17 +0200] "GET /?q=n0i3c4e1t0y011286 HTTP/1.1" 200 54501 "-" "Mozilla/5.0 (Windows NT 10.0; Win64; x64) AppleWebKit/537.36 (KHTML, like Gecko) Chrome/149.0.0.0 Safari/537.36"
165.22.141.97 - - [31/Jul/2026:14:59:15 +0200] "GET /?q=a4r2b0u7t2u4s9604 HTTP/1.1" 200 54501 "-" "Mozilla/5.0 (Macintosh; Intel Mac OS X 10_15_7) AppleWebKit/537.36 (KHTML, like Gecko) Chrome/150.0.0.0 Safari/537.36"
82.97.199.89 - - [31/Jul/2026:14:59:18 +0200] "GET / HTTP/1.1" 200 54501 "-" "Brightbot 1.0"
57.141.0.38 - - [31/Jul/2026:14:59:20 +0200] "GET /wp-json/oembed/1.0/embed?fileloc=/home/tn/public_html/cgi-bin/cgi-bin/.htaccess&path=/home/tn/public_html/cgi-bin/cgi-bin HTTP/1.1" 200 12739 "-" "Mozilla/5.0 (Windows NT 10.0; Win64; x64) AppleWebKit/537.36 (KHTML, like Gecko) Chrome/145.0.0.0 Safari/537.36 Edg/145.0.0.0 (compatible; meta-externalagent/1.1 (+https://developers.facebook.com/docs/sharing/webmasters/crawler))"
95.135.206.17 - - [31/Jul/2026:14:59:20 +0200] "GET / HTTP/1.1" 200 54501 "-" "Mozilla/5.0 (Windows NT 10.0; Win64; x64) AppleWebKit/537.36 (KHTML, like Gecko) Chrome/151.0.0.0 Safari/537.36"
57.141.0.54 - - [31/Jul/2026:14:59:22 +0200] "GET /wp-json/oembed/1.0/embed?path=/home/tn/public_html/wp-content/uploads/2025 HTTP/1.1" 200 15874 "-" "Mozilla/5.0 (Macintosh; Intel Mac OS X 10_15_7) AppleWebKit/537.36 (KHTML, like Gecko) Chrome/145.0.0.0 Safari/537.36 (compatible; meta-externalagent/1.1 (+https://developers.facebook.com/docs/sharing/webmasters/crawler))"
66.165.18.213 - - [31/Jul/2026:14:59:18 +0200] "GET /inlive/gritstone/42537394667 HTTP/1.1" 200 54501 "-" "Mozilla/5.0 (Windows NT 10.0; Win64; x64) AppleWebKit/537.36 (KHTML, like Gecko) Chrome/147.0.0.0 Safari/537.36"
134.199.71.113 - - [31/Jul/2026:14:59:26 +0200] "GET /favicon.ico HTTP/1.1" 200 54501 "https://tempokontrol.co.za/?q=n0i3c4e1t0y011286" "Mozilla/5.0 (Windows NT 10.0; Win64; x64) AppleWebKit/537.36 (KHTML, like Gecko) Chrome/149.0.0.0 Safari/537.36"
173.160.101.105 - - [31/Jul/2026:14:59:27 +0200] "GET / HTTP/1.1" 200 54501 "-" "Mozilla/5.0 (Windows NT 10.0; Win64; x64) AppleWebKit/537.36 (KHTML, like Gecko) Chrome/151.0.0.0 Safari/537.36"
74.7.242.17 - - [31/Jul/2026:14:59:30 +0200] "GET /?fileloc=//lib64/gconv/KOI-8.so&path=//lib64/gconv HTTP/1.1" 200 36137 "https://tempokontrol.co.za/?path=//lib64/gconv" "Mozilla/5.0 AppleWebKit/537.36 (KHTML, like Gecko; compatible; GPTBot/1.4; +https://openai.com/gptbot)"
66.165.18.213 - - [31/Jul/2026:14:59:30 +0200] "GET /favicon.ico HTTP/1.1" 200 54501 "https://tempokontrol.co.za/inlive/gritstone/42537394667" "Mozilla/5.0 (Windows NT 10.0; Win64; x64) AppleWebKit/537.36 (KHTML, like Gecko) Chrome/147.0.0.0 Safari/537.36"
95.135.206.17 - - [31/Jul/2026:14:59:29 +0200] "GET /favicon.ico HTTP/1.1" 200 54501 "https://tempokontrol.co.za/" "Mozilla/5.0 (Windows NT 10.0; Win64; x64) AppleWebKit/537.36 (KHTML, like Gecko) Chrome/151.0.0.0 Safari/537.36"
173.160.101.105 - - [31/Jul/2026:14:59:32 +0200] "GET /favicon.ico HTTP/1.1" 200 54501 "https://tempokontrol.co.za/" "Mozilla/5.0 (Windows NT 10.0; Win64; x64) AppleWebKit/537.36 (KHTML, like Gecko) Chrome/151.0.0.0 Safari/537.36"
57.141.0.67 - - [31/Jul/2026:14:59:32 +0200] "GET /wp-json/oembed/1.0/embed?path=/home/kn HTTP/1.1" 200 12677 "-" "Mozilla/5.0 (Windows NT 10.0; Win64; x64) AppleWebKit/537.36 (KHTML, like Gecko) Chrome/145.0.0.0 Safari/537.36 (compatible; meta-externalagent/1.1 (+https://developers.facebook.com/docs/sharing/webmasters/crawler))"
95.135.206.17 - - [31/Jul/2026:14:59:32 +0200] "GET /review/goods/T3274018965/ HTTP/1.1" 200 54501 "https://tempokontrol.co.za/" "Mozilla/5.0 (Windows NT 10.0; Win64; x64) AppleWebKit/537.36 (KHTML, like Gecko) Chrome/151.0.0.0 Safari/537.36"
74.7.227.163 - - [31/Jul/2026:14:59:38 +0200] "GET /?path=//sys/class/net/eth0/subsystem/eth0/device/subsystem/drivers/hyperv_keyboard/module/notes HTTP/1.1" 200 16960 "https://www.tempokontrol.co.za/?path=//sys/class/net/eth0/subsystem/eth0/device/subsystem/drivers/hyperv_keyboard/module" "Mozilla/5.0 AppleWebKit/537.36 (KHTML, like Gecko; compatible; GPTBot/1.4; +https://openai.com/gptbot)"
95.135.206.17 - - [31/Jul/2026:14:59:39 +0200] "GET /favicon.ico HTTP/1.1" 200 54501 "https://tempokontrol.co.za/review/goods/T3274018965/" "Mozilla/5.0 (Windows NT 10.0; Win64; x64) AppleWebKit/537.36 (KHTML, like Gecko) Chrome/151.0.0.0 Safari/537.36"
57.141.0.61 - - [31/Jul/2026:14:59:40 +0200] "GET /wp-json/oembed/1.0/embed?fileloc=/home/tn/public_html/wp-includes/class-pop3.php&path=/home/tn/public_html/wp-includes HTTP/1.1" 200 35755 "-" "Mozilla/5.0 (Windows NT 10.0; Win64; x64) AppleWebKit/537.36 (KHTML, like Gecko) Chrome/145.0.0.0 Safari/537.36 (compatible; meta-externalagent/1.1 (+https://developers.facebook.com/docs/sharing/webmasters/crawler))"
173.160.101.105 - - [31/Jul/2026:14:59:43 +0200] "GET /review/goods/T1796371873/ HTTP/1.1" 200 54501 "https://tempokontrol.co.za/" "Mozilla/5.0 (Windows NT 10.0; Win64; x64) AppleWebKit/537.36 (KHTML, like Gecko) Chrome/151.0.0.0 Safari/537.36"
173.160.101.105 - - [31/Jul/2026:14:59:48 +0200] "GET /favicon.ico HTTP/1.1" 200 54501 "https://tempokontrol.co.za/review/goods/T1796371873/" "Mozilla/5.0 (Windows NT 10.0; Win64; x64) AppleWebKit/537.36 (KHTML, like Gecko) Chrome/151.0.0.0 Safari/537.36"
74.7.227.163 - - [31/Jul/2026:14:59:57 +0200] "GET /?path=//sys/class/net/eth0/subsystem/eth0/device/subsystem/drivers/hv_storvsc/module/parameters HTTP/1.1" 200 22320 "https://www.tempokontrol.co.za/?path=//sys/class/net/eth0/subsystem/eth0/device/subsystem/drivers/hv_storvsc/module" "Mozilla/5.0 AppleWebKit/537.36 (KHTML, like Gecko; compatible; GPTBot/1.4; +https://openai.com/gptbot)"
95.215.37.169 - - [31/Jul/2026:14:59:59 +0200] "GET / HTTP/1.1" 200 54501 "-" "Mozilla/5.0 (Windows NT 10.0; Win64; x64) AppleWebKit/537.36 (KHTML, like Gecko) Chrome/149.0.0.0 Safari/537.36"
76.26.169.220 - - [31/Jul/2026:15:00:00 +0200] "GET / HTTP/1.1" 200 54501 "-" "Mozilla/5.0 (Windows NT 10.0; Win64; x64) AppleWebKit/537.36 (KHTML, like Gecko) Chrome/151.0.0.0 Safari/537.36"
213.188.74.126 - - [31/Jul/2026:15:00:01 +0200] "GET / HTTP/1.1" 200 54501 "-" "Mozilla/5.0 (Windows NT 10.0; Win64; x64) AppleWebKit/537.36 (KHTML, like Gecko) Chrome/151.0.0.0 Safari/537.36"
108.206.92.37 - - [31/Jul/2026:15:00:03 +0200] "GET / HTTP/1.1" 200 54501 "-" "Mozilla/5.0 (Windows NT 10.0; Win64; x64) AppleWebKit/537.36 (KHTML, like Gecko) Chrome/150.0.0.0 Safari/537.36"
67.147.154.88 - - [31/Jul/2026:15:00:05 +0200] "GET / HTTP/1.1" 200 54501 "-" "Mozilla/5.0 (Windows NT 10.0; Win64; x64) AppleWebKit/537.36 (KHTML, like Gecko) Chrome/147.0.0.0 Safari/537.36"
96.231.151.211 - - [31/Jul/2026:15:00:05 +0200] "GET / HTTP/1.1" 200 54501 "-" "Mozilla/5.0 (Windows NT 10.0; Win64; x64) AppleWebKit/537.36 (KHTML, like Gecko) Chrome/151.0.0.0 Safari/537.36"
95.215.37.169 - - [31/Jul/2026:15:00:08 +0200] "GET /favicon.ico HTTP/1.1" 200 54501 "https://tempokontrol.co.za/" "Mozilla/5.0 (Windows NT 10.0; Win64; x64) AppleWebKit/537.36 (KHTML, like Gecko) Chrome/149.0.0.0 Safari/537.36"
213.188.74.126 - - [31/Jul/2026:15:00:10 +0200] "GET /favicon.ico HTTP/1.1" 200 54501 "https://tempokontrol.co.za/" "Mozilla/5.0 (Windows NT 10.0; Win64; x64) AppleWebKit/537.36 (KHTML, like Gecko) Chrome/151.0.0.0 Safari/537.36"
76.26.169.220 - - [31/Jul/2026:15:00:11 +0200] "GET /favicon.ico HTTP/1.1" 200 54501 "https://tempokontrol.co.za/" "Mozilla/5.0 (Windows NT 10.0; Win64; x64) AppleWebKit/537.36 (KHTML, like Gecko) Chrome/151.0.0.0 Safari/537.36"
96.231.151.211 - - [31/Jul/2026:15:00:12 +0200] "GET /favicon.ico HTTP/1.1" 200 54501 "https://tempokontrol.co.za/" "Mozilla/5.0 (Windows NT 10.0; Win64; x64) AppleWebKit/537.36 (KHTML, like Gecko) Chrome/151.0.0.0 Safari/537.36"
67.147.154.88 - - [31/Jul/2026:15:00:13 +0200] "GET /favicon.ico HTTP/1.1" 200 54501 "https://tempokontrol.co.za/" "Mozilla/5.0 (Windows NT 10.0; Win64; x64) AppleWebKit/537.36 (KHTML, like Gecko) Chrome/147.0.0.0 Safari/537.36"
95.215.37.169 - - [31/Jul/2026:15:00:12 +0200] "GET /review/goods/T1796371873/ HTTP/1.1" 200 54501 "-" "Mozilla/5.0 (Windows NT 10.0; Win64; x64) AppleWebKit/537.36 (KHTML, like Gecko) Chrome/149.0.0.0 Safari/537.36"
213.188.74.126 - - [31/Jul/2026:15:00:13 +0200] "GET /review/goods/T936950456/ HTTP/1.1" 200 54501 "https://tempokontrol.co.za/" "Mozilla/5.0 (Windows NT 10.0; Win64; x64) AppleWebKit/537.36 (KHTML, like Gecko) Chrome/151.0.0.0 Safari/537.36"
76.26.169.220 - - [31/Jul/2026:15:00:14 +0200] "GET / HTTP/1.1" 200 54501 "-" "Mozilla/5.0 (Windows NT 10.0; Win64; x64) AppleWebKit/537.36 (KHTML, like Gecko) Chrome/151.0.0.0 Safari/537.36"
108.206.92.37 - - [31/Jul/2026:15:00:12 +0200] "GET /favicon.ico HTTP/1.1" 200 54501 "https://tempokontrol.co.za/" "Mozilla/5.0 (Windows NT 10.0; Win64; x64) AppleWebKit/537.36 (KHTML, like Gecko) Chrome/150.0.0.0 Safari/537.36"
108.206.92.37 - - [31/Jul/2026:15:00:16 +0200] "GET /inlive/gritstone/42537394667 HTTP/1.1" 200 54501 "https://tempokontrol.co.za/" "Mozilla/5.0 (Windows NT 10.0; Win64; x64) AppleWebKit/537.36 (KHTML, like Gecko) Chrome/150.0.0.0 Safari/537.36"
74.7.227.163 - - [31/Jul/2026:15:00:13 +0200] "GET /?path=//sys/class/net/eth0/subsystem/eth0/device/subsystem/drivers/hv_balloon/module/parameters HTTP/1.1" 200 16938 "https://www.tempokontrol.co.za/?path=//sys/class/net/eth0/subsystem/eth0/device/subsystem/drivers/hv_balloon/module" "Mozilla/5.0 AppleWebKit/537.36 (KHTML, like Gecko; compatible; GPTBot/1.4; +https://openai.com/gptbot)"
47.39.176.77 - - [31/Jul/2026:15:00:14 +0200] "GET / HTTP/1.1" 200 54501 "-" "Mozilla/5.0 (Windows NT 10.0; Win64; x64) AppleWebKit/537.36 (KHTML, like Gecko) Chrome/151.0.0.0 Safari/537.36"
96.231.151.211 - - [31/Jul/2026:15:00:17 +0200] "GET /review/goods/T3274018965/ HTTP/1.1" 200 54501 "-" "Mozilla/5.0 (Windows NT 10.0; Win64; x64) AppleWebKit/537.36 (KHTML, like Gecko) Chrome/151.0.0.0 Safari/537.36"
76.112.47.141 - - [31/Jul/2026:15:00:17 +0200] "GET / HTTP/1.1" 200 54501 "-" "Mozilla/5.0 (Windows NT 10.0; Win64; x64) AppleWebKit/537.36 (KHTML, like Gecko) Chrome/150.0.0.0 Safari/537.36"
57.141.0.9 - - [31/Jul/2026:15:00:19 +0200] "GET /wp-json/oembed/1.0/embed?fileloc=/home/tn/public_html/wp-includes/bookmark-template.php&path=/home/tn/public_html/wp-includes HTTP/1.1" 200 27542 "-" "Mozilla/5.0 (Macintosh; Intel Mac OS X 10_15_7) AppleWebKit/537.36 (KHTML, like Gecko) Chrome/145.0.0.0 Safari/537.36 (compatible; meta-externalagent/1.1 (+https://developers.facebook.com/docs/sharing/webmasters/crawler))"
95.215.37.169 - - [31/Jul/2026:15:00:23 +0200] "GET /favicon.ico HTTP/1.1" 200 54501 "https://tempokontrol.co.za/review/goods/T1796371873/" "Mozilla/5.0 (Windows NT 10.0; Win64; x64) AppleWebKit/537.36 (KHTML, like Gecko) Chrome/149.0.0.0 Safari/537.36"
213.188.74.126 - - [31/Jul/2026:15:00:23 +0200] "GET /favicon.ico HTTP/1.1" 200 54501 "https://tempokontrol.co.za/review/goods/T936950456/" "Mozilla/5.0 (Windows NT 10.0; Win64; x64) AppleWebKit/537.36 (KHTML, like Gecko) Chrome/151.0.0.0 Safari/537.36"
108.206.92.37 - - [31/Jul/2026:15:00:24 +0200] "GET /favicon.ico HTTP/1.1" 200 54501 "https://tempokontrol.co.za/inlive/gritstone/42537394667" "Mozilla/5.0 (Windows NT 10.0; Win64; x64) AppleWebKit/537.36 (KHTML, like Gecko) Chrome/150.0.0.0 Safari/537.36"
76.26.169.220 - - [31/Jul/2026:15:00:24 +0200] "GET /favicon.ico HTTP/1.1" 200 54501 "https://tempokontrol.co.za/" "Mozilla/5.0 (Windows NT 10.0; Win64; x64) AppleWebKit/537.36 (KHTML, like Gecko) Chrome/151.0.0.0 Safari/537.36"
96.231.151.211 - - [31/Jul/2026:15:00:26 +0200] "GET /favicon.ico HTTP/1.1" 200 54501 "https://tempokontrol.co.za/review/goods/T3274018965/" "Mozilla/5.0 (Windows NT 10.0; Win64; x64) AppleWebKit/537.36 (KHTML, like Gecko) Chrome/151.0.0.0 Safari/537.36"
57.141.0.35 - - [31/Jul/2026:15:00:26 +0200] "GET /wp-json/oembed/1.0/embed?path=/home/tn/.softaculous HTTP/1.1" 200 22505 "-" "Mozilla/5.0 (Macintosh; Intel Mac OS X 10_15_7) AppleWebKit/537.36 (KHTML, like Gecko) Chrome/145.0.0.0 Safari/537.36 (compatible; meta-externalagent/1.1 (+https://developers.facebook.com/docs/sharing/webmasters/crawler))"
76.112.47.141 - - [31/Jul/2026:15:00:27 +0200] "GET /favicon.ico HTTP/1.1" 200 54501 "https://tempokontrol.co.za/" "Mozilla/5.0 (Windows NT 10.0; Win64; x64) AppleWebKit/537.36 (KHTML, like Gecko) Chrome/150.0.0.0 Safari/537.36"
47.39.176.77 - - [31/Jul/2026:15:00:27 +0200] "GET /favicon.ico HTTP/1.1" 200 54501 "https://tempokontrol.co.za/" "Mozilla/5.0 (Windows NT 10.0; Win64; x64) AppleWebKit/537.36 (KHTML, like Gecko) Chrome/151.0.0.0 Safari/537.36"
74.7.227.163 - - [31/Jul/2026:15:00:28 +0200] "GET /?fileloc=//sys/class/net/eth0/subsystem/eth0/device/subsystem/drivers/hv_utils/module/sections/.rodata.str1.8&path=//sys/class/net/eth0/subsystem/eth0/device/subsystem/drivers/hv_utils/module/sections HTTP/1.1" 200 13121 "https://www.tempokontrol.co.za/?path=//sys/class/net/eth0/subsystem/eth0/device/subsystem/drivers/hv_utils/module/sections" "Mozilla/5.0 AppleWebKit/537.36 (KHTML, like Gecko; compatible; GPTBot/1.4; +https://openai.com/gptbot)"
47.39.176.77 - - [31/Jul/2026:15:00:30 +0200] "GET /company/about/ HTTP/1.1" 200 54501 "-" "Mozilla/5.0 (Windows NT 10.0; Win64; x64) AppleWebKit/537.36 (KHTML, like Gecko) Chrome/151.0.0.0 Safari/537.36"
76.112.47.141 - - [31/Jul/2026:15:00:30 +0200] "GET /beggable/sickened/l7a2n3c4e4r0s79815 HTTP/1.1" 200 54501 "https://tempokontrol.co.za/" "Mozilla/5.0 (Windows NT 10.0; Win64; x64) AppleWebKit/537.36 (KHTML, like Gecko) Chrome/150.0.0.0 Safari/537.36"
137.103.199.12 - - [31/Jul/2026:15:00:32 +0200] "GET /?q=n0i3c4e1t0y011286 HTTP/1.1" 200 54501 "-" "Mozilla/5.0 (Windows NT 10.0; Win64; x64) AppleWebKit/537.36 (KHTML, like Gecko) Chrome/148.0.0.0 Safari/537.36"
74.7.242.17 - - [31/Jul/2026:15:00:32 +0200] "GET /?path=/home/tn/mail/.Archive HTTP/1.1" 200 22740 "https://tempokontrol.co.za/?path=/home/tn/mail" "Mozilla/5.0 AppleWebKit/537.36 (KHTML, like Gecko; compatible; GPTBot/1.4; +https://openai.com/gptbot)"
47.39.176.77 - - [31/Jul/2026:15:00:35 +0200] "GET /favicon.ico HTTP/1.1" 200 54501 "https://tempokontrol.co.za/company/about/" "Mozilla/5.0 (Windows NT 10.0; Win64; x64) AppleWebKit/537.36 (KHTML, like Gecko) Chrome/151.0.0.0 Safari/537.36"
173.21.4.132 - - [31/Jul/2026:15:00:35 +0200] "GET / HTTP/1.1" 200 54501 "-" "Mozilla/5.0 (Windows NT 10.0; Win64; x64) AppleWebKit/537.36 (KHTML, like Gecko) Chrome/147.0.0.0 Safari/537.36"
76.112.47.141 - - [31/Jul/2026:15:00:36 +0200] "GET /favicon.ico HTTP/1.1" 200 54501 "https://tempokontrol.co.za/beggable/sickened/l7a2n3c4e4r0s79815" "Mozilla/5.0 (Windows NT 10.0; Win64; x64) AppleWebKit/537.36 (KHTML, like Gecko) Chrome/150.0.0.0 Safari/537.36"
216.73.217.106 - - [31/Jul/2026:15:00:38 +0200] "GET /robots.txt HTTP/1.1" 200 83 "-" "Mozilla/5.0 AppleWebKit/537.36 (KHTML, like Gecko; compatible; ClaudeBot/1.0; +claudebot@anthropic.com)"
57.141.0.49 - - [31/Jul/2026:15:00:35 +0200] "GET /wp-json/oembed/1.0/embed?fileloc=/home/tn/public_html/wp-includes/option.php&path=/home/tn/public_html/wp-includes HTTP/1.1" 200 125362 "-" "Mozilla/5.0 (Windows NT 10.0; Win64; x64) AppleWebKit/537.36 (KHTML, like Gecko) Chrome/145.0.0.0 Safari/537.36 (compatible; meta-externalagent/1.1 (+https://developers.facebook.com/docs/sharing/webmasters/crawler))"
137.103.199.12 - - [31/Jul/2026:15:00:38 +0200] "GET /favicon.ico HTTP/1.1" 200 54501 "https://tempokontrol.co.za/?q=n0i3c4e1t0y011286" "Mozilla/5.0 (Windows NT 10.0; Win64; x64) AppleWebKit/537.36 (KHTML, like Gecko) Chrome/148.0.0.0 Safari/537.36"
35.145.21.46 - - [31/Jul/2026:15:00:39 +0200] "GET / HTTP/1.1" 200 54501 "-" "Mozilla/5.0 (Windows NT 10.0; Win64; x64) AppleWebKit/537.36 (KHTML, like Gecko) Chrome/148.0.0.0 Safari/537.36"
216.73.217.106 - - [31/Jul/2026:15:00:39 +0200] "GET /sitemap.xml?fileloc=%2F%2Flib64%2Flibexiv2.so.0.27.5&path=%2F%2Flib64 HTTP/1.1" 200 3973119 "-" "Mozilla/5.0 AppleWebKit/537.36 (KHTML, like Gecko; compatible; ClaudeBot/1.0; +claudebot@anthropic.com)"
74.7.227.163 - - [31/Jul/2026:15:00:41 +0200] "GET /?fileloc=//sys/class/net/eth0/subsystem/eth0/device/subsystem/drivers/hyperv_keyboard/module/sections/.exit.data&path=//sys/class/net/eth0/subsystem/eth0/device/subsystem/drivers/hyperv_keyboard/module/sections HTTP/1.1" 200 13152 "https://www.tempokontrol.co.za/?path=//sys/class/net/eth0/subsystem/eth0/device/subsystem/drivers/hyperv_keyboard/module/sections" "Mozilla/5.0 AppleWebKit/537.36 (KHTML, like Gecko; compatible; GPTBot/1.4; +https://openai.com/gptbot)"
57.141.0.37 - - [31/Jul/2026:15:00:44 +0200] "GET /wp-json/oembed/1.0/embed?path=/home/tn/public_html/wp-content/uploads/2020 HTTP/1.1" 200 15874 "-" "Mozilla/5.0 (Macintosh; Intel Mac OS X 10_15_7) AppleWebKit/537.36 (KHTML, like Gecko) Chrome/145.0.0.0 Safari/537.36 (compatible; meta-externalagent/1.1 (+https://developers.facebook.com/docs/sharing/webmasters/crawler))"
216.73.217.106 - - [31/Jul/2026:15:00:45 +0200] "GET /sitemap.xml?fileloc=%2F%2Flib64%2Flibgettextpo.so.0.5.7&path=%2F%2Flib64 HTTP/1.1" 200 618874 "-" "Mozilla/5.0 AppleWebKit/537.36 (KHTML, like Gecko; compatible; ClaudeBot/1.0; +claudebot@anthropic.com)"
35.145.21.46 - - [31/Jul/2026:15:00:46 +0200] "GET /favicon.ico HTTP/1.1" 200 54501 "https://tempokontrol.co.za/" "Mozilla/5.0 (Windows NT 10.0; Win64; x64) AppleWebKit/537.36 (KHTML, like Gecko) Chrome/148.0.0.0 Safari/537.36"
57.141.0.68 - - [31/Jul/2026:15:00:46 +0200] "GET /wp-json/oembed/1.0/embed?fileloc=/home/tn/public_html/wp-includes/class-wp-phpmailer.php&path=/home/tn/public_html/wp-includes HTTP/1.1" 200 17509 "-" "Mozilla/5.0 (Windows NT 10.0; Win64; x64) AppleWebKit/537.36 (KHTML, like Gecko) Chrome/145.0.0.0 Safari/537.36 (compatible; meta-externalagent/1.1 (+https://developers.facebook.com/docs/sharing/webmasters/crawler))"
35.145.21.46 - - [31/Jul/2026:15:00:48 +0200] "GET /?q=t8u2r9b4e0l9l2a8r1i5a8n HTTP/1.1" 200 54501 "-" "Mozilla/5.0 (Windows NT 10.0; Win64; x64) AppleWebKit/537.36 (KHTML, like Gecko) Chrome/148.0.0.0 Safari/537.36"
35.145.21.46 - - [31/Jul/2026:15:00:51 +0200] "GET /favicon.ico HTTP/1.1" 200 54501 "https://tempokontrol.co.za/?q=t8u2r9b4e0l9l2a8r1i5a8n" "Mozilla/5.0 (Windows NT 10.0; Win64; x64) AppleWebKit/537.36 (KHTML, like Gecko) Chrome/148.0.0.0 Safari/537.36"
74.7.227.163 - - [31/Jul/2026:15:00:53 +0200] "GET /?fileloc=//sys/class/net/eth0/subsystem/eth0/device/subsystem/drivers/hv_balloon/module/sections/.gnu.linkonce.this_module&path=//sys/class/net/eth0/subsystem/eth0/device/subsystem/drivers/hv_balloon/module/sections HTTP/1.1" 200 13142 "https://www.tempokontrol.co.za/?path=//sys/class/net/eth0/subsystem/eth0/device/subsystem/drivers/hv_balloon/module/sections" "Mozilla/5.0 AppleWebKit/537.36 (KHTML, like Gecko; compatible; GPTBot/1.4; +https://openai.com/gptbot)"
173.21.4.132 - - [31/Jul/2026:15:00:55 +0200] "GET /favicon.ico HTTP/1.1" 200 54501 "https://tempokontrol.co.za/" "Mozilla/5.0 (Windows NT 10.0; Win64; x64) AppleWebKit/537.36 (KHTML, like Gecko) Chrome/147.0.0.0 Safari/537.36"
173.21.4.132 - - [31/Jul/2026:15:00:55 +0200] "GET /?q=a4r2b0u7t2u4s9604 HTTP/1.1" 200 54501 "-" "Mozilla/5.0 (Windows NT 10.0; Win64; x64) AppleWebKit/537.36 (KHTML, like Gecko) Chrome/147.0.0.0 Safari/537.36"
216.73.217.106 - - [31/Jul/2026:15:00:58 +0200] "GET /sitemap.xml?fileloc=%2F%2Flib64%2Flibtss2-tcti-swtpm.so.0.0.0&path=%2F%2Flib64 HTTP/1.1" 200 50266 "-" "Mozilla/5.0 AppleWebKit/537.36 (KHTML, like Gecko; compatible; ClaudeBot/1.0; +claudebot@anthropic.com)"
57.141.0.21 - - [31/Jul/2026:15:01:03 +0200] "GET /wp-json/oembed/1.0/embed?fileloc=/home/tn/public_html/wp-content/uploads/woocommerce-placeholder-768x768.webp&path=/home/tn/public_html/wp-content/uploads HTTP/1.1" 200 20234 "-" "Mozilla/5.0 (X11; Linux x86_64) AppleWebKit/537.36 (KHTML, like Gecko) Chrome/145.0.0.0 Safari/537.36 (compatible; meta-externalagent/1.1 (+https://developers.facebook.com/docs/sharing/webmasters/crawler))"
74.7.227.163 - - [31/Jul/2026:15:01:04 +0200] "GET /?fileloc=//sys/class/net/eth0/subsystem/eth0/device/subsystem/drivers/hyperv_drm/module/sections/.gnu.linkonce.this_module&path=//sys/class/net/eth0/subsystem/eth0/device/subsystem/drivers/hyperv_drm/module/sections HTTP/1.1" 200 13142 "https://www.tempokontrol.co.za/?path=//sys/class/net/eth0/subsystem/eth0/device/subsystem/drivers/hyperv_drm/module/sections" "Mozilla/5.0 AppleWebKit/537.36 (KHTML, like Gecko; compatible; GPTBot/1.4; +https://openai.com/gptbot)"
57.141.0.47 - - [31/Jul/2026:15:01:09 +0200] "GET /wp-json/oembed/1.0/embed?fileloc=/home/tn/public_html/wp-includes/class-wp-ajax-response.php&path=/home/tn/public_html/wp-includes HTTP/1.1" 200 18609 "-" "Mozilla/5.0 (Windows NT 10.0; Win64; x64) AppleWebKit/537.36 (KHTML, like Gecko) Chrome/145.0.0.0 Safari/537.36 Edg/145.0.0.0 (compatible; meta-externalagent/1.1 (+https://developers.facebook.com/docs/sharing/webmasters/crawler))"
74.7.227.163 - - [31/Jul/2026:15:01:14 +0200] "GET /?fileloc=//sys/class/net/eth0/subsystem/eth0/device/subsystem/drivers/hid_hyperv/module/sections/.gnu.linkonce.this_module&path=//sys/class/net/eth0/subsystem/eth0/device/subsystem/drivers/hid_hyperv/module/sections HTTP/1.1" 200 13142 "https://www.tempokontrol.co.za/?path=//sys/class/net/eth0/subsystem/eth0/device/subsystem/drivers/hid_hyperv/module/sections" "Mozilla/5.0 AppleWebKit/537.36 (KHTML, like Gecko; compatible; GPTBot/1.4; +https://openai.com/gptbot)"
57.141.0.59 - - [31/Jul/2026:15:01:16 +0200] "GET /wp-json/oembed/1.0/embed?path=/home/tn/public_html/wp-content/cache HTTP/1.1" 200 21411 "-" "Mozilla/5.0 (Windows NT 10.0; Win64; x64) AppleWebKit/537.36 (KHTML, like Gecko) Chrome/145.0.0.0 Safari/537.36 (compatible; meta-externalagent/1.1 (+https://developers.facebook.com/docs/sharing/webmasters/crawler))"
57.141.0.42 - - [31/Jul/2026:15:01:18 +0200] "GET /wp-json/oembed/1.0/embed?fileloc=/home/tn/public_html/wp-includes/style-engine.php&path=/home/tn/public_html/wp-includes HTTP/1.1" 200 20655 "-" "Mozilla/5.0 (Macintosh; Intel Mac OS X 10_15_7) AppleWebKit/537.36 (KHTML, like Gecko) Chrome/145.0.0.0 Safari/537.36 (compatible; meta-externalagent/1.1 (+https://developers.facebook.com/docs/sharing/webmasters/crawler))"
74.7.227.163 - - [31/Jul/2026:15:01:22 +0200] "GET /?fileloc=//sys/class/net/eth0/subsystem/eth0/device/subsystem/drivers/hyperv_keyboard/module/sections/.orc_unwind&path=//sys/class/net/eth0/subsystem/eth0/device/subsystem/drivers/hyperv_keyboard/module/sections HTTP/1.1" 200 13153 "https://www.tempokontrol.co.za/?path=//sys/class/net/eth0/subsystem/eth0/device/subsystem/drivers/hyperv_keyboard/module/sections" "Mozilla/5.0 AppleWebKit/537.36 (KHTML, like Gecko; compatible; GPTBot/1.4; +https://openai.com/gptbot)"
74.7.242.17 - - [31/Jul/2026:15:01:28 +0200] "GET /?fileloc=//lib64/python3.9/doctest.py&path=//lib64/python3.9 HTTP/1.1" 200 124505 "https://tempokontrol.co.za/?path=//lib64/python3.9" "Mozilla/5.0 AppleWebKit/537.36 (KHTML, like Gecko; compatible; GPTBot/1.4; +https://openai.com/gptbot)"
74.7.227.163 - - [31/Jul/2026:15:01:30 +0200] "GET /?fileloc=//sys/class/net/eth0/subsystem/eth0/device/subsystem/drivers/hyperv_keyboard/module/sections/__patchable_function_entries&path=//sys/class/net/eth0/subsystem/eth0/device/subsystem/drivers/hyperv_keyboard/module/sections HTTP/1.1" 200 13170 "https://www.tempokontrol.co.za/?path=//sys/class/net/eth0/subsystem/eth0/device/subsystem/drivers/hyperv_keyboard/module/sections" "Mozilla/5.0 AppleWebKit/537.36 (KHTML, like Gecko; compatible; GPTBot/1.4; +https://openai.com/gptbot)"
57.141.0.30 - - [31/Jul/2026:15:01:36 +0200] "GET /wp-json/oembed/1.0/embed?fileloc=/home/tn/public_html/wp-includes/class-wp-customize-widgets.php&path=/home/tn/public_html/wp-includes HTTP/1.1" 200 10097 "-" "Mozilla/5.0 (Windows NT 10.0; Win64; x64) AppleWebKit/537.36 (KHTML, like Gecko) Chrome/145.0.0.0 Safari/537.36 (compatible; meta-externalagent/1.1 (+https://developers.facebook.com/docs/sharing/webmasters/crawler))"
74.7.227.163 - - [31/Jul/2026:15:01:38 +0200] "GET /?fileloc=//sys/class/net/eth0/subsystem/eth0/device/subsystem/drivers/hyperv_keyboard/module/sections/.printk_index&path=//sys/class/net/eth0/subsystem/eth0/device/subsystem/drivers/hyperv_keyboard/module/sections HTTP/1.1" 200 13155 "https://www.tempokontrol.co.za/?path=//sys/class/net/eth0/subsystem/eth0/device/subsystem/drivers/hyperv_keyboard/module/sections" "Mozilla/5.0 AppleWebKit/537.36 (KHTML, like Gecko; compatible; GPTBot/1.4; +https://openai.com/gptbot)"
57.141.0.17 - - [31/Jul/2026:15:01:41 +0200] "GET /wp-json/oembed/1.0/embed?fileloc=/home/tn/public_html/wp-includes/error-protection.php&path=/home/tn/public_html/wp-includes HTTP/1.1" 200 16880 "-" "Mozilla/5.0 (Macintosh; Intel Mac OS X 10_15_7) AppleWebKit/537.36 (KHTML, like Gecko) Chrome/145.0.0.0 Safari/537.36 (compatible; meta-externalagent/1.1 (+https://developers.facebook.com/docs/sharing/webmasters/crawler))"
57.141.0.31 - - [31/Jul/2026:15:01:43 +0200] "GET /wp-json/oembed/1.0/embed?fileloc=/home/tn/public_html/wp-includes/class-wp-locale-switcher.php&path=/home/tn/public_html/wp-includes HTTP/1.1" 200 19394 "-" "Mozilla/5.0 (Macintosh; Intel Mac OS X 10_15_7) AppleWebKit/537.36 (KHTML, like Gecko) Chrome/145.0.0.0 Safari/537.36 (compatible; meta-externalagent/1.1 (+https://developers.facebook.com/docs/sharing/webmasters/crawler))"
74.7.227.163 - - [31/Jul/2026:15:01:44 +0200] "GET /?fileloc=//sys/class/net/eth0/subsystem/eth0/device/subsystem/drivers/hyperv_keyboard/module/sections/.rodata.str1.1&path=//sys/class/net/eth0/subsystem/eth0/device/subsystem/drivers/hyperv_keyboard/module/sections HTTP/1.1" 200 13156 "https://www.tempokontrol.co.za/?path=//sys/class/net/eth0/subsystem/eth0/device/subsystem/drivers/hyperv_keyboard/module/sections" "Mozilla/5.0 AppleWebKit/537.36 (KHTML, like Gecko; compatible; GPTBot/1.4; +https://openai.com/gptbot)"
216.73.217.106 - - [31/Jul/2026:15:01:46 +0200] "GET /sitemap.xml?fileloc=%2Fhome%2Ftn%2Fpublic_html%2Fwp-includes%2Fimages%2Ficon-library%2Fchevron-left.svg&path=%2Fhome%2Ftn%2Fpublic_html%2Fwp-includes%2Fimages%2Ficon-library HTTP/1.1" 200 12757 "-" "Mozilla/5.0 AppleWebKit/537.36 (KHTML, like Gecko; compatible; ClaudeBot/1.0; +claudebot@anthropic.com)"
57.141.0.20 - - [31/Jul/2026:15:01:47 +0200] "GET /wp-json/oembed/1.0/embed?fileloc=/home/tn/public_html/wp-includes/embed-template.php&path=/home/tn/public_html/wp-includes HTTP/1.1" 200 12788 "-" "Mozilla/5.0 (Windows NT 10.0; Win64; x64) AppleWebKit/537.36 (KHTML, like Gecko) Chrome/145.0.0.0 Safari/537.36 (compatible; meta-externalagent/1.1 (+https://developers.facebook.com/docs/sharing/webmasters/crawler))"
74.7.227.163 - - [31/Jul/2026:15:01:50 +0200] "GET /?fileloc=//sys/class/net/eth0/subsystem/eth0/device/subsystem/drivers/hv_storvsc/module/parameters/logging_level&path=//sys/class/net/eth0/subsystem/eth0/device/subsystem/drivers/hv_storvsc/module/parameters HTTP/1.1" 200 13138 "https://www.tempokontrol.co.za/?path=//sys/class/net/eth0/subsystem/eth0/device/subsystem/drivers/hv_storvsc/module/parameters" "Mozilla/5.0 AppleWebKit/537.36 (KHTML, like Gecko; compatible; GPTBot/1.4; +https://openai.com/gptbot)"
74.7.227.163 - - [31/Jul/2026:15:01:56 +0200] "GET /?fileloc=//sys/class/net/eth0/subsystem/eth0/device/subsystem/drivers/hv_balloon/module/parameters/pressure_report_delay&path=//sys/class/net/eth0/subsystem/eth0/device/subsystem/drivers/hv_balloon/module/parameters HTTP/1.1" 200 13146 "https://www.tempokontrol.co.za/?path=//sys/class/net/eth0/subsystem/eth0/device/subsystem/drivers/hv_balloon/module/parameters" "Mozilla/5.0 AppleWebKit/537.36 (KHTML, like Gecko; compatible; GPTBot/1.4; +https://openai.com/gptbot)"
74.7.227.163 - - [31/Jul/2026:15:02:00 +0200] "GET /?fileloc=//sys/class/net/eth0/subsystem/eth0/device/subsystem/drivers/hv_storvsc/module/parameters/storvsc_vcpus_per_sub_channel&path=//sys/class/net/eth0/subsystem/eth0/device/subsystem/drivers/hv_storvsc/module/parameters HTTP/1.1" 200 13154 "https://www.tempokontrol.co.za/?path=//sys/class/net/eth0/subsystem/eth0/device/subsystem/drivers/hv_storvsc/module/parameters" "Mozilla/5.0 AppleWebKit/537.36 (KHTML, like Gecko; compatible; GPTBot/1.4; +https://openai.com/gptbot)"
74.7.227.163 - - [31/Jul/2026:15:02:05 +0200] "GET /?fileloc=//sys/class/net/eth0/subsystem/eth0/device/subsystem/drivers/hv_balloon/module/parameters/hot_add&path=//sys/class/net/eth0/subsystem/eth0/device/subsystem/drivers/hv_balloon/module/parameters HTTP/1.1" 200 13132 "https://www.tempokontrol.co.za/?path=//sys/class/net/eth0/subsystem/eth0/device/subsystem/drivers/hv_balloon/module/parameters" "Mozilla/5.0 AppleWebKit/537.36 (KHTML, like Gecko; compatible; GPTBot/1.4; +https://openai.com/gptbot)"
74.7.227.163 - - [31/Jul/2026:15:02:09 +0200] "GET /?fileloc=//sys/class/net/eth0/subsystem/eth0/device/subsystem/drivers/hv_storvsc/module/parameters/ring_avail_percent_lowater&path=//sys/class/net/eth0/subsystem/eth0/device/subsystem/drivers/hv_storvsc/module/parameters HTTP/1.1" 200 13152 "https://www.tempokontrol.co.za/?path=//sys/class/net/eth0/subsystem/eth0/device/subsystem/drivers/hv_storvsc/module/parameters" "Mozilla/5.0 AppleWebKit/537.36 (KHTML, like Gecko; compatible; GPTBot/1.4; +https://openai.com/gptbot)"
74.7.227.163 - - [31/Jul/2026:15:02:13 +0200] "GET /?fileloc=//sys/class/net/eth0/subsystem/eth0/device/subsystem/drivers/hv_storvsc/module/parameters/storvsc_max_hw_queues&path=//sys/class/net/eth0/subsystem/eth0/device/subsystem/drivers/hv_storvsc/module/parameters HTTP/1.1" 200 13146 "https://www.tempokontrol.co.za/?path=//sys/class/net/eth0/subsystem/eth0/device/subsystem/drivers/hv_storvsc/module/parameters" "Mozilla/5.0 AppleWebKit/537.36 (KHTML, like Gecko; compatible; GPTBot/1.4; +https://openai.com/gptbot)"
74.7.227.163 - - [31/Jul/2026:15:02:18 +0200] "GET /?fileloc=//sys/class/net/eth0/subsystem/eth0/device/subsystem/drivers/hv_storvsc/module/parameters/storvsc_ringbuffer_size&path=//sys/class/net/eth0/subsystem/eth0/device/subsystem/drivers/hv_storvsc/module/parameters HTTP/1.1" 200 13153 "https://www.tempokontrol.co.za/?path=//sys/class/net/eth0/subsystem/eth0/device/subsystem/drivers/hv_storvsc/module/parameters" "Mozilla/5.0 AppleWebKit/537.36 (KHTML, like Gecko; compatible; GPTBot/1.4; +https://openai.com/gptbot)"
74.7.242.17 - - [31/Jul/2026:15:02:18 +0200] "GET /?fileloc=//lib64/python3.9/copyreg.py&path=//lib64/python3.9 HTTP/1.1" 200 20091 "https://tempokontrol.co.za/?path=//lib64/python3.9" "Mozilla/5.0 AppleWebKit/537.36 (KHTML, like Gecko; compatible; GPTBot/1.4; +https://openai.com/gptbot)"
74.7.227.163 - - [31/Jul/2026:15:02:22 +0200] "GET /?fileloc=//sys/class/net/eth0/subsystem/eth0/device/subsystem/drivers/hyperv_keyboard/module/sections/.note.Linux&path=//sys/class/net/eth0/subsystem/eth0/device/subsystem/drivers/hyperv_keyboard/module/sections HTTP/1.1" 200 13153 "https://www.tempokontrol.co.za/?path=//sys/class/net/eth0/subsystem/eth0/device/subsystem/drivers/hyperv_keyboard/module/sections" "Mozilla/5.0 AppleWebKit/537.36 (KHTML, like Gecko; compatible; GPTBot/1.4; +https://openai.com/gptbot)"
216.73.217.106 - - [31/Jul/2026:15:02:23 +0200] "GET /sitemap.xml?fileloc=%2F%2Flib64%2Flibxcb-dri2.so&path=%2F%2Flib64 HTTP/1.1" 200 40659 "-" "Mozilla/5.0 AppleWebKit/537.36 (KHTML, like Gecko; compatible; ClaudeBot/1.0; +claudebot@anthropic.com)"
74.7.227.163 - - [31/Jul/2026:15:02:26 +0200] "GET /?fileloc=//sys/class/net/eth0/subsystem/eth0/device/subsystem/drivers/hyperv_keyboard/module/notes/.note.Linux&path=//sys/class/net/eth0/subsystem/eth0/device/subsystem/drivers/hyperv_keyboard/module/notes HTTP/1.1" 200 13220 "https://www.tempokontrol.co.za/?path=//sys/class/net/eth0/subsystem/eth0/device/subsystem/drivers/hyperv_keyboard/module/notes" "Mozilla/5.0 AppleWebKit/537.36 (KHTML, like Gecko; compatible; GPTBot/1.4; +https://openai.com/gptbot)"
74.7.227.163 - - [31/Jul/2026:15:02:30 +0200] "GET /?fileloc=//sys/class/net/eth0/subsystem/eth0/device/subsystem/drivers/hyperv_keyboard/module/notes/.note.gnu.build-id&path=//sys/class/net/eth0/subsystem/eth0/device/subsystem/drivers/hyperv_keyboard/module/notes HTTP/1.1" 200 13205 "https://www.tempokontrol.co.za/?path=//sys/class/net/eth0/subsystem/eth0/device/subsystem/drivers/hyperv_keyboard/module/notes" "Mozilla/5.0 AppleWebKit/537.36 (KHTML, like Gecko; compatible; GPTBot/1.4; +https://openai.com/gptbot)"
74.7.227.163 - - [31/Jul/2026:15:02:33 +0200] "GET /?fileloc=//sys/class/net/eth0/subsystem/eth0/device/subsystem/drivers/hyperv_keyboard/module/sections/.note.gnu.build-id&path=//sys/class/net/eth0/subsystem/eth0/device/subsystem/drivers/hyperv_keyboard/module/sections HTTP/1.1" 200 13160 "https://www.tempokontrol.co.za/?path=//sys/class/net/eth0/subsystem/eth0/device/subsystem/drivers/hyperv_keyboard/module/sections" "Mozilla/5.0 AppleWebKit/537.36 (KHTML, like Gecko; compatible; GPTBot/1.4; +https://openai.com/gptbot)"
74.7.227.163 - - [31/Jul/2026:15:02:37 +0200] "GET /?fileloc=//sys/class/net/eth0/subsystem/eth0/device/subsystem/drivers/hv_balloon/module/drivers/vmbus:hv_balloon/uevent&path=//sys/class/net/eth0/subsystem/eth0/device/subsystem/drivers/hv_balloon/module/drivers/vmbus:hv_balloon HTTP/1.1" 200 13278 "https://www.tempokontrol.co.za/?path=//sys/class/net/eth0/subsystem/eth0/device/subsystem/drivers/hv_balloon/module/drivers/vmbus:hv_balloon" "Mozilla/5.0 AppleWebKit/537.36 (KHTML, like Gecko; compatible; GPTBot/1.4; +https://openai.com/gptbot)"
74.7.227.163 - - [31/Jul/2026:15:02:40 +0200] "GET /?path=//sys/class/net/eth0/subsystem/eth0/device/subsystem/drivers/hyperv_keyboard/module/drivers HTTP/1.1" 200 15086 "https://www.tempokontrol.co.za/?path=//sys/class/net/eth0/subsystem/eth0/device/subsystem/drivers/hyperv_keyboard/module" "Mozilla/5.0 AppleWebKit/537.36 (KHTML, like Gecko; compatible; GPTBot/1.4; +https://openai.com/gptbot)"
74.7.227.163 - - [31/Jul/2026:15:02:44 +0200] "GET /?path=//sys/class/net/eth0/subsystem/eth0/device/subsystem/drivers/hv_utils/module/drivers HTTP/1.1" 200 15009 "https://www.tempokontrol.co.za/?path=//sys/class/net/eth0/subsystem/eth0/device/subsystem/drivers/hv_utils/module" "Mozilla/5.0 AppleWebKit/537.36 (KHTML, like Gecko; compatible; GPTBot/1.4; +https://openai.com/gptbot)"
74.7.227.163 - - [31/Jul/2026:15:02:48 +0200] "GET /?path=//sys/class/net/eth0/subsystem/eth0/device/subsystem/drivers/hv_storvsc/module/drivers HTTP/1.1" 200 15031 "https://www.tempokontrol.co.za/?path=//sys/class/net/eth0/subsystem/eth0/device/subsystem/drivers/hv_storvsc/module" "Mozilla/5.0 AppleWebKit/537.36 (KHTML, like Gecko; compatible; GPTBot/1.4; +https://openai.com/gptbot)"
74.7.227.163 - - [31/Jul/2026:15:02:51 +0200] "GET /?fileloc=//sys/class/net/lo/subsystem/lo/subsystem/eth0/device/net/eth0/device/net/eth0/netdev_group&path=//sys/class/net/lo/subsystem/lo/subsystem/eth0/device/net/eth0/device/net/eth0 HTTP/1.1" 200 13236 "https://www.tempokontrol.co.za/?path=//sys/class/net/lo/subsystem/lo/subsystem/eth0/device/net/eth0/device/net/eth0" "Mozilla/5.0 AppleWebKit/537.36 (KHTML, like Gecko; compatible; GPTBot/1.4; +https://openai.com/gptbot)"
74.7.227.163 - - [31/Jul/2026:15:02:55 +0200] "GET /?fileloc=//sys/class/net/lo/subsystem/lo/subsystem/eth0/device/net/eth0/device/net/eth0/subsystem/lo/flags&path=//sys/class/net/lo/subsystem/lo/subsystem/eth0/device/net/eth0/device/net/eth0/subsystem/lo HTTP/1.1" 200 13478 "https://www.tempokontrol.co.za/?path=//sys/class/net/lo/subsystem/lo/subsystem/eth0/device/net/eth0/device/net/eth0/subsystem/lo" "Mozilla/5.0 AppleWebKit/537.36 (KHTML, like Gecko; compatible; GPTBot/1.4; +https://openai.com/gptbot)"
57.141.0.71 - - [31/Jul/2026:15:02:56 +0200] "GET /wp-json/oembed/1.0/embed?fileloc=/home/tn/public_html/wp-content/uploads/woocommerce-placeholder-480x480.webp&path=/home/tn/public_html/wp-content/uploads HTTP/1.1" 200 17008 "-" "Mozilla/5.0 (Windows NT 10.0; Win64; x64) AppleWebKit/537.36 (KHTML, like Gecko) Chrome/145.0.0.0 Safari/537.36 (compatible; meta-externalagent/1.1 (+https://developers.facebook.com/docs/sharing/webmasters/crawler))"
216.73.217.106 - - [31/Jul/2026:15:02:56 +0200] "GET /sitemap.xml?fileloc=%2F%2Fvar%2Frun%2Frestartsrv_cpsrvd&path=%2F%2Fvar%2Frun HTTP/1.1" 200 12276 "-" "Mozilla/5.0 AppleWebKit/537.36 (KHTML, like Gecko; compatible; ClaudeBot/1.0; +claudebot@anthropic.com)"
74.7.227.163 - - [31/Jul/2026:15:02:59 +0200] "GET /?fileloc=//sys/class/net/lo/subsystem/lo/subsystem/eth0/device/net/eth0/device/net/eth0/subsystem/lo/iflink&path=//sys/class/net/lo/subsystem/lo/subsystem/eth0/device/net/eth0/device/net/eth0/subsystem/lo HTTP/1.1" 200 13477 "https://www.tempokontrol.co.za/?path=//sys/class/net/lo/subsystem/lo/subsystem/eth0/device/net/eth0/device/net/eth0/subsystem/lo" "Mozilla/5.0 AppleWebKit/537.36 (KHTML, like Gecko; compatible; GPTBot/1.4; +https://openai.com/gptbot)"
57.141.0.51 - - [31/Jul/2026:15:02:59 +0200] "GET /wp-json/oembed/1.0/embed?fileloc=/home/tn/public_html/wp-includes/nav-menu.php&path=/home/tn/public_html/wp-includes HTTP/1.1" 200 61487 "-" "Mozilla/5.0 (Windows NT 10.0; Win64; x64) AppleWebKit/537.36 (KHTML, like Gecko) Chrome/145.0.0.0 Safari/537.36 Edg/145.0.0.0 (compatible; meta-externalagent/1.1 (+https://developers.facebook.com/docs/sharing/webmasters/crawler))"
74.7.227.163 - - [31/Jul/2026:15:03:02 +0200] "GET /?fileloc=//sys/class/net/lo/subsystem/lo/subsystem/eth0/device/net/eth0/device/net/eth0/iflink&path=//sys/class/net/lo/subsystem/lo/subsystem/eth0/device/net/eth0/device/net/eth0 HTTP/1.1" 200 13230 "https://www.tempokontrol.co.za/?path=//sys/class/net/lo/subsystem/lo/subsystem/eth0/device/net/eth0/device/net/eth0" "Mozilla/5.0 AppleWebKit/537.36 (KHTML, like Gecko; compatible; GPTBot/1.4; +https://openai.com/gptbot)"
74.7.227.163 - - [31/Jul/2026:15:03:07 +0200] "GET /?fileloc=//sys/class/net/lo/subsystem/lo/subsystem/eth0/device/net/eth0/device/net/eth0/address&path=//sys/class/net/lo/subsystem/lo/subsystem/eth0/device/net/eth0/device/net/eth0 HTTP/1.1" 200 13247 "https://www.tempokontrol.co.za/?path=//sys/class/net/lo/subsystem/lo/subsystem/eth0/device/net/eth0/device/net/eth0" "Mozilla/5.0 AppleWebKit/537.36 (KHTML, like Gecko; compatible; GPTBot/1.4; +https://openai.com/gptbot)"
74.7.242.17 - - [31/Jul/2026:15:03:09 +0200] "GET /?fileloc=//lib64/libxcb-xkb.so.1.0.0&path=//lib64 HTTP/1.1" 200 177862 "https://tempokontrol.co.za/?path=//lib64" "Mozilla/5.0 AppleWebKit/537.36 (KHTML, like Gecko; compatible; GPTBot/1.4; +https://openai.com/gptbot)"
74.7.227.163 - - [31/Jul/2026:15:03:11 +0200] "GET /?fileloc=//sys/class/net/lo/subsystem/lo/subsystem/eth0/device/net/eth0/device/net/eth0/tx_queue_len&path=//sys/class/net/lo/subsystem/lo/subsystem/eth0/device/net/eth0/device/net/eth0 HTTP/1.1" 200 13239 "https://www.tempokontrol.co.za/?path=//sys/class/net/lo/subsystem/lo/subsystem/eth0/device/net/eth0/device/net/eth0" "Mozilla/5.0 AppleWebKit/537.36 (KHTML, like Gecko; compatible; GPTBot/1.4; +https://openai.com/gptbot)"
74.7.227.163 - - [31/Jul/2026:15:03:15 +0200] "GET /?fileloc=//sys/class/net/lo/subsystem/lo/subsystem/eth0/device/net/eth0/device/net/eth0/speed&path=//sys/class/net/lo/subsystem/lo/subsystem/eth0/device/net/eth0/device/net/eth0 HTTP/1.1" 200 13233 "https://www.tempokontrol.co.za/?path=//sys/class/net/lo/subsystem/lo/subsystem/eth0/device/net/eth0/device/net/eth0" "Mozilla/5.0 AppleWebKit/537.36 (KHTML, like Gecko; compatible; GPTBot/1.4; +https://openai.com/gptbot)"
74.7.227.163 - - [31/Jul/2026:15:03:19 +0200] "GET /?fileloc=//sys/class/net/lo/subsystem/lo/subsystem/eth0/device/net/eth0/subsystem/eth0/flags&path=//sys/class/net/lo/subsystem/lo/subsystem/eth0/device/net/eth0/subsystem/eth0 HTTP/1.1" 200 13140 "https://www.tempokontrol.co.za/?path=//sys/class/net/lo/subsystem/lo/subsystem/eth0/device/net/eth0/subsystem/eth0" "Mozilla/5.0 AppleWebKit/537.36 (KHTML, like Gecko; compatible; GPTBot/1.4; +https://openai.com/gptbot)"
74.7.227.163 - - [31/Jul/2026:15:03:23 +0200] "GET /?fileloc=//sys/class/net/eth0/subsystem/lo/subsystem/eth0/device/net/eth0/subsystem/lo/link_mode&path=//sys/class/net/eth0/subsystem/lo/subsystem/eth0/device/net/eth0/subsystem/lo HTTP/1.1" 200 13157 "https://www.tempokontrol.co.za/?path=//sys/class/net/eth0/subsystem/lo/subsystem/eth0/device/net/eth0/subsystem/lo" "Mozilla/5.0 AppleWebKit/537.36 (KHTML, like Gecko; compatible; GPTBot/1.4; +https://openai.com/gptbot)"
74.7.227.163 - - [31/Jul/2026:15:03:26 +0200] "GET /?fileloc=//sys/class/net/eth0/subsystem/lo/subsystem/eth0/device/net/eth0/subsystem/lo/mtu&path=//sys/class/net/eth0/subsystem/lo/subsystem/eth0/device/net/eth0/subsystem/lo HTTP/1.1" 200 13155 "https://www.tempokontrol.co.za/?path=//sys/class/net/eth0/subsystem/lo/subsystem/eth0/device/net/eth0/subsystem/lo" "Mozilla/5.0 AppleWebKit/537.36 (KHTML, like Gecko; compatible; GPTBot/1.4; +https://openai.com/gptbot)"
74.7.227.163 - - [31/Jul/2026:15:03:29 +0200] "GET /?fileloc=//sys/class/net/lo/subsystem/lo/subsystem/eth0/device/net/eth0/subsystem/lo/queues/tx-0/tx_timeout&path=//sys/class/net/lo/subsystem/lo/subsystem/eth0/device/net/eth0/subsystem/lo/queues/tx-0 HTTP/1.1" 200 13369 "https://www.tempokontrol.co.za/?path=//sys/class/net/lo/subsystem/lo/subsystem/eth0/device/net/eth0/subsystem/lo/queues/tx-0" "Mozilla/5.0 AppleWebKit/537.36 (KHTML, like Gecko; compatible; GPTBot/1.4; +https://openai.com/gptbot)"
74.7.227.163 - - [31/Jul/2026:15:03:33 +0200] "GET /?fileloc=//sys/class/net/eth0/subsystem/lo/subsystem/eth0/device/net/eth0/subsystem/lo/carrier_up_count&path=//sys/class/net/eth0/subsystem/lo/subsystem/eth0/device/net/eth0/subsystem/lo HTTP/1.1" 200 13164 "https://www.tempokontrol.co.za/?path=//sys/class/net/eth0/subsystem/lo/subsystem/eth0/device/net/eth0/subsystem/lo" "Mozilla/5.0 AppleWebKit/537.36 (KHTML, like Gecko; compatible; GPTBot/1.4; +https://openai.com/gptbot)"
74.7.227.163 - - [31/Jul/2026:15:03:36 +0200] "GET /?fileloc=//sys/class/net/lo/subsystem/lo/subsystem/eth0/device/net/eth0/device/net/eth0/proto_down&path=//sys/class/net/lo/subsystem/lo/subsystem/eth0/device/net/eth0/device/net/eth0 HTTP/1.1" 200 13234 "https://www.tempokontrol.co.za/?path=//sys/class/net/lo/subsystem/lo/subsystem/eth0/device/net/eth0/device/net/eth0" "Mozilla/5.0 AppleWebKit/537.36 (KHTML, like Gecko; compatible; GPTBot/1.4; +https://openai.com/gptbot)"
216.73.217.106 - - [31/Jul/2026:15:03:38 +0200] "GET /sitemap.xml?fileloc=%2F%2Flib64%2Flibgbm.so.1&path=%2F%2Flib64 HTTP/1.1" 200 41121 "-" "Mozilla/5.0 AppleWebKit/537.36 (KHTML, like Gecko; compatible; ClaudeBot/1.0; +claudebot@anthropic.com)"
74.7.227.163 - - [31/Jul/2026:15:03:39 +0200] "GET /?fileloc=//sys/class/net/lo/subsystem/lo/subsystem/eth0/device/net/eth0/device/net/eth0/dormant&path=//sys/class/net/lo/subsystem/lo/subsystem/eth0/device/net/eth0/device/net/eth0 HTTP/1.1" 200 13231 "https://www.tempokontrol.co.za/?path=//sys/class/net/lo/subsystem/lo/subsystem/eth0/device/net/eth0/device/net/eth0" "Mozilla/5.0 AppleWebKit/537.36 (KHTML, like Gecko; compatible; GPTBot/1.4; +https://openai.com/gptbot)"
74.7.227.163 - - [31/Jul/2026:15:03:42 +0200] "GET /?fileloc=//sys/class/net/eth0/subsystem/lo/subsystem/eth0/device/net/eth0/subsystem/lo/addr_assign_type&path=//sys/class/net/eth0/subsystem/lo/subsystem/eth0/device/net/eth0/subsystem/lo HTTP/1.1" 200 13164 "https://www.tempokontrol.co.za/?path=//sys/class/net/eth0/subsystem/lo/subsystem/eth0/device/net/eth0/subsystem/lo" "Mozilla/5.0 AppleWebKit/537.36 (KHTML, like Gecko; compatible; GPTBot/1.4; +https://openai.com/gptbot)"
74.7.242.17 - - [31/Jul/2026:15:03:43 +0200] "GET /?fileloc=//lib64/libgstbase-1.0.so.0&path=//lib64 HTTP/1.1" 200 856175 "https://tempokontrol.co.za/?path=//lib64" "Mozilla/5.0 AppleWebKit/537.36 (KHTML, like Gecko; compatible; GPTBot/1.4; +https://openai.com/gptbot)"
57.141.0.7 - - [31/Jul/2026:15:03:45 +0200] "GET /wp-json/oembed/1.0/embed?path=//afs HTTP/1.1" 200 12644 "-" "Mozilla/5.0 (Windows NT 10.0; Win64; x64) AppleWebKit/537.36 (KHTML, like Gecko) Chrome/145.0.0.0 Safari/537.36 (compatible; meta-externalagent/1.1 (+https://developers.facebook.com/docs/sharing/webmasters/crawler))"
74.7.227.163 - - [31/Jul/2026:15:03:47 +0200] "GET /?fileloc=//sys/class/net/eth0/subsystem/lo/subsystem/eth0/device/net/eth0/subsystem/lo/dev_port&path=//sys/class/net/eth0/subsystem/lo/subsystem/eth0/device/net/eth0/subsystem/lo HTTP/1.1" 200 13156 "https://www.tempokontrol.co.za/?path=//sys/class/net/eth0/subsystem/lo/subsystem/eth0/device/net/eth0/subsystem/lo" "Mozilla/5.0 AppleWebKit/537.36 (KHTML, like Gecko; compatible; GPTBot/1.4; +https://openai.com/gptbot)"
216.73.217.106 - - [31/Jul/2026:15:03:46 +0200] "GET /sitemap.xml?fileloc=%2F%2Flib64%2Flibxcb-glx.so.0.0.0&path=%2F%2Flib64 HTTP/1.1" 200 160065 "-" "Mozilla/5.0 AppleWebKit/537.36 (KHTML, like Gecko; compatible; ClaudeBot/1.0; +claudebot@anthropic.com)"
74.7.227.163 - - [31/Jul/2026:15:03:51 +0200] "GET /?fileloc=//sys/class/net/lo/subsystem/lo/subsystem/eth0/device/net/eth0/subsystem/eth0/mtu&path=//sys/class/net/lo/subsystem/lo/subsystem/eth0/device/net/eth0/subsystem/eth0 HTTP/1.1" 200 13136 "https://www.tempokontrol.co.za/?path=//sys/class/net/lo/subsystem/lo/subsystem/eth0/device/net/eth0/subsystem/eth0" "Mozilla/5.0 AppleWebKit/537.36 (KHTML, like Gecko; compatible; GPTBot/1.4; +https://openai.com/gptbot)"
74.7.227.163 - - [31/Jul/2026:15:03:55 +0200] "GET /?fileloc=//sys/class/net/eth0/subsystem/lo/subsystem/eth0/device/net/eth0/subsystem/lo/addr_len&path=//sys/class/net/eth0/subsystem/lo/subsystem/eth0/device/net/eth0/subsystem/lo HTTP/1.1" 200 13156 "https://www.tempokontrol.co.za/?path=//sys/class/net/eth0/subsystem/lo/subsystem/eth0/device/net/eth0/subsystem/lo" "Mozilla/5.0 AppleWebKit/537.36 (KHTML, like Gecko; compatible; GPTBot/1.4; +https://openai.com/gptbot)"
74.7.227.163 - - [31/Jul/2026:15:03:58 +0200] "GET /?fileloc=//sys/class/net/lo/subsystem/lo/subsystem/eth0/device/net/eth0/subsystem/eth0/carrier_up_count&path=//sys/class/net/lo/subsystem/lo/subsystem/eth0/device/net/eth0/subsystem/eth0 HTTP/1.1" 200 13146 "https://www.tempokontrol.co.za/?path=//sys/class/net/lo/subsystem/lo/subsystem/eth0/device/net/eth0/subsystem/eth0" "Mozilla/5.0 AppleWebKit/537.36 (KHTML, like Gecko; compatible; GPTBot/1.4; +https://openai.com/gptbot)"
74.7.227.163 - - [31/Jul/2026:15:04:01 +0200] "GET /?fileloc=//sys/class/net/lo/subsystem/lo/subsystem/eth0/device/net/eth0/device/net/eth0/dev_port&path=//sys/class/net/lo/subsystem/lo/subsystem/eth0/device/net/eth0/device/net/eth0 HTTP/1.1" 200 13232 "https://www.tempokontrol.co.za/?path=//sys/class/net/lo/subsystem/lo/subsystem/eth0/device/net/eth0/device/net/eth0" "Mozilla/5.0 AppleWebKit/537.36 (KHTML, like Gecko; compatible; GPTBot/1.4; +https://openai.com/gptbot)"
74.7.227.163 - - [31/Jul/2026:15:04:06 +0200] "GET /?fileloc=//sys/class/net/lo/subsystem/lo/subsystem/eth0/device/net/eth0/device/net/eth0/broadcast&path=//sys/class/net/lo/subsystem/lo/subsystem/eth0/device/net/eth0/device/net/eth0 HTTP/1.1" 200 13249 "https://www.tempokontrol.co.za/?path=//sys/class/net/lo/subsystem/lo/subsystem/eth0/device/net/eth0/device/net/eth0" "Mozilla/5.0 AppleWebKit/537.36 (KHTML, like Gecko; compatible; GPTBot/1.4; +https://openai.com/gptbot)"
74.7.227.163 - - [31/Jul/2026:15:04:11 +0200] "GET /?fileloc=//sys/class/net/lo/subsystem/lo/subsystem/eth0/device/net/eth0/device/net/eth0/subsystem/lo/dev_id&path=//sys/class/net/lo/subsystem/lo/subsystem/eth0/device/net/eth0/device/net/eth0/subsystem/lo HTTP/1.1" 200 13479 "https://www.tempokontrol.co.za/?path=//sys/class/net/lo/subsystem/lo/subsystem/eth0/device/net/eth0/device/net/eth0/subsystem/lo" "Mozilla/5.0 AppleWebKit/537.36 (KHTML, like Gecko; compatible; GPTBot/1.4; +https://openai.com/gptbot)"
74.7.227.163 - - [31/Jul/2026:15:04:14 +0200] "GET /?fileloc=//sys/class/net/lo/subsystem/lo/subsystem/eth0/device/net/eth0/subsystem/eth0/name_assign_type&path=//sys/class/net/lo/subsystem/lo/subsystem/eth0/device/net/eth0/subsystem/eth0 HTTP/1.1" 200 13144 "https://www.tempokontrol.co.za/?path=//sys/class/net/lo/subsystem/lo/subsystem/eth0/device/net/eth0/subsystem/eth0" "Mozilla/5.0 AppleWebKit/537.36 (KHTML, like Gecko; compatible; GPTBot/1.4; +https://openai.com/gptbot)"
74.7.227.163 - - [31/Jul/2026:15:04:17 +0200] "GET /?fileloc=//sys/class/net/lo/subsystem/lo/subsystem/eth0/device/net/eth0/device/net/eth0/ifindex&path=//sys/class/net/lo/subsystem/lo/subsystem/eth0/device/net/eth0/device/net/eth0 HTTP/1.1" 200 13231 "https://www.tempokontrol.co.za/?path=//sys/class/net/lo/subsystem/lo/subsystem/eth0/device/net/eth0/device/net/eth0" "Mozilla/5.0 AppleWebKit/537.36 (KHTML, like Gecko; compatible; GPTBot/1.4; +https://openai.com/gptbot)"
57.141.0.36 - - [31/Jul/2026:15:04:19 +0200] "GET /wp-json/oembed/1.0/embed?path=//media HTTP/1.1" 200 12648 "-" "Mozilla/5.0 (Windows NT 10.0; Win64; x64) AppleWebKit/537.36 (KHTML, like Gecko) Chrome/145.0.0.0 Safari/537.36 Edg/145.0.0.0 (compatible; meta-externalagent/1.1 (+https://developers.facebook.com/docs/sharing/webmasters/crawler))"
74.7.227.163 - - [31/Jul/2026:15:04:21 +0200] "GET /?fileloc=//sys/class/net/lo/subsystem/lo/subsystem/eth0/device/net/eth0/device/net/eth0/link_mode&path=//sys/class/net/lo/subsystem/lo/subsystem/eth0/device/net/eth0/device/net/eth0 HTTP/1.1" 200 13233 "https://www.tempokontrol.co.za/?path=//sys/class/net/lo/subsystem/lo/subsystem/eth0/device/net/eth0/device/net/eth0" "Mozilla/5.0 AppleWebKit/537.36 (KHTML, like Gecko; compatible; GPTBot/1.4; +https://openai.com/gptbot)"
