74.7.242.17 - - [31/Jul/2026:16:57:54 +0200] "GET /?fileloc=//lib64/python3.9/__pycache__/genericpath.cpython-39.opt-2.pyc&path=//lib64/python3.9/__pycache__ HTTP/1.1" 200 16133 "https://tempokontrol.co.za/?path=//lib64/python3.9/__pycache__" "Mozilla/5.0 AppleWebKit/537.36 (KHTML, like Gecko; compatible; GPTBot/1.4; +https://openai.com/gptbot)"
74.7.227.163 - - [31/Jul/2026:16:57:55 +0200] "GET /?path=//sys/class/net/eth0/subsystem/eth0/subsystem/eth0/device/net/eth0/subsystem/lo/subsystem/lo/subsystem/eth0/queues/rx-4 HTTP/1.1" 200 17988 "https://www.tempokontrol.co.za/?path=//sys/class/net/eth0/subsystem/eth0/subsystem/eth0/device/net/eth0/subsystem/lo/subsystem/lo/subsystem/eth0/queues" "Mozilla/5.0 AppleWebKit/537.36 (KHTML, like Gecko; compatible; GPTBot/1.4; +https://openai.com/gptbot)"
40.77.167.149 - - [31/Jul/2026:16:57:53 +0200] "GET /shops/radication/t3i1d1o7l6o0g8y2836 HTTP/1.1" 200 802428 "-" "Mozilla/5.0 AppleWebKit/537.36 (KHTML, like Gecko; compatible; bingbot/2.0; +http://www.bing.com/bingbot.htm) Chrome/116.0.1938.76 Safari/537.36"
74.7.242.17 - - [31/Jul/2026:16:57:57 +0200] "GET /?fileloc=//lib64/python3.9/__pycache__/posixpath.cpython-39.opt-1.pyc&path=//lib64/python3.9/__pycache__ HTTP/1.1" 200 24407 "https://tempokontrol.co.za/?path=//lib64/python3.9/__pycache__" "Mozilla/5.0 AppleWebKit/537.36 (KHTML, like Gecko; compatible; GPTBot/1.4; +https://openai.com/gptbot)"
74.7.227.163 - - [31/Jul/2026:16:57:58 +0200] "GET /?path=//sys/class/net/eth0/subsystem/eth0/subsystem/eth0/device/net/eth0/subsystem/lo/subsystem/lo/subsystem/eth0/queues/tx-1 HTTP/1.1" 200 25188 "https://www.tempokontrol.co.za/?path=//sys/class/net/eth0/subsystem/eth0/subsystem/eth0/device/net/eth0/subsystem/lo/subsystem/lo/subsystem/eth0/queues" "Mozilla/5.0 AppleWebKit/537.36 (KHTML, like Gecko; compatible; GPTBot/1.4; +https://openai.com/gptbot)"
74.7.242.17 - - [31/Jul/2026:16:58:01 +0200] "GET /?fileloc=//lib64/python3.9/__pycache__/copyreg.cpython-39.opt-2.pyc&path=//lib64/python3.9/__pycache__ HTTP/1.1" 200 16428 "https://tempokontrol.co.za/?path=//lib64/python3.9/__pycache__" "Mozilla/5.0 AppleWebKit/537.36 (KHTML, like Gecko; compatible; GPTBot/1.4; +https://openai.com/gptbot)"
74.7.227.163 - - [31/Jul/2026:16:58:01 +0200] "GET /?path=//sys/class/net/eth0/subsystem/eth0/subsystem/eth0/device/net/eth0/subsystem/lo/subsystem/eth0/device/driver/module/holders HTTP/1.1" 200 14315 "https://www.tempokontrol.co.za/?path=//sys/class/net/eth0/subsystem/eth0/subsystem/eth0/device/net/eth0/subsystem/lo/subsystem/eth0/device/driver/module" "Mozilla/5.0 AppleWebKit/537.36 (KHTML, like Gecko; compatible; GPTBot/1.4; +https://openai.com/gptbot)"
74.7.242.17 - - [31/Jul/2026:16:58:04 +0200] "GET /?fileloc=//lib64/python3.9/__pycache__/bisect.cpython-39.opt-1.pyc&path=//lib64/python3.9/__pycache__ HTTP/1.1" 200 14852 "https://tempokontrol.co.za/?path=//lib64/python3.9/__pycache__" "Mozilla/5.0 AppleWebKit/537.36 (KHTML, like Gecko; compatible; GPTBot/1.4; +https://openai.com/gptbot)"
74.7.227.163 - - [31/Jul/2026:16:58:04 +0200] "GET /?path=//sys/class/net/eth0/subsystem/eth0/subsystem/eth0/device/net/eth0/subsystem/lo/subsystem/lo/subsystem/eth0/queues/tx-7 HTTP/1.1" 200 25188 "https://www.tempokontrol.co.za/?path=//sys/class/net/eth0/subsystem/eth0/subsystem/eth0/device/net/eth0/subsystem/lo/subsystem/lo/subsystem/eth0/queues" "Mozilla/5.0 AppleWebKit/537.36 (KHTML, like Gecko; compatible; GPTBot/1.4; +https://openai.com/gptbot)"
74.7.242.17 - - [31/Jul/2026:16:58:07 +0200] "GET /?fileloc=//lib64/python3.9/__pycache__/symbol.cpython-39.opt-1.pyc&path=//lib64/python3.9/__pycache__ HTTP/1.1" 200 15122 "https://tempokontrol.co.za/?path=//lib64/python3.9/__pycache__" "Mozilla/5.0 AppleWebKit/537.36 (KHTML, like Gecko; compatible; GPTBot/1.4; +https://openai.com/gptbot)"
74.7.227.163 - - [31/Jul/2026:16:58:08 +0200] "GET /?path=//sys/class/net/eth0/subsystem/eth0/subsystem/eth0/device/net/eth0/subsystem/lo/subsystem/eth0/queues/tx-4/byte_queue_limits HTTP/1.1" 200 23449 "https://www.tempokontrol.co.za/?path=//sys/class/net/eth0/subsystem/eth0/subsystem/eth0/device/net/eth0/subsystem/lo/subsystem/eth0/queues/tx-4" "Mozilla/5.0 AppleWebKit/537.36 (KHTML, like Gecko; compatible; GPTBot/1.4; +https://openai.com/gptbot)"
74.7.242.17 - - [31/Jul/2026:16:58:10 +0200] "GET /?fileloc=//lib64/python3.9/__pycache__/textwrap.cpython-39.opt-1.pyc&path=//lib64/python3.9/__pycache__ HTTP/1.1" 200 27449 "https://tempokontrol.co.za/?path=//lib64/python3.9/__pycache__" "Mozilla/5.0 AppleWebKit/537.36 (KHTML, like Gecko; compatible; GPTBot/1.4; +https://openai.com/gptbot)"
74.7.227.163 - - [31/Jul/2026:16:58:11 +0200] "GET /?path=//sys/class/net/eth0/subsystem/eth0/subsystem/eth0/device/net/eth0/subsystem/lo/subsystem/lo/subsystem/eth0/queues/rx-1 HTTP/1.1" 200 17988 "https://www.tempokontrol.co.za/?path=//sys/class/net/eth0/subsystem/eth0/subsystem/eth0/device/net/eth0/subsystem/lo/subsystem/lo/subsystem/eth0/queues" "Mozilla/5.0 AppleWebKit/537.36 (KHTML, like Gecko; compatible; GPTBot/1.4; +https://openai.com/gptbot)"
74.7.242.17 - - [31/Jul/2026:16:58:13 +0200] "GET /?fileloc=//lib64/python3.9/__pycache__/threading.cpython-39.opt-1.pyc&path=//lib64/python3.9/__pycache__ HTTP/1.1" 200 58359 "https://tempokontrol.co.za/?path=//lib64/python3.9/__pycache__" "Mozilla/5.0 AppleWebKit/537.36 (KHTML, like Gecko; compatible; GPTBot/1.4; +https://openai.com/gptbot)"
74.7.227.163 - - [31/Jul/2026:16:58:14 +0200] "GET /?path=//sys/class/net/eth0/subsystem/eth0/subsystem/eth0/device/net/eth0/subsystem/lo/subsystem/lo/subsystem/eth0/queues/rx-6 HTTP/1.1" 200 17988 "https://www.tempokontrol.co.za/?path=//sys/class/net/eth0/subsystem/eth0/subsystem/eth0/device/net/eth0/subsystem/lo/subsystem/lo/subsystem/eth0/queues" "Mozilla/5.0 AppleWebKit/537.36 (KHTML, like Gecko; compatible; GPTBot/1.4; +https://openai.com/gptbot)"
74.7.242.17 - - [31/Jul/2026:16:58:16 +0200] "GET /?fileloc=//lib64/python3.9/__pycache__/symbol.cpython-39.opt-2.pyc&path=//lib64/python3.9/__pycache__ HTTP/1.1" 200 15034 "https://tempokontrol.co.za/?path=//lib64/python3.9/__pycache__" "Mozilla/5.0 AppleWebKit/537.36 (KHTML, like Gecko; compatible; GPTBot/1.4; +https://openai.com/gptbot)"
74.7.227.163 - - [31/Jul/2026:16:58:17 +0200] "GET /?path=//sys/class/net/eth0/subsystem/eth0/subsystem/eth0/device/net/eth0/subsystem/lo/subsystem/lo/subsystem/eth0/queues/tx-6 HTTP/1.1" 200 25188 "https://www.tempokontrol.co.za/?path=//sys/class/net/eth0/subsystem/eth0/subsystem/eth0/device/net/eth0/subsystem/lo/subsystem/lo/subsystem/eth0/queues" "Mozilla/5.0 AppleWebKit/537.36 (KHTML, like Gecko; compatible; GPTBot/1.4; +https://openai.com/gptbot)"
74.7.242.17 - - [31/Jul/2026:16:58:19 +0200] "GET /?fileloc=//lib64/python3.9/__pycache__/_sitebuiltins.cpython-39.opt-2.pyc&path=//lib64/python3.9/__pycache__ HTTP/1.1" 200 15680 "https://tempokontrol.co.za/?path=//lib64/python3.9/__pycache__" "Mozilla/5.0 AppleWebKit/537.36 (KHTML, like Gecko; compatible; GPTBot/1.4; +https://openai.com/gptbot)"
74.7.227.163 - - [31/Jul/2026:16:58:20 +0200] "GET /?path=//sys/class/net/eth0/subsystem/eth0/subsystem/eth0/device/net/eth0/subsystem/lo/subsystem/lo/subsystem/eth0/queues/tx-2/byte_queue_limits HTTP/1.1" 200 24010 "https://www.tempokontrol.co.za/?path=//sys/class/net/eth0/subsystem/eth0/subsystem/eth0/device/net/eth0/subsystem/lo/subsystem/lo/subsystem/eth0/queues/tx-2" "Mozilla/5.0 AppleWebKit/537.36 (KHTML, like Gecko; compatible; GPTBot/1.4; +https://openai.com/gptbot)"
74.7.242.17 - - [31/Jul/2026:16:58:23 +0200] "GET /?fileloc=//lib64/python3.9/__pycache__/operator.cpython-39.opt-2.pyc&path=//lib64/python3.9/__pycache__ HTTP/1.1" 200 24872 "https://tempokontrol.co.za/?path=//lib64/python3.9/__pycache__" "Mozilla/5.0 AppleWebKit/537.36 (KHTML, like Gecko; compatible; GPTBot/1.4; +https://openai.com/gptbot)"
74.7.227.163 - - [31/Jul/2026:16:58:23 +0200] "GET /?path=//sys/class/net/eth0/subsystem/eth0/subsystem/eth0/device/net/eth0/subsystem/lo/subsystem/lo/subsystem/eth0/queues/rx-9 HTTP/1.1" 200 17988 "https://www.tempokontrol.co.za/?path=//sys/class/net/eth0/subsystem/eth0/subsystem/eth0/device/net/eth0/subsystem/lo/subsystem/lo/subsystem/eth0/queues" "Mozilla/5.0 AppleWebKit/537.36 (KHTML, like Gecko; compatible; GPTBot/1.4; +https://openai.com/gptbot)"
74.7.242.17 - - [31/Jul/2026:16:58:26 +0200] "GET /?fileloc=//lib64/python3.9/__pycache__/doctest.cpython-39.opt-1.pyc&path=//lib64/python3.9/__pycache__ HTTP/1.1" 200 95382 "https://tempokontrol.co.za/?path=//lib64/python3.9/__pycache__" "Mozilla/5.0 AppleWebKit/537.36 (KHTML, like Gecko; compatible; GPTBot/1.4; +https://openai.com/gptbot)"
74.7.227.163 - - [31/Jul/2026:16:58:26 +0200] "GET /?path=//sys/class/net/eth0/subsystem/eth0/subsystem/eth0/device/net/eth0/subsystem/lo/subsystem/lo/subsystem/eth0/queues/rx-3 HTTP/1.1" 200 17988 "https://www.tempokontrol.co.za/?path=//sys/class/net/eth0/subsystem/eth0/subsystem/eth0/device/net/eth0/subsystem/lo/subsystem/lo/subsystem/eth0/queues" "Mozilla/5.0 AppleWebKit/537.36 (KHTML, like Gecko; compatible; GPTBot/1.4; +https://openai.com/gptbot)"
74.7.242.17 - - [31/Jul/2026:16:58:29 +0200] "GET /?fileloc=//lib64/python3.9/__pycache__/gettext.cpython-39.opt-2.pyc&path=//lib64/python3.9/__pycache__ HTTP/1.1" 200 32873 "https://tempokontrol.co.za/?path=//lib64/python3.9/__pycache__" "Mozilla/5.0 AppleWebKit/537.36 (KHTML, like Gecko; compatible; GPTBot/1.4; +https://openai.com/gptbot)"
74.7.227.163 - - [31/Jul/2026:16:58:29 +0200] "GET /?path=//sys/class/net/eth0/subsystem/eth0/subsystem/eth0/device/net/eth0/subsystem/lo/subsystem/eth0/queues/tx-1/byte_queue_limits HTTP/1.1" 200 23449 "https://www.tempokontrol.co.za/?path=//sys/class/net/eth0/subsystem/eth0/subsystem/eth0/device/net/eth0/subsystem/lo/subsystem/eth0/queues/tx-1" "Mozilla/5.0 AppleWebKit/537.36 (KHTML, like Gecko; compatible; GPTBot/1.4; +https://openai.com/gptbot)"
74.7.242.17 - - [31/Jul/2026:16:58:32 +0200] "GET /?fileloc=//lib64/python3.9/__pycache__/bisect.cpython-39.opt-2.pyc&path=//lib64/python3.9/__pycache__ HTTP/1.1" 200 13520 "https://tempokontrol.co.za/?path=//lib64/python3.9/__pycache__" "Mozilla/5.0 AppleWebKit/537.36 (KHTML, like Gecko; compatible; GPTBot/1.4; +https://openai.com/gptbot)"
74.7.227.163 - - [31/Jul/2026:16:58:32 +0200] "GET /?path=//sys/class/net/eth0/subsystem/eth0/subsystem/eth0/device/net/eth0/subsystem/lo/subsystem/eth0/queues/tx-8/byte_queue_limits HTTP/1.1" 200 23449 "https://www.tempokontrol.co.za/?path=//sys/class/net/eth0/subsystem/eth0/subsystem/eth0/device/net/eth0/subsystem/lo/subsystem/eth0/queues/tx-8" "Mozilla/5.0 AppleWebKit/537.36 (KHTML, like Gecko; compatible; GPTBot/1.4; +https://openai.com/gptbot)"
74.7.242.17 - - [31/Jul/2026:16:58:35 +0200] "GET /?fileloc=//lib64/python3.9/__pycache__/functools.cpython-39.opt-1.pyc&path=//lib64/python3.9/__pycache__ HTTP/1.1" 200 45851 "https://tempokontrol.co.za/?path=//lib64/python3.9/__pycache__" "Mozilla/5.0 AppleWebKit/537.36 (KHTML, like Gecko; compatible; GPTBot/1.4; +https://openai.com/gptbot)"
74.7.227.163 - - [31/Jul/2026:16:58:35 +0200] "GET /?path=//sys/class/net/eth0/subsystem/eth0/subsystem/eth0/device/net/eth0/subsystem/lo/subsystem/eth0/queues/tx-3/byte_queue_limits HTTP/1.1" 200 23449 "https://www.tempokontrol.co.za/?path=//sys/class/net/eth0/subsystem/eth0/subsystem/eth0/device/net/eth0/subsystem/lo/subsystem/eth0/queues/tx-3" "Mozilla/5.0 AppleWebKit/537.36 (KHTML, like Gecko; compatible; GPTBot/1.4; +https://openai.com/gptbot)"
74.7.242.17 - - [31/Jul/2026:16:58:38 +0200] "GET /?fileloc=//lib64/python3.9/__pycache__/timeit.cpython-39.opt-2.pyc&path=//lib64/python3.9/__pycache__ HTTP/1.1" 200 19104 "https://tempokontrol.co.za/?path=//lib64/python3.9/__pycache__" "Mozilla/5.0 AppleWebKit/537.36 (KHTML, like Gecko; compatible; GPTBot/1.4; +https://openai.com/gptbot)"
74.7.227.163 - - [31/Jul/2026:16:58:38 +0200] "GET /?path=//sys/class/net/eth0/subsystem/eth0/subsystem/eth0/device/net/eth0/subsystem/lo/subsystem/eth0/queues/tx-7/byte_queue_limits HTTP/1.1" 200 23449 "https://www.tempokontrol.co.za/?path=//sys/class/net/eth0/subsystem/eth0/subsystem/eth0/device/net/eth0/subsystem/lo/subsystem/eth0/queues/tx-7" "Mozilla/5.0 AppleWebKit/537.36 (KHTML, like Gecko; compatible; GPTBot/1.4; +https://openai.com/gptbot)"
74.7.227.163 - - [31/Jul/2026:16:58:42 +0200] "GET /?path=//sys/class/net/eth0/subsystem/eth0/subsystem/eth0/device/net/eth0/subsystem/lo/subsystem/lo/subsystem/eth0/queues/tx-5 HTTP/1.1" 200 25188 "https://www.tempokontrol.co.za/?path=//sys/class/net/eth0/subsystem/eth0/subsystem/eth0/device/net/eth0/subsystem/lo/subsystem/lo/subsystem/eth0/queues" "Mozilla/5.0 AppleWebKit/537.36 (KHTML, like Gecko; compatible; GPTBot/1.4; +https://openai.com/gptbot)"
74.7.242.17 - - [31/Jul/2026:16:58:42 +0200] "GET /?fileloc=//lib64/python3.9/__pycache__/traceback.cpython-39.opt-1.pyc&path=//lib64/python3.9/__pycache__ HTTP/1.1" 200 34382 "https://tempokontrol.co.za/?path=//lib64/python3.9/__pycache__" "Mozilla/5.0 AppleWebKit/537.36 (KHTML, like Gecko; compatible; GPTBot/1.4; +https://openai.com/gptbot)"
74.7.227.163 - - [31/Jul/2026:16:58:45 +0200] "GET /?path=//sys/class/net/eth0/subsystem/eth0/subsystem/eth0/device/net/eth0/subsystem/lo/subsystem/eth0/device/driver/module/drivers HTTP/1.1" 200 15997 "https://www.tempokontrol.co.za/?path=//sys/class/net/eth0/subsystem/eth0/subsystem/eth0/device/net/eth0/subsystem/lo/subsystem/eth0/device/driver/module" "Mozilla/5.0 AppleWebKit/537.36 (KHTML, like Gecko; compatible; GPTBot/1.4; +https://openai.com/gptbot)"
74.7.242.17 - - [31/Jul/2026:16:58:45 +0200] "GET /?fileloc=//lib64/python3.9/__pycache__/rlcompleter.cpython-39.opt-1.pyc&path=//lib64/python3.9/__pycache__ HTTP/1.1" 200 18726 "https://tempokontrol.co.za/?path=//lib64/python3.9/__pycache__" "Mozilla/5.0 AppleWebKit/537.36 (KHTML, like Gecko; compatible; GPTBot/1.4; +https://openai.com/gptbot)"
74.7.227.163 - - [31/Jul/2026:16:58:48 +0200] "GET /?path=//sys/class/net/eth0/subsystem/eth0/subsystem/eth0/device/net/eth0/subsystem/lo/subsystem/eth0/queues/tx-5/byte_queue_limits HTTP/1.1" 200 23449 "https://www.tempokontrol.co.za/?path=//sys/class/net/eth0/subsystem/eth0/subsystem/eth0/device/net/eth0/subsystem/lo/subsystem/eth0/queues/tx-5" "Mozilla/5.0 AppleWebKit/537.36 (KHTML, like Gecko; compatible; GPTBot/1.4; +https://openai.com/gptbot)"
74.7.242.17 - - [31/Jul/2026:16:58:48 +0200] "GET /?fileloc=//lib64/python3.9/__pycache__/formatter.cpython-39.opt-1.pyc&path=//lib64/python3.9/__pycache__ HTTP/1.1" 200 31179 "https://tempokontrol.co.za/?path=//lib64/python3.9/__pycache__" "Mozilla/5.0 AppleWebKit/537.36 (KHTML, like Gecko; compatible; GPTBot/1.4; +https://openai.com/gptbot)"
74.7.227.163 - - [31/Jul/2026:16:58:51 +0200] "GET /?path=//sys/class/net/eth0/subsystem/eth0/subsystem/eth0/device/net/eth0/subsystem/lo/subsystem/eth0/device/driver/module/sections HTTP/1.1" 200 89729 "https://www.tempokontrol.co.za/?path=//sys/class/net/eth0/subsystem/eth0/subsystem/eth0/device/net/eth0/subsystem/lo/subsystem/eth0/device/driver/module" "Mozilla/5.0 AppleWebKit/537.36 (KHTML, like Gecko; compatible; GPTBot/1.4; +https://openai.com/gptbot)"
74.7.242.17 - - [31/Jul/2026:16:58:51 +0200] "GET /?fileloc=//lib64/python3.9/__pycache__/socket.cpython-39.opt-2.pyc&path=//lib64/python3.9/__pycache__ HTTP/1.1" 200 35880 "https://tempokontrol.co.za/?path=//lib64/python3.9/__pycache__" "Mozilla/5.0 AppleWebKit/537.36 (KHTML, like Gecko; compatible; GPTBot/1.4; +https://openai.com/gptbot)"
74.7.227.163 - - [31/Jul/2026:16:58:54 +0200] "GET /?path=//sys/class/net/eth0/subsystem/eth0/subsystem/eth0/device/net/eth0/subsystem/lo/subsystem/eth0/device/subsystem/drivers HTTP/1.1" 200 25732 "https://www.tempokontrol.co.za/?path=//sys/class/net/eth0/subsystem/eth0/subsystem/eth0/device/net/eth0/subsystem/lo/subsystem/eth0/device/subsystem" "Mozilla/5.0 AppleWebKit/537.36 (KHTML, like Gecko; compatible; GPTBot/1.4; +https://openai.com/gptbot)"
74.7.242.17 - - [31/Jul/2026:16:58:54 +0200] "GET /?fileloc=//lib64/python3.9/__pycache__/fnmatch.cpython-39.opt-2.pyc&path=//lib64/python3.9/__pycache__ HTTP/1.1" 200 15528 "https://tempokontrol.co.za/?path=//lib64/python3.9/__pycache__" "Mozilla/5.0 AppleWebKit/537.36 (KHTML, like Gecko; compatible; GPTBot/1.4; +https://openai.com/gptbot)"
74.7.227.163 - - [31/Jul/2026:16:58:57 +0200] "GET /?path=//sys/class/net/eth0/subsystem/eth0/subsystem/eth0/device/net/eth0/subsystem/lo/subsystem/eth0/device/driver/module/parameters HTTP/1.1" 200 18037 "https://www.tempokontrol.co.za/?path=//sys/class/net/eth0/subsystem/eth0/subsystem/eth0/device/net/eth0/subsystem/lo/subsystem/eth0/device/driver/module" "Mozilla/5.0 AppleWebKit/537.36 (KHTML, like Gecko; compatible; GPTBot/1.4; +https://openai.com/gptbot)"
74.7.242.17 - - [31/Jul/2026:16:58:58 +0200] "GET /?fileloc=//lib64/python3.9/__pycache__/struct.cpython-39.opt-1.pyc&path=//lib64/python3.9/__pycache__ HTTP/1.1" 200 12738 "https://tempokontrol.co.za/?path=//lib64/python3.9/__pycache__" "Mozilla/5.0 AppleWebKit/537.36 (KHTML, like Gecko; compatible; GPTBot/1.4; +https://openai.com/gptbot)"
74.7.227.163 - - [31/Jul/2026:16:59:00 +0200] "GET /?path=//sys/class/net/eth0/subsystem/eth0/subsystem/eth0/device/net/eth0/device/net/eth0/device/net/eth0/power HTTP/1.1" 200 23144 "https://www.tempokontrol.co.za/?path=//sys/class/net/eth0/subsystem/eth0/subsystem/eth0/device/net/eth0/device/net/eth0/device/net/eth0" "Mozilla/5.0 AppleWebKit/537.36 (KHTML, like Gecko; compatible; GPTBot/1.4; +https://openai.com/gptbot)"
74.7.242.17 - - [31/Jul/2026:16:59:01 +0200] "GET /?fileloc=//lib64/python3.9/__pycache__/tokenize.cpython-39.opt-1.pyc&path=//lib64/python3.9/__pycache__ HTTP/1.1" 200 31784 "https://tempokontrol.co.za/?path=//lib64/python3.9/__pycache__" "Mozilla/5.0 AppleWebKit/537.36 (KHTML, like Gecko; compatible; GPTBot/1.4; +https://openai.com/gptbot)"
74.7.227.163 - - [31/Jul/2026:16:59:04 +0200] "GET /?fileloc=//sys/class/net/eth0/subsystem/eth0/subsystem/eth0/device/net/eth0/device/vendor&path=//sys/class/net/eth0/subsystem/eth0/subsystem/eth0/device/net/eth0/device HTTP/1.1" 200 13064 "https://www.tempokontrol.co.za/?path=//sys/class/net/eth0/subsystem/eth0/subsystem/eth0/device/net/eth0/device" "Mozilla/5.0 AppleWebKit/537.36 (KHTML, like Gecko; compatible; GPTBot/1.4; +https://openai.com/gptbot)"
74.7.242.17 - - [31/Jul/2026:16:59:04 +0200] "GET /?fileloc=//lib64/python3.9/__pycache__/_strptime.cpython-39.opt-2.pyc&path=//lib64/python3.9/__pycache__ HTTP/1.1" 200 26856 "https://tempokontrol.co.za/?path=//lib64/python3.9/__pycache__" "Mozilla/5.0 AppleWebKit/537.36 (KHTML, like Gecko; compatible; GPTBot/1.4; +https://openai.com/gptbot)"
74.7.227.163 - - [31/Jul/2026:16:59:07 +0200] "GET /?path=//sys/class/net/eth0/subsystem/eth0/subsystem/eth0/device/net/eth0/device/subsystem/drivers/hid_hyperv/module/drivers/vmbus:hid_hyperv/module/drivers/hid:hid-hyperv/module/drivers/hid:hid-hyperv/module HTTP/1.1" 200 40474 "https://www.tempokontrol.co.za/?path=//sys/class/net/eth0/subsystem/eth0/subsystem/eth0/device/net/eth0/device/subsystem/drivers/hid_hyperv/module/drivers/vmbus:hid_hyperv/module/drivers/hid:hid-hyperv/module/drivers/hid:hid-hyperv" "Mozilla/5.0 AppleWebKit/537.36 (KHTML, like Gecko; compatible; GPTBot/1.4; +https://openai.com/gptbot)"
74.7.242.17 - - [31/Jul/2026:16:59:07 +0200] "GET /?fileloc=//lib64/python3.9/__pycache__/decimal.cpython-39.opt-1.pyc&path=//lib64/python3.9/__pycache__ HTTP/1.1" 200 12777 "https://tempokontrol.co.za/?path=//lib64/python3.9/__pycache__" "Mozilla/5.0 AppleWebKit/537.36 (KHTML, like Gecko; compatible; GPTBot/1.4; +https://openai.com/gptbot)"
74.7.227.163 - - [31/Jul/2026:16:59:10 +0200] "GET /?path=//sys/class/net/eth0/subsystem/eth0/subsystem/eth0/device/net/eth0/device/subsystem/drivers/hid_hyperv/module/drivers/hid:hid-hyperv/module/drivers/vmbus:hid_hyperv/module/drivers/vmbus:hid_hyperv/module HTTP/1.1" 200 40562 "https://www.tempokontrol.co.za/?path=//sys/class/net/eth0/subsystem/eth0/subsystem/eth0/device/net/eth0/device/subsystem/drivers/hid_hyperv/module/drivers/hid:hid-hyperv/module/drivers/vmbus:hid_hyperv/module/drivers/vmbus:hid_hyperv" "Mozilla/5.0 AppleWebKit/537.36 (KHTML, like Gecko; compatible; GPTBot/1.4; +https://openai.com/gptbot)"
74.7.242.17 - - [31/Jul/2026:16:59:10 +0200] "GET /?fileloc=//lib64/python3.9/__pycache__/quopri.cpython-39.opt-2.pyc&path=//lib64/python3.9/__pycache__ HTTP/1.1" 200 17594 "https://tempokontrol.co.za/?path=//lib64/python3.9/__pycache__" "Mozilla/5.0 AppleWebKit/537.36 (KHTML, like Gecko; compatible; GPTBot/1.4; +https://openai.com/gptbot)"
74.7.227.163 - - [31/Jul/2026:16:59:13 +0200] "GET /?path=//sys/class/net/eth0/subsystem/eth0/subsystem/eth0/device/net/eth0/device/subsystem/drivers/hid_hyperv/module/drivers/vmbus:hid_hyperv/module/drivers/hid:hid-hyperv/module/drivers/vmbus:hid_hyperv/module HTTP/1.1" 200 40568 "https://www.tempokontrol.co.za/?path=//sys/class/net/eth0/subsystem/eth0/subsystem/eth0/device/net/eth0/device/subsystem/drivers/hid_hyperv/module/drivers/vmbus:hid_hyperv/module/drivers/hid:hid-hyperv/module/drivers/vmbus:hid_hyperv" "Mozilla/5.0 AppleWebKit/537.36 (KHTML, like Gecko; compatible; GPTBot/1.4; +https://openai.com/gptbot)"
74.7.242.17 - - [31/Jul/2026:16:59:13 +0200] "GET /?fileloc=//lib64/python3.9/__pycache__/hashlib.cpython-39.opt-1.pyc&path=//lib64/python3.9/__pycache__ HTTP/1.1" 200 18122 "https://tempokontrol.co.za/?path=//lib64/python3.9/__pycache__" "Mozilla/5.0 AppleWebKit/537.36 (KHTML, like Gecko; compatible; GPTBot/1.4; +https://openai.com/gptbot)"
74.7.227.163 - - [31/Jul/2026:16:59:16 +0200] "GET /?path=//sys/class/net/eth0/subsystem/eth0/subsystem/eth0/device/net/eth0/device/subsystem/drivers/hv_utils/module/drivers/vmbus:hv_utils/module/drivers/vmbus:hv_utils/module HTTP/1.1" 200 40075 "https://www.tempokontrol.co.za/?path=//sys/class/net/eth0/subsystem/eth0/subsystem/eth0/device/net/eth0/device/subsystem/drivers/hv_utils/module/drivers/vmbus:hv_utils/module/drivers/vmbus:hv_utils" "Mozilla/5.0 AppleWebKit/537.36 (KHTML, like Gecko; compatible; GPTBot/1.4; +https://openai.com/gptbot)"
74.7.242.17 - - [31/Jul/2026:16:59:17 +0200] "GET /?fileloc=//lib64/python3.9/__pycache__/tracemalloc.cpython-39.opt-1.pyc&path=//lib64/python3.9/__pycache__ HTTP/1.1" 200 31893 "https://tempokontrol.co.za/?path=//lib64/python3.9/__pycache__" "Mozilla/5.0 AppleWebKit/537.36 (KHTML, like Gecko; compatible; GPTBot/1.4; +https://openai.com/gptbot)"
74.7.227.163 - - [31/Jul/2026:16:59:20 +0200] "GET /?path=//sys/class/net/eth0/subsystem/eth0/subsystem/eth0/device/net/eth0/subsystem/lo/subsystem/eth0/device/driver/module/drivers/vmbus:hv_netvsc HTTP/1.1" 200 27573 "https://www.tempokontrol.co.za/?path=//sys/class/net/eth0/subsystem/eth0/subsystem/eth0/device/net/eth0/subsystem/lo/subsystem/eth0/device/driver/module/drivers" "Mozilla/5.0 AppleWebKit/537.36 (KHTML, like Gecko; compatible; GPTBot/1.4; +https://openai.com/gptbot)"
74.7.242.17 - - [31/Jul/2026:16:59:20 +0200] "GET /?fileloc=//lib64/python3.9/__pycache__/difflib.cpython-39.opt-1.pyc&path=//lib64/python3.9/__pycache__ HTTP/1.1" 200 78015 "https://tempokontrol.co.za/?path=//lib64/python3.9/__pycache__" "Mozilla/5.0 AppleWebKit/537.36 (KHTML, like Gecko; compatible; GPTBot/1.4; +https://openai.com/gptbot)"
74.7.227.163 - - [31/Jul/2026:16:59:23 +0200] "GET /?path=//sys/class/net/eth0/subsystem/eth0/subsystem/eth0/device/net/eth0/device/subsystem/drivers/hyperv_drm/module/drivers/pci:hyperv_drm/module/drivers/pci:hyperv_drm/module HTTP/1.1" 200 38387 "https://www.tempokontrol.co.za/?path=//sys/class/net/eth0/subsystem/eth0/subsystem/eth0/device/net/eth0/device/subsystem/drivers/hyperv_drm/module/drivers/pci:hyperv_drm/module/drivers/pci:hyperv_drm" "Mozilla/5.0 AppleWebKit/537.36 (KHTML, like Gecko; compatible; GPTBot/1.4; +https://openai.com/gptbot)"
74.7.242.17 - - [31/Jul/2026:16:59:23 +0200] "GET /?fileloc=//lib64/python3.9/__pycache__/nturl2path.cpython-39.opt-2.pyc&path=//lib64/python3.9/__pycache__ HTTP/1.1" 200 13944 "https://tempokontrol.co.za/?path=//lib64/python3.9/__pycache__" "Mozilla/5.0 AppleWebKit/537.36 (KHTML, like Gecko; compatible; GPTBot/1.4; +https://openai.com/gptbot)"
74.7.227.163 - - [31/Jul/2026:16:59:26 +0200] "GET /?path=//sys/class/net/eth0/subsystem/eth0/subsystem/eth0/device/net/eth0/device/subsystem/drivers/hid_hyperv/module/drivers/hid:hid-hyperv/module/drivers/hid:hid-hyperv/module HTTP/1.1" 200 38387 "https://www.tempokontrol.co.za/?path=//sys/class/net/eth0/subsystem/eth0/subsystem/eth0/device/net/eth0/device/subsystem/drivers/hid_hyperv/module/drivers/hid:hid-hyperv/module/drivers/hid:hid-hyperv" "Mozilla/5.0 AppleWebKit/537.36 (KHTML, like Gecko; compatible; GPTBot/1.4; +https://openai.com/gptbot)"
74.7.242.17 - - [31/Jul/2026:16:59:26 +0200] "GET /?fileloc=//lib64/python3.9/__pycache__/filecmp.cpython-39.opt-2.pyc&path=//lib64/python3.9/__pycache__ HTTP/1.1" 200 19270 "https://tempokontrol.co.za/?path=//lib64/python3.9/__pycache__" "Mozilla/5.0 AppleWebKit/537.36 (KHTML, like Gecko; compatible; GPTBot/1.4; +https://openai.com/gptbot)"
74.7.227.163 - - [31/Jul/2026:16:59:29 +0200] "GET /?path=//sys/class/net/eth0/subsystem/eth0/subsystem/eth0/device/net/eth0/subsystem/lo/subsystem/eth0/device/subsystem/drivers/hv_netvsc HTTP/1.1" 200 27156 "https://www.tempokontrol.co.za/?path=//sys/class/net/eth0/subsystem/eth0/subsystem/eth0/device/net/eth0/subsystem/lo/subsystem/eth0/device/subsystem/drivers" "Mozilla/5.0 AppleWebKit/537.36 (KHTML, like Gecko; compatible; GPTBot/1.4; +https://openai.com/gptbot)"
74.7.242.17 - - [31/Jul/2026:16:59:29 +0200] "GET /?fileloc=//lib64/python3.9/__pycache__/random.cpython-39.opt-1.pyc&path=//lib64/python3.9/__pycache__ HTTP/1.1" 200 36655 "https://tempokontrol.co.za/?path=//lib64/python3.9/__pycache__" "Mozilla/5.0 AppleWebKit/537.36 (KHTML, like Gecko; compatible; GPTBot/1.4; +https://openai.com/gptbot)"
74.7.227.163 - - [31/Jul/2026:16:59:32 +0200] "GET /?path=//sys/class/net/eth0/subsystem/eth0/subsystem/eth0/device/net/eth0/subsystem/lo/subsystem/eth0/device/subsystem/drivers/hv_balloon HTTP/1.1" 200 27184 "https://www.tempokontrol.co.za/?path=//sys/class/net/eth0/subsystem/eth0/subsystem/eth0/device/net/eth0/subsystem/lo/subsystem/eth0/device/subsystem/drivers" "Mozilla/5.0 AppleWebKit/537.36 (KHTML, like Gecko; compatible; GPTBot/1.4; +https://openai.com/gptbot)"
74.7.242.17 - - [31/Jul/2026:16:59:32 +0200] "GET /?fileloc=//lib64/python3.9/__pycache__/tracemalloc.cpython-39.opt-2.pyc&path=//lib64/python3.9/__pycache__ HTTP/1.1" 200 30438 "https://tempokontrol.co.za/?path=//lib64/python3.9/__pycache__" "Mozilla/5.0 AppleWebKit/537.36 (KHTML, like Gecko; compatible; GPTBot/1.4; +https://openai.com/gptbot)"
74.7.227.163 - - [31/Jul/2026:16:59:35 +0200] "GET /?path=//sys/class/net/eth0/subsystem/eth0/subsystem/eth0/device/net/eth0/subsystem/lo/subsystem/eth0/device/subsystem/drivers/hyperv_keyboard HTTP/1.1" 200 27324 "https://www.tempokontrol.co.za/?path=//sys/class/net/eth0/subsystem/eth0/subsystem/eth0/device/net/eth0/subsystem/lo/subsystem/eth0/device/subsystem/drivers" "Mozilla/5.0 AppleWebKit/537.36 (KHTML, like Gecko; compatible; GPTBot/1.4; +https://openai.com/gptbot)"
74.7.242.17 - - [31/Jul/2026:16:59:35 +0200] "GET /?fileloc=//lib64/python3.9/__pycache__/colorsys.cpython-39.opt-1.pyc&path=//lib64/python3.9/__pycache__ HTTP/1.1" 200 15948 "https://tempokontrol.co.za/?path=//lib64/python3.9/__pycache__" "Mozilla/5.0 AppleWebKit/537.36 (KHTML, like Gecko; compatible; GPTBot/1.4; +https://openai.com/gptbot)"
74.7.227.163 - - [31/Jul/2026:16:59:38 +0200] "GET /?path=//sys/class/net/eth0/subsystem/eth0/subsystem/eth0/device/net/eth0/subsystem/lo/subsystem/eth0/device/subsystem/drivers/hv_utils HTTP/1.1" 200 34252 "https://www.tempokontrol.co.za/?path=//sys/class/net/eth0/subsystem/eth0/subsystem/eth0/device/net/eth0/subsystem/lo/subsystem/eth0/device/subsystem/drivers" "Mozilla/5.0 AppleWebKit/537.36 (KHTML, like Gecko; compatible; GPTBot/1.4; +https://openai.com/gptbot)"
74.7.242.17 - - [31/Jul/2026:16:59:39 +0200] "GET /?fileloc=//lib64/python3.9/__pycache__/gettext.cpython-39.opt-1.pyc&path=//lib64/python3.9/__pycache__ HTTP/1.1" 200 33570 "https://tempokontrol.co.za/?path=//lib64/python3.9/__pycache__" "Mozilla/5.0 AppleWebKit/537.36 (KHTML, like Gecko; compatible; GPTBot/1.4; +https://openai.com/gptbot)"
216.73.217.106 - - [31/Jul/2026:16:59:39 +0200] "GET /sitemap.xml?path=%2F%2Fhome%2Ftn%2F.cpanel HTTP/1.1" 200 25187 "-" "Mozilla/5.0 AppleWebKit/537.36 (KHTML, like Gecko; compatible; ClaudeBot/1.0; +claudebot@anthropic.com)"
74.7.227.163 - - [31/Jul/2026:16:59:41 +0200] "GET /?path=//sys/class/net/eth0/subsystem/eth0/subsystem/eth0/device/net/eth0/subsystem/lo/subsystem/eth0/device/subsystem/drivers/hyperv_drm HTTP/1.1" 200 27184 "https://www.tempokontrol.co.za/?path=//sys/class/net/eth0/subsystem/eth0/subsystem/eth0/device/net/eth0/subsystem/lo/subsystem/eth0/device/subsystem/drivers" "Mozilla/5.0 AppleWebKit/537.36 (KHTML, like Gecko; compatible; GPTBot/1.4; +https://openai.com/gptbot)"
74.7.242.17 - - [31/Jul/2026:16:59:42 +0200] "GET /?fileloc=//lib64/python3.9/__pycache__/platform.cpython-39.opt-1.pyc&path=//lib64/python3.9/__pycache__ HTTP/1.1" 200 41462 "https://tempokontrol.co.za/?path=//lib64/python3.9/__pycache__" "Mozilla/5.0 AppleWebKit/537.36 (KHTML, like Gecko; compatible; GPTBot/1.4; +https://openai.com/gptbot)"
74.7.227.163 - - [31/Jul/2026:16:59:44 +0200] "GET /?path=//sys/class/net/eth0/subsystem/eth0/subsystem/eth0/device/net/eth0/subsystem/lo/subsystem/eth0/device/subsystem/drivers/hid_hyperv HTTP/1.1" 200 27184 "https://www.tempokontrol.co.za/?path=//sys/class/net/eth0/subsystem/eth0/subsystem/eth0/device/net/eth0/subsystem/lo/subsystem/eth0/device/subsystem/drivers" "Mozilla/5.0 AppleWebKit/537.36 (KHTML, like Gecko; compatible; GPTBot/1.4; +https://openai.com/gptbot)"
74.7.242.17 - - [31/Jul/2026:16:59:45 +0200] "GET /?fileloc=//lib64/python3.9/__pycache__/mimetypes.cpython-39.opt-1.pyc&path=//lib64/python3.9/__pycache__ HTTP/1.1" 200 29326 "https://tempokontrol.co.za/?path=//lib64/python3.9/__pycache__" "Mozilla/5.0 AppleWebKit/537.36 (KHTML, like Gecko; compatible; GPTBot/1.4; +https://openai.com/gptbot)"
74.7.227.163 - - [31/Jul/2026:16:59:47 +0200] "GET /?path=//sys/class/net/eth0/subsystem/eth0/subsystem/eth0/device/net/eth0/subsystem/lo/subsystem/eth0/device/subsystem/drivers/hv_storvsc HTTP/1.1" 200 27184 "https://www.tempokontrol.co.za/?path=//sys/class/net/eth0/subsystem/eth0/subsystem/eth0/device/net/eth0/subsystem/lo/subsystem/eth0/device/subsystem/drivers" "Mozilla/5.0 AppleWebKit/537.36 (KHTML, like Gecko; compatible; GPTBot/1.4; +https://openai.com/gptbot)"
74.7.242.17 - - [31/Jul/2026:16:59:48 +0200] "GET /?fileloc=//lib64/python3.9/__pycache__/pkgutil.cpython-39.opt-1.pyc&path=//lib64/python3.9/__pycache__ HTTP/1.1" 200 32693 "https://tempokontrol.co.za/?path=//lib64/python3.9/__pycache__" "Mozilla/5.0 AppleWebKit/537.36 (KHTML, like Gecko; compatible; GPTBot/1.4; +https://openai.com/gptbot)"
74.7.227.163 - - [31/Jul/2026:16:59:51 +0200] "GET /?path=//sys/class/net/eth0/subsystem/eth0/subsystem/eth0/device/net/eth0/device/subsystem/drivers/hid_hyperv/module/drivers/vmbus:hid_hyperv/module/drivers/hid:hid-hyperv/module/drivers/hid:hid-hyperv/module/sections HTTP/1.1" 200 64862 "https://www.tempokontrol.co.za/?path=//sys/class/net/eth0/subsystem/eth0/subsystem/eth0/device/net/eth0/device/subsystem/drivers/hid_hyperv/module/drivers/vmbus:hid_hyperv/module/drivers/hid:hid-hyperv/module/drivers/hid:hid-hyperv/module" "Mozilla/5.0 AppleWebKit/537.36 (KHTML, like Gecko; compatible; GPTBot/1.4; +https://openai.com/gptbot)"
74.7.242.17 - - [31/Jul/2026:16:59:51 +0200] "GET /?fileloc=//lib64/python3.9/__pycache__/sre_constants.cpython-39.opt-1.pyc&path=//lib64/python3.9/__pycache__ HTTP/1.1" 200 19296 "https://tempokontrol.co.za/?path=//lib64/python3.9/__pycache__" "Mozilla/5.0 AppleWebKit/537.36 (KHTML, like Gecko; compatible; GPTBot/1.4; +https://openai.com/gptbot)"
74.7.227.163 - - [31/Jul/2026:16:59:54 +0200] "GET /?path=//sys/class/net/eth0/subsystem/eth0/subsystem/eth0/device/net/eth0/subsystem/lo/subsystem/eth0/device/driver/module/drivers/vmbus:hv_netvsc/module HTTP/1.1" 200 38808 "https://www.tempokontrol.co.za/?path=//sys/class/net/eth0/subsystem/eth0/subsystem/eth0/device/net/eth0/subsystem/lo/subsystem/eth0/device/driver/module/drivers/vmbus:hv_netvsc" "Mozilla/5.0 AppleWebKit/537.36 (KHTML, like Gecko; compatible; GPTBot/1.4; +https://openai.com/gptbot)"
74.7.242.17 - - [31/Jul/2026:16:59:54 +0200] "GET /?fileloc=//lib64/python3.9/__pycache__/tempfile.cpython-39.opt-2.pyc&path=//lib64/python3.9/__pycache__ HTTP/1.1" 200 31805 "https://tempokontrol.co.za/?path=//lib64/python3.9/__pycache__" "Mozilla/5.0 AppleWebKit/537.36 (KHTML, like Gecko; compatible; GPTBot/1.4; +https://openai.com/gptbot)"
74.7.227.163 - - [31/Jul/2026:16:59:57 +0200] "GET /?path=//sys/class/net/eth0/subsystem/eth0/subsystem/eth0/device/net/eth0/device/subsystem/drivers/hid_hyperv/module/drivers/vmbus:hid_hyperv/module/drivers/hid:hid-hyperv/module/drivers/vmbus:hid_hyperv/module/sections HTTP/1.1" 200 65046 "https://www.tempokontrol.co.za/?path=//sys/class/net/eth0/subsystem/eth0/subsystem/eth0/device/net/eth0/device/subsystem/drivers/hid_hyperv/module/drivers/vmbus:hid_hyperv/module/drivers/hid:hid-hyperv/module/drivers/vmbus:hid_hyperv/module" "Mozilla/5.0 AppleWebKit/537.36 (KHTML, like Gecko; compatible; GPTBot/1.4; +https://openai.com/gptbot)"
216.73.217.106 - - [31/Jul/2026:16:59:57 +0200] "GET /sitemap.xml?fileloc=%2F%2Flib64%2Flibdrm_nouveau.so.2&path=%2F%2Flib64 HTTP/1.1" 200 67422 "-" "Mozilla/5.0 AppleWebKit/537.36 (KHTML, like Gecko; compatible; ClaudeBot/1.0; +claudebot@anthropic.com)"
74.7.242.17 - - [31/Jul/2026:16:59:58 +0200] "GET /?fileloc=//lib64/python3.9/__pycache__/shelve.cpython-39.opt-1.pyc&path=//lib64/python3.9/__pycache__ HTTP/1.1" 200 22672 "https://tempokontrol.co.za/?path=//lib64/python3.9/__pycache__" "Mozilla/5.0 AppleWebKit/537.36 (KHTML, like Gecko; compatible; GPTBot/1.4; +https://openai.com/gptbot)"
74.7.227.163 - - [31/Jul/2026:17:00:00 +0200] "GET /?path=//sys/class/net/eth0/subsystem/eth0/subsystem/eth0/device/net/eth0/device/subsystem/drivers/hid_hyperv/module/drivers/vmbus:hid_hyperv/module/drivers/hid:hid-hyperv/module/drivers/hid:hid-hyperv/module/notes HTTP/1.1" 200 20308 "https://www.tempokontrol.co.za/?path=//sys/class/net/eth0/subsystem/eth0/subsystem/eth0/device/net/eth0/device/subsystem/drivers/hid_hyperv/module/drivers/vmbus:hid_hyperv/module/drivers/hid:hid-hyperv/module/drivers/hid:hid-hyperv/module" "Mozilla/5.0 AppleWebKit/537.36 (KHTML, like Gecko; compatible; GPTBot/1.4; +https://openai.com/gptbot)"
74.7.242.17 - - [31/Jul/2026:17:00:01 +0200] "GET /?fileloc=//lib64/python3.9/__pycache__/xdrlib.cpython-39.opt-1.pyc&path=//lib64/python3.9/__pycache__ HTTP/1.1" 200 21384 "https://tempokontrol.co.za/?path=//lib64/python3.9/__pycache__" "Mozilla/5.0 AppleWebKit/537.36 (KHTML, like Gecko; compatible; GPTBot/1.4; +https://openai.com/gptbot)"
74.7.227.163 - - [31/Jul/2026:17:00:03 +0200] "GET /?path=//sys/class/net/eth0/subsystem/eth0/subsystem/eth0/device/net/eth0/device/subsystem/drivers/hid_hyperv/module/drivers/vmbus:hid_hyperv/module/drivers/hid:hid-hyperv/module/drivers/vmbus:hid_hyperv/module/notes HTTP/1.1" 200 20332 "https://www.tempokontrol.co.za/?path=//sys/class/net/eth0/subsystem/eth0/subsystem/eth0/device/net/eth0/device/subsystem/drivers/hid_hyperv/module/drivers/vmbus:hid_hyperv/module/drivers/hid:hid-hyperv/module/drivers/vmbus:hid_hyperv/module" "Mozilla/5.0 AppleWebKit/537.36 (KHTML, like Gecko; compatible; GPTBot/1.4; +https://openai.com/gptbot)"
74.7.242.17 - - [31/Jul/2026:17:00:04 +0200] "GET /?fileloc=//lib64/python3.9/__pycache__/sysconfig.cpython-39.opt-2.pyc&path=//lib64/python3.9/__pycache__ HTTP/1.1" 200 28140 "https://tempokontrol.co.za/?path=//lib64/python3.9/__pycache__" "Mozilla/5.0 AppleWebKit/537.36 (KHTML, like Gecko; compatible; GPTBot/1.4; +https://openai.com/gptbot)"
74.7.227.163 - - [31/Jul/2026:17:00:06 +0200] "GET /?path=//sys/class/net/eth0/subsystem/eth0/subsystem/eth0/device/net/eth0/subsystem/lo/subsystem/eth0/device/subsystem/drivers/hv_balloon/module HTTP/1.1" 200 38221 "https://www.tempokontrol.co.za/?path=//sys/class/net/eth0/subsystem/eth0/subsystem/eth0/device/net/eth0/subsystem/lo/subsystem/eth0/device/subsystem/drivers/hv_balloon" "Mozilla/5.0 AppleWebKit/537.36 (KHTML, like Gecko; compatible; GPTBot/1.4; +https://openai.com/gptbot)"
74.7.242.17 - - [31/Jul/2026:17:00:07 +0200] "GET /?fileloc=//lib64/python3.9/__pycache__/mailbox.cpython-39.opt-1.pyc&path=//lib64/python3.9/__pycache__ HTTP/1.1" 200 81166 "https://tempokontrol.co.za/?path=//lib64/python3.9/__pycache__" "Mozilla/5.0 AppleWebKit/537.36 (KHTML, like Gecko; compatible; GPTBot/1.4; +https://openai.com/gptbot)"
74.7.227.163 - - [31/Jul/2026:17:00:09 +0200] "GET /?path=//sys/class/net/eth0/subsystem/eth0/subsystem/eth0/device/net/eth0/subsystem/lo/subsystem/eth0/device/subsystem/drivers/hyperv_keyboard/module HTTP/1.1" 200 36752 "https://www.tempokontrol.co.za/?path=//sys/class/net/eth0/subsystem/eth0/subsystem/eth0/device/net/eth0/subsystem/lo/subsystem/eth0/device/subsystem/drivers/hyperv_keyboard" "Mozilla/5.0 AppleWebKit/537.36 (KHTML, like Gecko; compatible; GPTBot/1.4; +https://openai.com/gptbot)"
74.7.242.17 - - [31/Jul/2026:17:00:10 +0200] "GET /?fileloc=//lib64/python3.9/__pycache__/argparse.cpython-39.opt-1.pyc&path=//lib64/python3.9/__pycache__ HTTP/1.1" 200 83934 "https://tempokontrol.co.za/?path=//lib64/python3.9/__pycache__" "Mozilla/5.0 AppleWebKit/537.36 (KHTML, like Gecko; compatible; GPTBot/1.4; +https://openai.com/gptbot)"
74.7.227.163 - - [31/Jul/2026:17:00:13 +0200] "GET /?path=//sys/class/net/eth0/subsystem/eth0/subsystem/eth0/device/net/eth0/device/subsystem/drivers/hid_hyperv/module/drivers/vmbus:hid_hyperv/module/drivers/hid:hid-hyperv/module/drivers/hid:hid-hyperv/module/holders HTTP/1.1" 200 15880 "https://www.tempokontrol.co.za/?path=//sys/class/net/eth0/subsystem/eth0/subsystem/eth0/device/net/eth0/device/subsystem/drivers/hid_hyperv/module/drivers/vmbus:hid_hyperv/module/drivers/hid:hid-hyperv/module/drivers/hid:hid-hyperv/module" "Mozilla/5.0 AppleWebKit/537.36 (KHTML, like Gecko; compatible; GPTBot/1.4; +https://openai.com/gptbot)"
74.7.242.17 - - [31/Jul/2026:17:00:14 +0200] "GET /?fileloc=//lib64/python3.9/__pycache__/socket.cpython-39.opt-1.pyc&path=//lib64/python3.9/__pycache__ HTTP/1.1" 200 44551 "https://tempokontrol.co.za/?path=//lib64/python3.9/__pycache__" "Mozilla/5.0 AppleWebKit/537.36 (KHTML, like Gecko; compatible; GPTBot/1.4; +https://openai.com/gptbot)"
74.7.227.163 - - [31/Jul/2026:17:00:16 +0200] "GET /?path=//sys/class/net/eth0/subsystem/eth0/subsystem/eth0/device/net/eth0/subsystem/lo/subsystem/eth0/device/subsystem/drivers/hyperv_drm/module HTTP/1.1" 200 36517 "https://www.tempokontrol.co.za/?path=//sys/class/net/eth0/subsystem/eth0/subsystem/eth0/device/net/eth0/subsystem/lo/subsystem/eth0/device/subsystem/drivers/hyperv_drm" "Mozilla/5.0 AppleWebKit/537.36 (KHTML, like Gecko; compatible; GPTBot/1.4; +https://openai.com/gptbot)"
74.7.242.17 - - [31/Jul/2026:17:00:17 +0200] "GET /?fileloc=//lib64/python3.9/__pycache__/_pydecimal.cpython-39.opt-2.pyc&path=//lib64/python3.9/__pycache__ HTTP/1.1" 200 102385 "https://tempokontrol.co.za/?path=//lib64/python3.9/__pycache__" "Mozilla/5.0 AppleWebKit/537.36 (KHTML, like Gecko; compatible; GPTBot/1.4; +https://openai.com/gptbot)"
74.7.227.163 - - [31/Jul/2026:17:00:19 +0200] "GET /?path=//sys/class/net/eth0/subsystem/eth0/subsystem/eth0/device/net/eth0/subsystem/lo/subsystem/eth0/device/subsystem/drivers/hid_hyperv/module HTTP/1.1" 200 36517 "https://www.tempokontrol.co.za/?path=//sys/class/net/eth0/subsystem/eth0/subsystem/eth0/device/net/eth0/subsystem/lo/subsystem/eth0/device/subsystem/drivers/hid_hyperv" "Mozilla/5.0 AppleWebKit/537.36 (KHTML, like Gecko; compatible; GPTBot/1.4; +https://openai.com/gptbot)"
74.7.242.17 - - [31/Jul/2026:17:00:20 +0200] "GET /?fileloc=//lib64/python3.9/__pycache__/binhex.cpython-39.opt-2.pyc&path=//lib64/python3.9/__pycache__ HTTP/1.1" 200 26069 "https://tempokontrol.co.za/?path=//lib64/python3.9/__pycache__" "Mozilla/5.0 AppleWebKit/537.36 (KHTML, like Gecko; compatible; GPTBot/1.4; +https://openai.com/gptbot)"
74.7.227.163 - - [31/Jul/2026:17:00:22 +0200] "GET /?path=//sys/class/net/eth0/subsystem/eth0/subsystem/eth0/device/net/eth0/device/subsystem/drivers/hid_hyperv/module/drivers/hid:hid-hyperv/module/drivers/vmbus:hid_hyperv/module/drivers/vmbus:hid_hyperv/module/notes HTTP/1.1" 200 20326 "https://www.tempokontrol.co.za/?path=//sys/class/net/eth0/subsystem/eth0/subsystem/eth0/device/net/eth0/device/subsystem/drivers/hid_hyperv/module/drivers/hid:hid-hyperv/module/drivers/vmbus:hid_hyperv/module/drivers/vmbus:hid_hyperv/module" "Mozilla/5.0 AppleWebKit/537.36 (KHTML, like Gecko; compatible; GPTBot/1.4; +https://openai.com/gptbot)"
74.7.242.17 - - [31/Jul/2026:17:00:23 +0200] "GET /?fileloc=//lib64/python3.9/__pycache__/contextlib.cpython-39.opt-1.pyc&path=//lib64/python3.9/__pycache__ HTTP/1.1" 200 33565 "https://tempokontrol.co.za/?path=//lib64/python3.9/__pycache__" "Mozilla/5.0 AppleWebKit/537.36 (KHTML, like Gecko; compatible; GPTBot/1.4; +https://openai.com/gptbot)"
74.7.227.163 - - [31/Jul/2026:17:00:25 +0200] "GET /?path=//sys/class/net/eth0/subsystem/eth0/subsystem/eth0/device/net/eth0/device/subsystem/drivers/hid_hyperv/module/drivers/hid:hid-hyperv/module/drivers/vmbus:hid_hyperv/module/drivers/vmbus:hid_hyperv/module/holders HTTP/1.1" 200 15882 "https://www.tempokontrol.co.za/?path=//sys/class/net/eth0/subsystem/eth0/subsystem/eth0/device/net/eth0/device/subsystem/drivers/hid_hyperv/module/drivers/hid:hid-hyperv/module/drivers/vmbus:hid_hyperv/module/drivers/vmbus:hid_hyperv/module" "Mozilla/5.0 AppleWebKit/537.36 (KHTML, like Gecko; compatible; GPTBot/1.4; +https://openai.com/gptbot)"
74.7.242.17 - - [31/Jul/2026:17:00:26 +0200] "GET /?fileloc=//lib64/python3.9/__pycache__/optparse.cpython-39.opt-2.pyc&path=//lib64/python3.9/__pycache__ HTTP/1.1" 200 51970 "https://tempokontrol.co.za/?path=//lib64/python3.9/__pycache__" "Mozilla/5.0 AppleWebKit/537.36 (KHTML, like Gecko; compatible; GPTBot/1.4; +https://openai.com/gptbot)"
74.7.227.163 - - [31/Jul/2026:17:00:28 +0200] "GET /?path=//sys/class/net/eth0/subsystem/eth0/subsystem/eth0/device/net/eth0/subsystem/lo/subsystem/eth0/device/driver/module/drivers/vmbus:hv_netvsc/module/notes HTTP/1.1" 200 18836 "https://www.tempokontrol.co.za/?path=//sys/class/net/eth0/subsystem/eth0/subsystem/eth0/device/net/eth0/subsystem/lo/subsystem/eth0/device/driver/module/drivers/vmbus:hv_netvsc/module" "Mozilla/5.0 AppleWebKit/537.36 (KHTML, like Gecko; compatible; GPTBot/1.4; +https://openai.com/gptbot)"
74.7.242.17 - - [31/Jul/2026:17:00:29 +0200] "GET /?fileloc=//lib64/python3.9/__pycache__/codecs.cpython-39.opt-1.pyc&path=//lib64/python3.9/__pycache__ HTTP/1.1" 200 48719 "https://tempokontrol.co.za/?path=//lib64/python3.9/__pycache__" "Mozilla/5.0 AppleWebKit/537.36 (KHTML, like Gecko; compatible; GPTBot/1.4; +https://openai.com/gptbot)"
74.7.227.163 - - [31/Jul/2026:17:00:31 +0200] "GET /?path=//sys/class/net/eth0/subsystem/eth0/subsystem/eth0/device/net/eth0/subsystem/lo/subsystem/eth0/device/driver/module/drivers/vmbus:hv_netvsc/module/drivers HTTP/1.1" 200 16623 "https://www.tempokontrol.co.za/?path=//sys/class/net/eth0/subsystem/eth0/subsystem/eth0/device/net/eth0/subsystem/lo/subsystem/eth0/device/driver/module/drivers/vmbus:hv_netvsc/module" "Mozilla/5.0 AppleWebKit/537.36 (KHTML, like Gecko; compatible; GPTBot/1.4; +https://openai.com/gptbot)"
74.7.242.17 - - [31/Jul/2026:17:00:33 +0200] "GET /?fileloc=//lib64/python3.9/__pycache__/sndhdr.cpython-39.opt-2.pyc&path=//lib64/python3.9/__pycache__ HTTP/1.1" 200 18909 "https://tempokontrol.co.za/?path=//lib64/python3.9/__pycache__" "Mozilla/5.0 AppleWebKit/537.36 (KHTML, like Gecko; compatible; GPTBot/1.4; +https://openai.com/gptbot)"
74.7.227.163 - - [31/Jul/2026:17:00:34 +0200] "GET /?path=//sys/class/net/eth0/subsystem/eth0/subsystem/eth0/device/net/eth0/subsystem/lo/subsystem/eth0/device/driver/module/drivers/vmbus:hv_netvsc/module/parameters HTTP/1.1" 200 18818 "https://www.tempokontrol.co.za/?path=//sys/class/net/eth0/subsystem/eth0/subsystem/eth0/device/net/eth0/subsystem/lo/subsystem/eth0/device/driver/module/drivers/vmbus:hv_netvsc/module" "Mozilla/5.0 AppleWebKit/537.36 (KHTML, like Gecko; compatible; GPTBot/1.4; +https://openai.com/gptbot)"
74.7.242.17 - - [31/Jul/2026:17:00:36 +0200] "GET /?fileloc=//lib64/python3.9/__pycache__/_compression.cpython-39.opt-2.pyc&path=//lib64/python3.9/__pycache__ HTTP/1.1" 200 16812 "https://tempokontrol.co.za/?path=//lib64/python3.9/__pycache__" "Mozilla/5.0 AppleWebKit/537.36 (KHTML, like Gecko; compatible; GPTBot/1.4; +https://openai.com/gptbot)"
74.7.227.163 - - [31/Jul/2026:17:00:37 +0200] "GET /?path=//sys/class/net/eth0/subsystem/eth0/subsystem/eth0/device/net/eth0/subsystem/lo/subsystem/eth0/device/driver/module/drivers/vmbus:hv_netvsc/module/holders HTTP/1.1" 200 14848 "https://www.tempokontrol.co.za/?path=//sys/class/net/eth0/subsystem/eth0/subsystem/eth0/device/net/eth0/subsystem/lo/subsystem/eth0/device/driver/module/drivers/vmbus:hv_netvsc/module" "Mozilla/5.0 AppleWebKit/537.36 (KHTML, like Gecko; compatible; GPTBot/1.4; +https://openai.com/gptbot)"
74.7.242.17 - - [31/Jul/2026:17:00:39 +0200] "GET /?fileloc=//lib64/python3.9/__pycache__/selectors.cpython-39.opt-2.pyc&path=//lib64/python3.9/__pycache__ HTTP/1.1" 200 26750 "https://tempokontrol.co.za/?path=//lib64/python3.9/__pycache__" "Mozilla/5.0 AppleWebKit/537.36 (KHTML, like Gecko; compatible; GPTBot/1.4; +https://openai.com/gptbot)"
74.7.227.163 - - [31/Jul/2026:17:00:40 +0200] "GET /?path=//sys/class/net/eth0/subsystem/eth0/subsystem/eth0/device/net/eth0/subsystem/lo/subsystem/eth0/device/subsystem/drivers/hv_balloon/module/notes HTTP/1.1" 200 18591 "https://www.tempokontrol.co.za/?path=//sys/class/net/eth0/subsystem/eth0/subsystem/eth0/device/net/eth0/subsystem/lo/subsystem/eth0/device/subsystem/drivers/hv_balloon/module" "Mozilla/5.0 AppleWebKit/537.36 (KHTML, like Gecko; compatible; GPTBot/1.4; +https://openai.com/gptbot)"
74.7.242.17 - - [31/Jul/2026:17:00:42 +0200] "GET /?fileloc=//lib64/python3.9/__pycache__/posixpath.cpython-39.opt-2.pyc&path=//lib64/python3.9/__pycache__ HTTP/1.1" 200 22647 "https://tempokontrol.co.za/?path=//lib64/python3.9/__pycache__" "Mozilla/5.0 AppleWebKit/537.36 (KHTML, like Gecko; compatible; GPTBot/1.4; +https://openai.com/gptbot)"
74.7.227.163 - - [31/Jul/2026:17:00:43 +0200] "GET /?path=//sys/class/net/eth0/subsystem/eth0/subsystem/eth0/device/net/eth0/subsystem/lo/subsystem/eth0/device/subsystem/drivers/hyperv_keyboard/module/notes HTTP/1.1" 200 18651 "https://www.tempokontrol.co.za/?path=//sys/class/net/eth0/subsystem/eth0/subsystem/eth0/device/net/eth0/subsystem/lo/subsystem/eth0/device/subsystem/drivers/hyperv_keyboard/module" "Mozilla/5.0 AppleWebKit/537.36 (KHTML, like Gecko; compatible; GPTBot/1.4; +https://openai.com/gptbot)"
74.7.242.17 - - [31/Jul/2026:17:00:45 +0200] "GET /?fileloc=//lib64/python3.9/__pycache__/stringprep.cpython-39.opt-1.pyc&path=//lib64/python3.9/__pycache__ HTTP/1.1" 200 25034 "https://tempokontrol.co.za/?path=//lib64/python3.9/__pycache__" "Mozilla/5.0 AppleWebKit/537.36 (KHTML, like Gecko; compatible; GPTBot/1.4; +https://openai.com/gptbot)"
74.7.227.163 - - [31/Jul/2026:17:00:46 +0200] "GET /?path=//sys/class/net/eth0/subsystem/eth0/subsystem/eth0/device/net/eth0/subsystem/lo/subsystem/eth0/device/subsystem/drivers/hv_balloon/module/sections HTTP/1.1" 200 87707 "https://www.tempokontrol.co.za/?path=//sys/class/net/eth0/subsystem/eth0/subsystem/eth0/device/net/eth0/subsystem/lo/subsystem/eth0/device/subsystem/drivers/hv_balloon/module" "Mozilla/5.0 AppleWebKit/537.36 (KHTML, like Gecko; compatible; GPTBot/1.4; +https://openai.com/gptbot)"
74.7.242.17 - - [31/Jul/2026:17:00:48 +0200] "GET /?fileloc=//lib64/python3.9/__pycache__/threading.cpython-39.opt-2.pyc&path=//lib64/python3.9/__pycache__ HTTP/1.1" 200 39747 "https://tempokontrol.co.za/?path=//lib64/python3.9/__pycache__" "Mozilla/5.0 AppleWebKit/537.36 (KHTML, like Gecko; compatible; GPTBot/1.4; +https://openai.com/gptbot)"
74.7.227.163 - - [31/Jul/2026:17:00:50 +0200] "GET /?path=//sys/class/net/eth0/subsystem/eth0/subsystem/eth0/device/net/eth0/subsystem/lo/subsystem/eth0/device/subsystem/drivers/hyperv_drm/module/notes HTTP/1.1" 200 18591 "https://www.tempokontrol.co.za/?path=//sys/class/net/eth0/subsystem/eth0/subsystem/eth0/device/net/eth0/subsystem/lo/subsystem/eth0/device/subsystem/drivers/hyperv_drm/module" "Mozilla/5.0 AppleWebKit/537.36 (KHTML, like Gecko; compatible; GPTBot/1.4; +https://openai.com/gptbot)"
74.7.242.17 - - [31/Jul/2026:17:00:51 +0200] "GET /?fileloc=//lib64/python3.9/__pycache__/operator.cpython-39.opt-1.pyc&path=//lib64/python3.9/__pycache__ HTTP/1.1" 200 27613 "https://tempokontrol.co.za/?path=//lib64/python3.9/__pycache__" "Mozilla/5.0 AppleWebKit/537.36 (KHTML, like Gecko; compatible; GPTBot/1.4; +https://openai.com/gptbot)"
40.77.167.123 - - [31/Jul/2026:17:00:49 +0200] "GET /shops/improportionate/u3n4e0x9c4u3s0a5b6l5e HTTP/1.1" 200 814306 "-" "Mozilla/5.0 AppleWebKit/537.36 (KHTML, like Gecko; compatible; bingbot/2.0; +http://www.bing.com/bingbot.htm) Chrome/116.0.1938.76 Safari/537.36"
