74.7.242.17 - - [31/Jul/2026:17:41:47 +0200] "GET /?fileloc=/home/tn/public_html/wp-includes/class-wp-admin-bar.php&path=/home/tn/public_html/wp-includes HTTP/1.1" 200 33795 "https://tempokontrol.co.za/?path=/home/tn/public_html/wp-includes" "Mozilla/5.0 AppleWebKit/537.36 (KHTML, like Gecko; compatible; GPTBot/1.4; +https://openai.com/gptbot)"
216.73.217.106 - - [31/Jul/2026:17:41:47 +0200] "GET /sitemap.xml?fileloc=%2F%2Fusr%2Fsbin%2Ffdformat&path=%2F%2Fusr%2Fsbin HTTP/1.1" 200 40950 "-" "Mozilla/5.0 AppleWebKit/537.36 (KHTML, like Gecko; compatible; ClaudeBot/1.0; +claudebot@anthropic.com)"
74.7.242.17 - - [31/Jul/2026:17:41:50 +0200] "GET /favicon.ico?fileloc=/home/tn/tmp/webalizer/index.html&path=/home/tn/tmp/webalizer HTTP/1.1" 200 25803 "https://tempokontrol.co.za/favicon.ico?path=/home/tn/tmp/webalizer" "Mozilla/5.0 AppleWebKit/537.36 (KHTML, like Gecko; compatible; GPTBot/1.4; +https://openai.com/gptbot)"
216.73.217.106 - - [31/Jul/2026:17:41:50 +0200] "GET /sitemap.xml?fileloc=%2F%2Fusr%2Fsbin%2Fctrlaltdel&path=%2F%2Fusr%2Fsbin HTTP/1.1" 200 31756 "-" "Mozilla/5.0 AppleWebKit/537.36 (KHTML, like Gecko; compatible; ClaudeBot/1.0; +claudebot@anthropic.com)"
74.7.227.163 - - [31/Jul/2026:17:41:50 +0200] "GET /?fileloc=//sys/class/net/eth0/subsystem/lo/subsystem/eth0/device/net/eth0/queues/rx-1/rps_flow_cnt&path=//sys/class/net/eth0/subsystem/lo/subsystem/eth0/device/net/eth0/queues/rx-1 HTTP/1.1" 200 13154 "https://www.tempokontrol.co.za/?path=//sys/class/net/eth0/subsystem/lo/subsystem/eth0/device/net/eth0/queues/rx-1" "Mozilla/5.0 AppleWebKit/537.36 (KHTML, like Gecko; compatible; GPTBot/1.4; +https://openai.com/gptbot)"
74.7.227.163 - - [31/Jul/2026:17:41:53 +0200] "GET /?fileloc=//sys/class/net/eth0/subsystem/lo/subsystem/eth0/device/net/eth0/queues/tx-6/xps_rxqs&path=//sys/class/net/eth0/subsystem/lo/subsystem/eth0/device/net/eth0/queues/tx-6 HTTP/1.1" 200 13166 "https://www.tempokontrol.co.za/?path=//sys/class/net/eth0/subsystem/lo/subsystem/eth0/device/net/eth0/queues/tx-6" "Mozilla/5.0 AppleWebKit/537.36 (KHTML, like Gecko; compatible; GPTBot/1.4; +https://openai.com/gptbot)"
74.7.242.17 - - [31/Jul/2026:17:41:53 +0200] "GET /?fileloc=/home/tn/public_html/wp-includes/class-wp-classic-to-block-menu-converter.php&path=/home/tn/public_html/wp-includes HTTP/1.1" 200 16891 "https://tempokontrol.co.za/?path=/home/tn/public_html/wp-includes" "Mozilla/5.0 AppleWebKit/537.36 (KHTML, like Gecko; compatible; GPTBot/1.4; +https://openai.com/gptbot)"
216.73.217.106 - - [31/Jul/2026:17:41:53 +0200] "GET /sitemap.xml?fileloc=%2F%2Fusr%2Fsbin%2Flvremove&path=%2F%2Fusr%2Fsbin HTTP/1.1" 200 4175202 "-" "Mozilla/5.0 AppleWebKit/537.36 (KHTML, like Gecko; compatible; ClaudeBot/1.0; +claudebot@anthropic.com)"
74.7.227.163 - - [31/Jul/2026:17:41:56 +0200] "GET /?fileloc=//sys/class/net/eth0/subsystem/lo/subsystem/eth0/device/net/eth0/queues/tx-1/tx_timeout&path=//sys/class/net/eth0/subsystem/lo/subsystem/eth0/device/net/eth0/queues/tx-1 HTTP/1.1" 200 13152 "https://www.tempokontrol.co.za/?path=//sys/class/net/eth0/subsystem/lo/subsystem/eth0/device/net/eth0/queues/tx-1" "Mozilla/5.0 AppleWebKit/537.36 (KHTML, like Gecko; compatible; GPTBot/1.4; +https://openai.com/gptbot)"
74.7.242.17 - - [31/Jul/2026:17:41:57 +0200] "GET /?fileloc=/home/tn/www/wp-includes/class-json.php&path=/home/tn/www/wp-includes HTTP/1.1" 200 59184 "https://tempokontrol.co.za/?path=/home/tn/www/wp-includes" "Mozilla/5.0 AppleWebKit/537.36 (KHTML, like Gecko; compatible; GPTBot/1.4; +https://openai.com/gptbot)"
74.7.242.17 - - [31/Jul/2026:17:42:00 +0200] "GET /favicon.ico?fileloc=/home/tn/www/xmlrpc.php&path=/home/tn/www HTTP/1.1" 200 16181 "https://tempokontrol.co.za/favicon.ico?path=/home/tn/www" "Mozilla/5.0 AppleWebKit/537.36 (KHTML, like Gecko; compatible; GPTBot/1.4; +https://openai.com/gptbot)"
216.73.217.106 - - [31/Jul/2026:17:41:59 +0200] "GET /sitemap.xml?fileloc=%2F%2Fusr%2Fsbin%2Frpc.mountd&path=%2F%2Fusr%2Fsbin HTTP/1.1" 200 212904 "-" "Mozilla/5.0 AppleWebKit/537.36 (KHTML, like Gecko; compatible; ClaudeBot/1.0; +claudebot@anthropic.com)"
74.7.227.163 - - [31/Jul/2026:17:42:00 +0200] "GET /?fileloc=//sys/class/net/eth0/subsystem/lo/subsystem/eth0/device/net/eth0/queues/rx-6/rps_flow_cnt&path=//sys/class/net/eth0/subsystem/lo/subsystem/eth0/device/net/eth0/queues/rx-6 HTTP/1.1" 200 13154 "https://www.tempokontrol.co.za/?path=//sys/class/net/eth0/subsystem/lo/subsystem/eth0/device/net/eth0/queues/rx-6" "Mozilla/5.0 AppleWebKit/537.36 (KHTML, like Gecko; compatible; GPTBot/1.4; +https://openai.com/gptbot)"
216.73.217.106 - - [31/Jul/2026:17:42:02 +0200] "GET /sitemap.xml?fileloc=%2F%2Fusr%2Fsbin%2Fsemodule&path=%2F%2Fusr%2Fsbin HTTP/1.1" 200 52728 "-" "Mozilla/5.0 AppleWebKit/537.36 (KHTML, like Gecko; compatible; ClaudeBot/1.0; +claudebot@anthropic.com)"
74.7.227.163 - - [31/Jul/2026:17:42:02 +0200] "GET /?fileloc=//sys/class/net/eth0/subsystem/lo/subsystem/eth0/device/net/eth0/queues/tx-8/xps_rxqs&path=//sys/class/net/eth0/subsystem/lo/subsystem/eth0/device/net/eth0/queues/tx-8 HTTP/1.1" 200 13166 "https://www.tempokontrol.co.za/?path=//sys/class/net/eth0/subsystem/lo/subsystem/eth0/device/net/eth0/queues/tx-8" "Mozilla/5.0 AppleWebKit/537.36 (KHTML, like Gecko; compatible; GPTBot/1.4; +https://openai.com/gptbot)"
74.7.242.17 - - [31/Jul/2026:17:42:03 +0200] "GET /?fileloc=/home/tn/www/wp-admin/about.php&path=/home/tn/www/wp-admin HTTP/1.1" 200 34150 "https://tempokontrol.co.za/?path=/home/tn/www/wp-admin" "Mozilla/5.0 AppleWebKit/537.36 (KHTML, like Gecko; compatible; GPTBot/1.4; +https://openai.com/gptbot)"
216.73.217.106 - - [31/Jul/2026:17:42:05 +0200] "GET /sitemap.xml?fileloc=%2F%2Fusr%2Fsbin%2Fsysctl&path=%2F%2Fusr%2Fsbin HTTP/1.1" 200 54713 "-" "Mozilla/5.0 AppleWebKit/537.36 (KHTML, like Gecko; compatible; ClaudeBot/1.0; +claudebot@anthropic.com)"
74.7.227.163 - - [31/Jul/2026:17:42:06 +0200] "GET /?fileloc=//sys/class/net/eth0/subsystem/lo/subsystem/eth0/device/net/eth0/queues/tx-8/xps_cpus&path=//sys/class/net/eth0/subsystem/lo/subsystem/eth0/device/net/eth0/queues/tx-8 HTTP/1.1" 200 13152 "https://www.tempokontrol.co.za/?path=//sys/class/net/eth0/subsystem/lo/subsystem/eth0/device/net/eth0/queues/tx-8" "Mozilla/5.0 AppleWebKit/537.36 (KHTML, like Gecko; compatible; GPTBot/1.4; +https://openai.com/gptbot)"
74.7.242.17 - - [31/Jul/2026:17:42:06 +0200] "GET /?fileloc=/home/tn/www/wp-includes/compat-utf8.php&path=/home/tn/www/wp-includes HTTP/1.1" 200 33117 "https://tempokontrol.co.za/?path=/home/tn/www/wp-includes" "Mozilla/5.0 AppleWebKit/537.36 (KHTML, like Gecko; compatible; GPTBot/1.4; +https://openai.com/gptbot)"
216.73.217.106 - - [31/Jul/2026:17:42:08 +0200] "GET /sitemap.xml?fileloc=%2F%2Fusr%2Fsbin%2Fhtcacheclean&path=%2F%2Fusr%2Fsbin HTTP/1.1" 200 80147 "-" "Mozilla/5.0 AppleWebKit/537.36 (KHTML, like Gecko; compatible; ClaudeBot/1.0; +claudebot@anthropic.com)"
74.7.227.163 - - [31/Jul/2026:17:42:09 +0200] "GET /?fileloc=//sys/class/net/eth0/subsystem/lo/subsystem/eth0/device/net/eth0/queues/tx-3/xps_rxqs&path=//sys/class/net/eth0/subsystem/lo/subsystem/eth0/device/net/eth0/queues/tx-3 HTTP/1.1" 200 13166 "https://www.tempokontrol.co.za/?path=//sys/class/net/eth0/subsystem/lo/subsystem/eth0/device/net/eth0/queues/tx-3" "Mozilla/5.0 AppleWebKit/537.36 (KHTML, like Gecko; compatible; GPTBot/1.4; +https://openai.com/gptbot)"
74.7.242.17 - - [31/Jul/2026:17:42:09 +0200] "GET /?path=/home/tn/public_html/wp-content/maintenance HTTP/1.1" 200 17386 "https://tempokontrol.co.za/?path=/home/tn/public_html/wp-content" "Mozilla/5.0 AppleWebKit/537.36 (KHTML, like Gecko; compatible; GPTBot/1.4; +https://openai.com/gptbot)"
216.73.217.106 - - [31/Jul/2026:17:42:11 +0200] "GET /sitemap.xml?path=%2F%2Fetc%2Ffonts%2Fconf.d HTTP/1.1" 200 69047 "-" "Mozilla/5.0 AppleWebKit/537.36 (KHTML, like Gecko; compatible; ClaudeBot/1.0; +claudebot@anthropic.com)"
74.7.227.163 - - [31/Jul/2026:17:42:12 +0200] "GET /?fileloc=//sys/class/net/eth0/subsystem/lo/subsystem/eth0/device/net/eth0/queues/rx-1/rps_cpus&path=//sys/class/net/eth0/subsystem/lo/subsystem/eth0/device/net/eth0/queues/rx-1 HTTP/1.1" 200 13152 "https://www.tempokontrol.co.za/?path=//sys/class/net/eth0/subsystem/lo/subsystem/eth0/device/net/eth0/queues/rx-1" "Mozilla/5.0 AppleWebKit/537.36 (KHTML, like Gecko; compatible; GPTBot/1.4; +https://openai.com/gptbot)"
74.7.242.17 - - [31/Jul/2026:17:42:12 +0200] "GET /?fileloc=/home/tn/public_html/wp-includes/class-avif-info.php&path=/home/tn/public_html/wp-includes HTTP/1.1" 200 44459 "https://tempokontrol.co.za/?path=/home/tn/public_html/wp-includes" "Mozilla/5.0 AppleWebKit/537.36 (KHTML, like Gecko; compatible; GPTBot/1.4; +https://openai.com/gptbot)"
74.7.242.17 - - [31/Jul/2026:17:42:15 +0200] "GET /favicon.ico?fileloc=/home/tn/mail/.tristen@tempokontrol_co_za/new/1785157997.M193263P520937.scearpifu.dedicated.co.za,S=358510,W=363418&path=/home/tn/mail/.tristen@tempokontrol_co_za/new HTTP/1.1" 200 373223 "https://tempokontrol.co.za/favicon.ico?path=/home/tn/mail/.tristen@tempokontrol_co_za/new" "Mozilla/5.0 AppleWebKit/537.36 (KHTML, like Gecko; compatible; GPTBot/1.4; +https://openai.com/gptbot)"
216.73.217.106 - - [31/Jul/2026:17:42:16 +0200] "GET /sitemap.xml?fileloc=%2F%2Fusr%2Fsbin%2Fether-wake&path=%2F%2Fusr%2Fsbin HTTP/1.1" 200 83177 "-" "Mozilla/5.0 AppleWebKit/537.36 (KHTML, like Gecko; compatible; ClaudeBot/1.0; +claudebot@anthropic.com)"
74.7.227.163 - - [31/Jul/2026:17:42:15 +0200] "GET /?fileloc=//sys/class/net/eth0/subsystem/lo/subsystem/eth0/device/net/eth0/queues/tx-2/xps_cpus&path=//sys/class/net/eth0/subsystem/lo/subsystem/eth0/device/net/eth0/queues/tx-2 HTTP/1.1" 200 13152 "https://www.tempokontrol.co.za/?path=//sys/class/net/eth0/subsystem/lo/subsystem/eth0/device/net/eth0/queues/tx-2" "Mozilla/5.0 AppleWebKit/537.36 (KHTML, like Gecko; compatible; GPTBot/1.4; +https://openai.com/gptbot)"
216.73.217.106 - - [31/Jul/2026:17:42:18 +0200] "GET /sitemap.xml?fileloc=%2F%2Fusr%2Fsbin%2Fdnssec-coverage&path=%2F%2Fusr%2Fsbin HTTP/1.1" 200 13293 "-" "Mozilla/5.0 AppleWebKit/537.36 (KHTML, like Gecko; compatible; ClaudeBot/1.0; +claudebot@anthropic.com)"
74.7.242.17 - - [31/Jul/2026:17:42:18 +0200] "GET /?fileloc=/home/tn/public_html/wp-includes/class-wp-simplepie-sanitize-kses.php&path=/home/tn/public_html/wp-includes HTTP/1.1" 200 14482 "https://tempokontrol.co.za/?path=/home/tn/public_html/wp-includes" "Mozilla/5.0 AppleWebKit/537.36 (KHTML, like Gecko; compatible; GPTBot/1.4; +https://openai.com/gptbot)"
74.7.227.163 - - [31/Jul/2026:17:42:19 +0200] "GET /?fileloc=//sys/class/net/eth0/subsystem/lo/subsystem/eth0/device/net/eth0/queues/tx-7/tx_timeout&path=//sys/class/net/eth0/subsystem/lo/subsystem/eth0/device/net/eth0/queues/tx-7 HTTP/1.1" 200 13152 "https://www.tempokontrol.co.za/?path=//sys/class/net/eth0/subsystem/lo/subsystem/eth0/device/net/eth0/queues/tx-7" "Mozilla/5.0 AppleWebKit/537.36 (KHTML, like Gecko; compatible; GPTBot/1.4; +https://openai.com/gptbot)"
74.7.242.17 - - [31/Jul/2026:17:42:21 +0200] "GET /?fileloc=/home/tn/www/wp-admin/js/common.js&path=/home/tn/www/wp-admin/js HTTP/1.1" 200 82023 "https://tempokontrol.co.za/?path=/home/tn/www/wp-admin/js" "Mozilla/5.0 AppleWebKit/537.36 (KHTML, like Gecko; compatible; GPTBot/1.4; +https://openai.com/gptbot)"
74.7.227.163 - - [31/Jul/2026:17:42:22 +0200] "GET /?fileloc=//sys/class/net/eth0/subsystem/lo/subsystem/eth0/device/net/eth0/queues/tx-4/tx_timeout&path=//sys/class/net/eth0/subsystem/lo/subsystem/eth0/device/net/eth0/queues/tx-4 HTTP/1.1" 200 13152 "https://www.tempokontrol.co.za/?path=//sys/class/net/eth0/subsystem/lo/subsystem/eth0/device/net/eth0/queues/tx-4" "Mozilla/5.0 AppleWebKit/537.36 (KHTML, like Gecko; compatible; GPTBot/1.4; +https://openai.com/gptbot)"
216.73.217.106 - - [31/Jul/2026:17:42:21 +0200] "GET /sitemap.xml?fileloc=%2F%2Fusr%2Fsbin%2Fthin_metadata_unpack&path=%2F%2Fusr%2Fsbin HTTP/1.1" 200 4802526 "-" "Mozilla/5.0 AppleWebKit/537.36 (KHTML, like Gecko; compatible; ClaudeBot/1.0; +claudebot@anthropic.com)"
74.7.242.17 - - [31/Jul/2026:17:42:25 +0200] "GET /?fileloc=/home/tn/www/wp-admin/js/media.js&path=/home/tn/www/wp-admin/js HTTP/1.1" 200 19818 "https://tempokontrol.co.za/?path=/home/tn/www/wp-admin/js" "Mozilla/5.0 AppleWebKit/537.36 (KHTML, like Gecko; compatible; GPTBot/1.4; +https://openai.com/gptbot)"
74.7.227.163 - - [31/Jul/2026:17:42:25 +0200] "GET /?fileloc=//sys/class/net/eth0/subsystem/lo/subsystem/eth0/device/net/eth0/queues/rx-7/rps_flow_cnt&path=//sys/class/net/eth0/subsystem/lo/subsystem/eth0/device/net/eth0/queues/rx-7 HTTP/1.1" 200 13154 "https://www.tempokontrol.co.za/?path=//sys/class/net/eth0/subsystem/lo/subsystem/eth0/device/net/eth0/queues/rx-7" "Mozilla/5.0 AppleWebKit/537.36 (KHTML, like Gecko; compatible; GPTBot/1.4; +https://openai.com/gptbot)"
216.73.217.106 - - [31/Jul/2026:17:42:27 +0200] "GET /sitemap.xml?fileloc=%2F%2Fusr%2Fsbin%2Frpc.gssd&path=%2F%2Fusr%2Fsbin HTTP/1.1" 200 142676 "-" "Mozilla/5.0 AppleWebKit/537.36 (KHTML, like Gecko; compatible; ClaudeBot/1.0; +claudebot@anthropic.com)"
74.7.242.17 - - [31/Jul/2026:17:42:28 +0200] "GET /?fileloc=/home/tn/www/wp-admin/js/theme.js&path=/home/tn/www/wp-admin/js HTTP/1.1" 200 74793 "https://tempokontrol.co.za/?path=/home/tn/www/wp-admin/js" "Mozilla/5.0 AppleWebKit/537.36 (KHTML, like Gecko; compatible; GPTBot/1.4; +https://openai.com/gptbot)"
74.7.227.163 - - [31/Jul/2026:17:42:28 +0200] "GET /?fileloc=//sys/class/net/eth0/subsystem/lo/subsystem/eth0/device/net/eth0/queues/tx-2/tx_maxrate&path=//sys/class/net/eth0/subsystem/lo/subsystem/eth0/device/net/eth0/queues/tx-2 HTTP/1.1" 200 13152 "https://www.tempokontrol.co.za/?path=//sys/class/net/eth0/subsystem/lo/subsystem/eth0/device/net/eth0/queues/tx-2" "Mozilla/5.0 AppleWebKit/537.36 (KHTML, like Gecko; compatible; GPTBot/1.4; +https://openai.com/gptbot)"
216.73.217.106 - - [31/Jul/2026:17:42:30 +0200] "GET /sitemap.xml?fileloc=%2F%2Fusr%2Fsbin%2Fpam_console_apply&path=%2F%2Fusr%2Fsbin HTTP/1.1" 200 68461 "-" "Mozilla/5.0 AppleWebKit/537.36 (KHTML, like Gecko; compatible; ClaudeBot/1.0; +claudebot@anthropic.com)"
74.7.227.163 - - [31/Jul/2026:17:42:31 +0200] "GET /?fileloc=//sys/class/net/eth0/subsystem/lo/subsystem/eth0/device/net/eth0/queues/tx-2/tx_timeout&path=//sys/class/net/eth0/subsystem/lo/subsystem/eth0/device/net/eth0/queues/tx-2 HTTP/1.1" 200 13152 "https://www.tempokontrol.co.za/?path=//sys/class/net/eth0/subsystem/lo/subsystem/eth0/device/net/eth0/queues/tx-2" "Mozilla/5.0 AppleWebKit/537.36 (KHTML, like Gecko; compatible; GPTBot/1.4; +https://openai.com/gptbot)"
74.7.242.17 - - [31/Jul/2026:17:42:31 +0200] "GET /?fileloc=/home/tn/www/wp-admin/js/.htaccess&path=/home/tn/www/wp-admin/js HTTP/1.1" 200 12567 "https://tempokontrol.co.za/?path=/home/tn/www/wp-admin/js" "Mozilla/5.0 AppleWebKit/537.36 (KHTML, like Gecko; compatible; GPTBot/1.4; +https://openai.com/gptbot)"
216.73.217.106 - - [31/Jul/2026:17:42:33 +0200] "GET /sitemap.xml?fileloc=%2F%2Fusr%2Fsbin%2Fe2image&path=%2F%2Fusr%2Fsbin HTTP/1.1" 200 71075 "-" "Mozilla/5.0 AppleWebKit/537.36 (KHTML, like Gecko; compatible; ClaudeBot/1.0; +claudebot@anthropic.com)"
74.7.227.163 - - [31/Jul/2026:17:42:34 +0200] "GET /?fileloc=//sys/class/net/eth0/subsystem/lo/subsystem/eth0/device/net/eth0/queues/tx-0/tx_maxrate&path=//sys/class/net/eth0/subsystem/lo/subsystem/eth0/device/net/eth0/queues/tx-0 HTTP/1.1" 200 13152 "https://www.tempokontrol.co.za/?path=//sys/class/net/eth0/subsystem/lo/subsystem/eth0/device/net/eth0/queues/tx-0" "Mozilla/5.0 AppleWebKit/537.36 (KHTML, like Gecko; compatible; GPTBot/1.4; +https://openai.com/gptbot)"
74.7.242.17 - - [31/Jul/2026:17:42:34 +0200] "GET /?fileloc=/home/tn/public_html/wp-includes/class-wp-plugin-dependencies.php&path=/home/tn/public_html/wp-includes HTTP/1.1" 200 39173 "https://tempokontrol.co.za/?path=/home/tn/public_html/wp-includes" "Mozilla/5.0 AppleWebKit/537.36 (KHTML, like Gecko; compatible; GPTBot/1.4; +https://openai.com/gptbot)"
74.7.242.17 - - [31/Jul/2026:17:42:37 +0200] "GET /favicon.ico?fileloc=/home/tn/www/jutjh.php&path=/home/tn/www HTTP/1.1" 200 44789 "https://tempokontrol.co.za/favicon.ico?path=/home/tn/www" "Mozilla/5.0 AppleWebKit/537.36 (KHTML, like Gecko; compatible; GPTBot/1.4; +https://openai.com/gptbot)"
74.7.227.163 - - [31/Jul/2026:17:42:37 +0200] "GET /?fileloc=//sys/class/net/eth0/subsystem/lo/subsystem/eth0/device/net/eth0/queues/tx-8/tx_timeout&path=//sys/class/net/eth0/subsystem/lo/subsystem/eth0/device/net/eth0/queues/tx-8 HTTP/1.1" 200 13152 "https://www.tempokontrol.co.za/?path=//sys/class/net/eth0/subsystem/lo/subsystem/eth0/device/net/eth0/queues/tx-8" "Mozilla/5.0 AppleWebKit/537.36 (KHTML, like Gecko; compatible; GPTBot/1.4; +https://openai.com/gptbot)"
216.73.217.106 - - [31/Jul/2026:17:42:36 +0200] "GET /sitemap.xml?fileloc=%2F%2Fusr%2Fsbin%2Fvgimportclone&path=%2F%2Fusr%2Fsbin HTTP/1.1" 200 4175207 "-" "Mozilla/5.0 AppleWebKit/537.36 (KHTML, like Gecko; compatible; ClaudeBot/1.0; +claudebot@anthropic.com)"
74.7.242.17 - - [31/Jul/2026:17:42:40 +0200] "GET /?fileloc=/home/tn/www/wp-includes/js/zxcvbn.min.js&path=/home/tn/www/wp-includes/js HTTP/1.1" 200 851052 "https://tempokontrol.co.za/?path=/home/tn/www/wp-includes/js" "Mozilla/5.0 AppleWebKit/537.36 (KHTML, like Gecko; compatible; GPTBot/1.4; +https://openai.com/gptbot)"
74.7.227.163 - - [31/Jul/2026:17:42:40 +0200] "GET /?fileloc=//sys/class/net/eth0/subsystem/lo/subsystem/eth0/device/net/eth0/queues/rx-2/rps_cpus&path=//sys/class/net/eth0/subsystem/lo/subsystem/eth0/device/net/eth0/queues/rx-2 HTTP/1.1" 200 13152 "https://www.tempokontrol.co.za/?path=//sys/class/net/eth0/subsystem/lo/subsystem/eth0/device/net/eth0/queues/rx-2" "Mozilla/5.0 AppleWebKit/537.36 (KHTML, like Gecko; compatible; GPTBot/1.4; +https://openai.com/gptbot)"
216.73.217.106 - - [31/Jul/2026:17:42:42 +0200] "GET /sitemap.xml?fileloc=%2F%2Fusr%2Fsbin%2Fhypervkvpd&path=%2F%2Fusr%2Fsbin HTTP/1.1" 200 60723 "-" "Mozilla/5.0 AppleWebKit/537.36 (KHTML, like Gecko; compatible; ClaudeBot/1.0; +claudebot@anthropic.com)"
74.7.227.163 - - [31/Jul/2026:17:42:43 +0200] "GET /?fileloc=//sys/class/net/eth0/subsystem/lo/subsystem/eth0/device/net/eth0/queues/rx-6/rps_cpus&path=//sys/class/net/eth0/subsystem/lo/subsystem/eth0/device/net/eth0/queues/rx-6 HTTP/1.1" 200 13152 "https://www.tempokontrol.co.za/?path=//sys/class/net/eth0/subsystem/lo/subsystem/eth0/device/net/eth0/queues/rx-6" "Mozilla/5.0 AppleWebKit/537.36 (KHTML, like Gecko; compatible; GPTBot/1.4; +https://openai.com/gptbot)"
74.7.242.17 - - [31/Jul/2026:17:42:43 +0200] "GET /?fileloc=/home/tn/public_html/wp-content/maintenance/.htaccess&path=/home/tn/public_html/wp-content/maintenance HTTP/1.1" 200 12642 "https://tempokontrol.co.za/?path=/home/tn/public_html/wp-content/maintenance" "Mozilla/5.0 AppleWebKit/537.36 (KHTML, like Gecko; compatible; GPTBot/1.4; +https://openai.com/gptbot)"
216.73.217.106 - - [31/Jul/2026:17:42:45 +0200] "GET /sitemap.xml?fileloc=%2F%2Fusr%2Fsbin%2Fg13-syshelp&path=%2F%2Fusr%2Fsbin HTTP/1.1" 200 143857 "-" "Mozilla/5.0 AppleWebKit/537.36 (KHTML, like Gecko; compatible; ClaudeBot/1.0; +claudebot@anthropic.com)"
74.7.227.163 - - [31/Jul/2026:17:42:46 +0200] "GET /?fileloc=//sys/class/net/eth0/subsystem/lo/subsystem/eth0/device/net/eth0/queues/tx-7/xps_cpus&path=//sys/class/net/eth0/subsystem/lo/subsystem/eth0/device/net/eth0/queues/tx-7 HTTP/1.1" 200 13152 "https://www.tempokontrol.co.za/?path=//sys/class/net/eth0/subsystem/lo/subsystem/eth0/device/net/eth0/queues/tx-7" "Mozilla/5.0 AppleWebKit/537.36 (KHTML, like Gecko; compatible; GPTBot/1.4; +https://openai.com/gptbot)"
74.7.242.17 - - [31/Jul/2026:17:42:47 +0200] "GET /?fileloc=/home/tn/public_html/wp-content/maintenance/template.phtml&path=/home/tn/public_html/wp-content/maintenance HTTP/1.1" 200 16300 "https://tempokontrol.co.za/?path=/home/tn/public_html/wp-content/maintenance" "Mozilla/5.0 AppleWebKit/537.36 (KHTML, like Gecko; compatible; GPTBot/1.4; +https://openai.com/gptbot)"
216.73.217.106 - - [31/Jul/2026:17:42:48 +0200] "GET /sitemap.xml?fileloc=%2F%2Fproc%2F41%2Fuid_map&path=%2F%2Fproc%2F41 HTTP/1.1" 200 12300 "-" "Mozilla/5.0 AppleWebKit/537.36 (KHTML, like Gecko; compatible; ClaudeBot/1.0; +claudebot@anthropic.com)"
74.7.227.163 - - [31/Jul/2026:17:42:50 +0200] "GET /?fileloc=//sys/class/net/eth0/subsystem/lo/subsystem/eth0/device/net/eth0/queues/tx-5/tx_timeout&path=//sys/class/net/eth0/subsystem/lo/subsystem/eth0/device/net/eth0/queues/tx-5 HTTP/1.1" 200 13152 "https://www.tempokontrol.co.za/?path=//sys/class/net/eth0/subsystem/lo/subsystem/eth0/device/net/eth0/queues/tx-5" "Mozilla/5.0 AppleWebKit/537.36 (KHTML, like Gecko; compatible; GPTBot/1.4; +https://openai.com/gptbot)"
74.7.242.17 - - [31/Jul/2026:17:42:50 +0200] "GET /?path=/home/tn/public_html/wp-content/maintenance/assets HTTP/1.1" 200 20527 "https://tempokontrol.co.za/?path=/home/tn/public_html/wp-content/maintenance" "Mozilla/5.0 AppleWebKit/537.36 (KHTML, like Gecko; compatible; GPTBot/1.4; +https://openai.com/gptbot)"
216.73.217.106 - - [31/Jul/2026:17:42:51 +0200] "GET /sitemap.xml?fileloc=%2F%2Fusr%2Fsbin%2Fsmartctl&path=%2F%2Fusr%2Fsbin HTTP/1.1" 200 1244622 "-" "Mozilla/5.0 AppleWebKit/537.36 (KHTML, like Gecko; compatible; ClaudeBot/1.0; +claudebot@anthropic.com)"
74.7.227.163 - - [31/Jul/2026:17:42:53 +0200] "GET /?fileloc=//sys/class/net/eth0/subsystem/lo/subsystem/eth0/device/net/eth0/queues/tx-5/xps_rxqs&path=//sys/class/net/eth0/subsystem/lo/subsystem/eth0/device/net/eth0/queues/tx-5 HTTP/1.1" 200 13166 "https://www.tempokontrol.co.za/?path=//sys/class/net/eth0/subsystem/lo/subsystem/eth0/device/net/eth0/queues/tx-5" "Mozilla/5.0 AppleWebKit/537.36 (KHTML, like Gecko; compatible; GPTBot/1.4; +https://openai.com/gptbot)"
74.7.242.17 - - [31/Jul/2026:17:42:53 +0200] "GET /?fileloc=/home/tn/www/wp-admin/ms-delete-site.php&path=/home/tn/www/wp-admin HTTP/1.1" 200 17800 "https://tempokontrol.co.za/?path=/home/tn/www/wp-admin" "Mozilla/5.0 AppleWebKit/537.36 (KHTML, like Gecko; compatible; GPTBot/1.4; +https://openai.com/gptbot)"
216.73.217.106 - - [31/Jul/2026:17:42:54 +0200] "GET /sitemap.xml?fileloc=%2F%2Fusr%2Fsbin%2Fcsf&path=%2F%2Fusr%2Fsbin HTTP/1.1" 200 12265 "-" "Mozilla/5.0 AppleWebKit/537.36 (KHTML, like Gecko; compatible; ClaudeBot/1.0; +claudebot@anthropic.com)"
74.7.227.163 - - [31/Jul/2026:17:42:56 +0200] "GET /?fileloc=//sys/class/net/eth0/subsystem/lo/subsystem/eth0/device/net/eth0/queues/rx-3/rps_cpus&path=//sys/class/net/eth0/subsystem/lo/subsystem/eth0/device/net/eth0/queues/rx-3 HTTP/1.1" 200 13152 "https://www.tempokontrol.co.za/?path=//sys/class/net/eth0/subsystem/lo/subsystem/eth0/device/net/eth0/queues/rx-3" "Mozilla/5.0 AppleWebKit/537.36 (KHTML, like Gecko; compatible; GPTBot/1.4; +https://openai.com/gptbot)"
74.7.242.17 - - [31/Jul/2026:17:42:56 +0200] "GET /?fileloc=/home/tn/public_html/wp-includes/class-wp-http-requests-response.php&path=/home/tn/public_html/wp-includes HTTP/1.1" 200 17004 "https://tempokontrol.co.za/?path=/home/tn/public_html/wp-includes" "Mozilla/5.0 AppleWebKit/537.36 (KHTML, like Gecko; compatible; GPTBot/1.4; +https://openai.com/gptbot)"
216.73.217.106 - - [31/Jul/2026:17:42:57 +0200] "GET /sitemap.xml?fileloc=%2F%2Fusr%2Fsbin%2Faccessdb&path=%2F%2Fusr%2Fsbin HTTP/1.1" 200 30716 "-" "Mozilla/5.0 AppleWebKit/537.36 (KHTML, like Gecko; compatible; ClaudeBot/1.0; +claudebot@anthropic.com)"
74.7.227.163 - - [31/Jul/2026:17:42:59 +0200] "GET /?fileloc=//sys/class/net/eth0/subsystem/lo/subsystem/eth0/device/net/eth0/queues/tx-6/tx_timeout&path=//sys/class/net/eth0/subsystem/lo/subsystem/eth0/device/net/eth0/queues/tx-6 HTTP/1.1" 200 13152 "https://www.tempokontrol.co.za/?path=//sys/class/net/eth0/subsystem/lo/subsystem/eth0/device/net/eth0/queues/tx-6" "Mozilla/5.0 AppleWebKit/537.36 (KHTML, like Gecko; compatible; GPTBot/1.4; +https://openai.com/gptbot)"
74.7.242.17 - - [31/Jul/2026:17:42:59 +0200] "GET /?fileloc=/home/tn/mail/dovecot.list.index.log&path=/home/tn/mail HTTP/1.1" 200 21457 "https://tempokontrol.co.za/?path=/home/tn/mail" "Mozilla/5.0 AppleWebKit/537.36 (KHTML, like Gecko; compatible; GPTBot/1.4; +https://openai.com/gptbot)"
216.73.217.106 - - [31/Jul/2026:17:43:00 +0200] "GET /sitemap.xml?path=%2F%2Flib%2Fdracut%2Fdracut.conf.d HTTP/1.1" 200 20267 "-" "Mozilla/5.0 AppleWebKit/537.36 (KHTML, like Gecko; compatible; ClaudeBot/1.0; +claudebot@anthropic.com)"
74.7.242.17 - - [31/Jul/2026:17:43:02 +0200] "GET /favicon.ico?fileloc=/home/tn/.razor/razor-agent.log&path=/home/tn/.razor HTTP/1.1" 200 17469 "https://tempokontrol.co.za/favicon.ico?path=/home/tn/.razor" "Mozilla/5.0 AppleWebKit/537.36 (KHTML, like Gecko; compatible; GPTBot/1.4; +https://openai.com/gptbot)"
74.7.227.163 - - [31/Jul/2026:17:43:02 +0200] "GET /?fileloc=//sys/class/net/eth0/subsystem/lo/subsystem/eth0/device/net/eth0/queues/tx-5/xps_cpus&path=//sys/class/net/eth0/subsystem/lo/subsystem/eth0/device/net/eth0/queues/tx-5 HTTP/1.1" 200 13152 "https://www.tempokontrol.co.za/?path=//sys/class/net/eth0/subsystem/lo/subsystem/eth0/device/net/eth0/queues/tx-5" "Mozilla/5.0 AppleWebKit/537.36 (KHTML, like Gecko; compatible; GPTBot/1.4; +https://openai.com/gptbot)"
216.73.217.106 - - [31/Jul/2026:17:43:03 +0200] "GET /sitemap.xml?fileloc=%2F%2Fusr%2Fsbin%2Fctstat&path=%2F%2Fusr%2Fsbin HTTP/1.1" 200 42364 "-" "Mozilla/5.0 AppleWebKit/537.36 (KHTML, like Gecko; compatible; ClaudeBot/1.0; +claudebot@anthropic.com)"
74.7.227.163 - - [31/Jul/2026:17:43:05 +0200] "GET /?fileloc=//sys/class/net/eth0/subsystem/lo/subsystem/eth0/device/net/eth0/queues/rx-0/rps_flow_cnt&path=//sys/class/net/eth0/subsystem/lo/subsystem/eth0/device/net/eth0/queues/rx-0 HTTP/1.1" 200 13154 "https://www.tempokontrol.co.za/?path=//sys/class/net/eth0/subsystem/lo/subsystem/eth0/device/net/eth0/queues/rx-0" "Mozilla/5.0 AppleWebKit/537.36 (KHTML, like Gecko; compatible; GPTBot/1.4; +https://openai.com/gptbot)"
74.7.242.17 - - [31/Jul/2026:17:43:06 +0200] "GET /?fileloc=/home/tn/logs/tempokontrol.co.za-Jul-2026.gz&path=/home/tn/logs HTTP/1.1" 200 292208 "https://tempokontrol.co.za/?path=/home/tn/logs" "Mozilla/5.0 AppleWebKit/537.36 (KHTML, like Gecko; compatible; GPTBot/1.4; +https://openai.com/gptbot)"
216.73.217.106 - - [31/Jul/2026:17:43:06 +0200] "GET /sitemap.xml?fileloc=%2F%2Fusr%2Fsbin%2Fmountstats&path=%2F%2Fusr%2Fsbin HTTP/1.1" 200 63730 "-" "Mozilla/5.0 AppleWebKit/537.36 (KHTML, like Gecko; compatible; ClaudeBot/1.0; +claudebot@anthropic.com)"
74.7.227.163 - - [31/Jul/2026:17:43:09 +0200] "GET /?fileloc=//sys/class/net/eth0/subsystem/lo/subsystem/eth0/device/net/eth0/queues/rx-8/rps_flow_cnt&path=//sys/class/net/eth0/subsystem/lo/subsystem/eth0/device/net/eth0/queues/rx-8 HTTP/1.1" 200 13154 "https://www.tempokontrol.co.za/?path=//sys/class/net/eth0/subsystem/lo/subsystem/eth0/device/net/eth0/queues/rx-8" "Mozilla/5.0 AppleWebKit/537.36 (KHTML, like Gecko; compatible; GPTBot/1.4; +https://openai.com/gptbot)"
74.7.242.17 - - [31/Jul/2026:17:43:09 +0200] "GET /?fileloc=/home/tn/www/wp-includes/js/media-grid.js&path=/home/tn/www/wp-includes/js HTTP/1.1" 200 41159 "https://tempokontrol.co.za/?path=/home/tn/www/wp-includes/js" "Mozilla/5.0 AppleWebKit/537.36 (KHTML, like Gecko; compatible; GPTBot/1.4; +https://openai.com/gptbot)"
216.73.217.106 - - [31/Jul/2026:17:43:09 +0200] "GET /sitemap.xml?fileloc=%2F%2Fusr%2Fsbin%2Fgrpconv&path=%2F%2Fusr%2Fsbin HTTP/1.1" 200 84858 "-" "Mozilla/5.0 AppleWebKit/537.36 (KHTML, like Gecko; compatible; ClaudeBot/1.0; +claudebot@anthropic.com)"
74.7.227.163 - - [31/Jul/2026:17:43:12 +0200] "GET /?fileloc=//sys/class/net/eth0/subsystem/lo/subsystem/eth0/device/net/eth0/queues/tx-0/xps_rxqs&path=//sys/class/net/eth0/subsystem/lo/subsystem/eth0/device/net/eth0/queues/tx-0 HTTP/1.1" 200 13166 "https://www.tempokontrol.co.za/?path=//sys/class/net/eth0/subsystem/lo/subsystem/eth0/device/net/eth0/queues/tx-0" "Mozilla/5.0 AppleWebKit/537.36 (KHTML, like Gecko; compatible; GPTBot/1.4; +https://openai.com/gptbot)"
216.73.217.106 - - [31/Jul/2026:17:43:12 +0200] "GET /sitemap.xml?fileloc=%2F%2Fusr%2Fsbin%2Fkey.dns_resolver&path=%2F%2Fusr%2Fsbin HTTP/1.1" 200 52778 "-" "Mozilla/5.0 AppleWebKit/537.36 (KHTML, like Gecko; compatible; ClaudeBot/1.0; +claudebot@anthropic.com)"
74.7.242.17 - - [31/Jul/2026:17:43:12 +0200] "GET /?fileloc=/home/tn/www/wp-admin/export.php&path=/home/tn/www/wp-admin HTTP/1.1" 200 27659 "https://tempokontrol.co.za/?path=/home/tn/www/wp-admin" "Mozilla/5.0 AppleWebKit/537.36 (KHTML, like Gecko; compatible; GPTBot/1.4; +https://openai.com/gptbot)"
74.7.227.163 - - [31/Jul/2026:17:43:15 +0200] "GET /?fileloc=//sys/class/net/eth0/subsystem/lo/subsystem/eth0/device/net/eth0/queues/rx-9/rps_cpus&path=//sys/class/net/eth0/subsystem/lo/subsystem/eth0/device/net/eth0/queues/rx-9 HTTP/1.1" 200 13152 "https://www.tempokontrol.co.za/?path=//sys/class/net/eth0/subsystem/lo/subsystem/eth0/device/net/eth0/queues/rx-9" "Mozilla/5.0 AppleWebKit/537.36 (KHTML, like Gecko; compatible; GPTBot/1.4; +https://openai.com/gptbot)"
216.73.217.106 - - [31/Jul/2026:17:43:15 +0200] "GET /sitemap.xml?fileloc=%2F%2Fusr%2Fsbin%2Fgetpidprevcon&path=%2F%2Fusr%2Fsbin HTTP/1.1" 200 29697 "-" "Mozilla/5.0 AppleWebKit/537.36 (KHTML, like Gecko; compatible; ClaudeBot/1.0; +claudebot@anthropic.com)"
74.7.242.17 - - [31/Jul/2026:17:43:15 +0200] "GET /?fileloc=/home/tn/public_html/wp-includes/class-wp-paused-extensions-storage.php&path=/home/tn/public_html/wp-includes HTTP/1.1" 200 17666 "https://tempokontrol.co.za/?path=/home/tn/public_html/wp-includes" "Mozilla/5.0 AppleWebKit/537.36 (KHTML, like Gecko; compatible; GPTBot/1.4; +https://openai.com/gptbot)"
74.7.227.163 - - [31/Jul/2026:17:43:18 +0200] "GET /?fileloc=//sys/class/net/eth0/subsystem/lo/subsystem/eth0/device/net/eth0/queues/rx-5/rps_flow_cnt&path=//sys/class/net/eth0/subsystem/lo/subsystem/eth0/device/net/eth0/queues/rx-5 HTTP/1.1" 200 13154 "https://www.tempokontrol.co.za/?path=//sys/class/net/eth0/subsystem/lo/subsystem/eth0/device/net/eth0/queues/rx-5" "Mozilla/5.0 AppleWebKit/537.36 (KHTML, like Gecko; compatible; GPTBot/1.4; +https://openai.com/gptbot)"
216.73.217.106 - - [31/Jul/2026:17:43:18 +0200] "GET /sitemap.xml?fileloc=%2F%2Fusr%2Fsbin%2Flsmod&path=%2F%2Fusr%2Fsbin HTTP/1.1" 200 267537 "-" "Mozilla/5.0 AppleWebKit/537.36 (KHTML, like Gecko; compatible; ClaudeBot/1.0; +claudebot@anthropic.com)"
74.7.242.17 - - [31/Jul/2026:17:43:19 +0200] "GET /?fileloc=/home/tn/public_html/index.php&path=/home/tn/public_html HTTP/1.1" 200 37501 "https://tempokontrol.co.za/" "Mozilla/5.0 AppleWebKit/537.36 (KHTML, like Gecko; compatible; GPTBot/1.4; +https://openai.com/gptbot)"
216.73.217.106 - - [31/Jul/2026:17:43:21 +0200] "GET /sitemap.xml?fileloc=%2F%2Fusr%2Fsbin%2Fhypervfcopyd&path=%2F%2Fusr%2Fsbin HTTP/1.1" 200 30869 "-" "Mozilla/5.0 AppleWebKit/537.36 (KHTML, like Gecko; compatible; ClaudeBot/1.0; +claudebot@anthropic.com)"
74.7.227.163 - - [31/Jul/2026:17:43:21 +0200] "GET /?fileloc=//sys/class/net/eth0/subsystem/lo/subsystem/eth0/device/net/eth0/queues/rx-2/rps_flow_cnt&path=//sys/class/net/eth0/subsystem/lo/subsystem/eth0/device/net/eth0/queues/rx-2 HTTP/1.1" 200 13154 "https://www.tempokontrol.co.za/?path=//sys/class/net/eth0/subsystem/lo/subsystem/eth0/device/net/eth0/queues/rx-2" "Mozilla/5.0 AppleWebKit/537.36 (KHTML, like Gecko; compatible; GPTBot/1.4; +https://openai.com/gptbot)"
74.7.242.17 - - [31/Jul/2026:17:43:22 +0200] "GET /?fileloc=/home/tn/www/wp-admin/js/xfn.min.js&path=/home/tn/www/wp-admin/js HTTP/1.1" 200 13063 "https://tempokontrol.co.za/?path=/home/tn/www/wp-admin/js" "Mozilla/5.0 AppleWebKit/537.36 (KHTML, like Gecko; compatible; GPTBot/1.4; +https://openai.com/gptbot)"
216.73.217.106 - - [31/Jul/2026:17:43:24 +0200] "GET /sitemap.xml?fileloc=%2F%2Fusr%2Fsbin%2Fnewusers&path=%2F%2Fusr%2Fsbin HTTP/1.1" 200 141515 "-" "Mozilla/5.0 AppleWebKit/537.36 (KHTML, like Gecko; compatible; ClaudeBot/1.0; +claudebot@anthropic.com)"
74.7.227.163 - - [31/Jul/2026:17:43:24 +0200] "GET /?fileloc=//sys/class/net/eth0/subsystem/lo/subsystem/eth0/device/net/eth0/queues/tx-3/tx_timeout&path=//sys/class/net/eth0/subsystem/lo/subsystem/eth0/device/net/eth0/queues/tx-3 HTTP/1.1" 200 13152 "https://www.tempokontrol.co.za/?path=//sys/class/net/eth0/subsystem/lo/subsystem/eth0/device/net/eth0/queues/tx-3" "Mozilla/5.0 AppleWebKit/537.36 (KHTML, like Gecko; compatible; GPTBot/1.4; +https://openai.com/gptbot)"
74.7.242.17 - - [31/Jul/2026:17:43:25 +0200] "GET /?fileloc=/home/tn/public_html/wp-content/maintenance/assets/.htaccess&path=/home/tn/public_html/wp-content/maintenance/assets HTTP/1.1" 200 12727 "https://tempokontrol.co.za/?path=/home/tn/public_html/wp-content/maintenance/assets" "Mozilla/5.0 AppleWebKit/537.36 (KHTML, like Gecko; compatible; GPTBot/1.4; +https://openai.com/gptbot)"
216.73.217.106 - - [31/Jul/2026:17:43:27 +0200] "GET /sitemap.xml?fileloc=%2F%2Fusr%2Fsbin%2Fvalidatetrans&path=%2F%2Fusr%2Fsbin HTTP/1.1" 200 29907 "-" "Mozilla/5.0 AppleWebKit/537.36 (KHTML, like Gecko; compatible; ClaudeBot/1.0; +claudebot@anthropic.com)"
74.7.227.163 - - [31/Jul/2026:17:43:27 +0200] "GET /?fileloc=//sys/class/net/eth0/subsystem/lo/subsystem/eth0/device/net/eth0/queues/tx-9/xps_cpus&path=//sys/class/net/eth0/subsystem/lo/subsystem/eth0/device/net/eth0/queues/tx-9 HTTP/1.1" 200 13152 "https://www.tempokontrol.co.za/?path=//sys/class/net/eth0/subsystem/lo/subsystem/eth0/device/net/eth0/queues/tx-9" "Mozilla/5.0 AppleWebKit/537.36 (KHTML, like Gecko; compatible; GPTBot/1.4; +https://openai.com/gptbot)"
74.7.242.17 - - [31/Jul/2026:17:43:28 +0200] "GET /?fileloc=/home/tn/public_html/wp-content/maintenance/assets/timer.js&path=/home/tn/public_html/wp-content/maintenance/assets HTTP/1.1" 200 13920 "https://tempokontrol.co.za/?path=/home/tn/public_html/wp-content/maintenance/assets" "Mozilla/5.0 AppleWebKit/537.36 (KHTML, like Gecko; compatible; GPTBot/1.4; +https://openai.com/gptbot)"
74.7.227.163 - - [31/Jul/2026:17:43:31 +0200] "GET /?fileloc=//sys/class/net/eth0/subsystem/lo/subsystem/eth0/device/net/eth0/queues/tx-1/tx_maxrate&path=//sys/class/net/eth0/subsystem/lo/subsystem/eth0/device/net/eth0/queues/tx-1 HTTP/1.1" 200 13152 "https://www.tempokontrol.co.za/?path=//sys/class/net/eth0/subsystem/lo/subsystem/eth0/device/net/eth0/queues/tx-1" "Mozilla/5.0 AppleWebKit/537.36 (KHTML, like Gecko; compatible; GPTBot/1.4; +https://openai.com/gptbot)"
216.73.217.106 - - [31/Jul/2026:17:43:30 +0200] "GET /sitemap.xml?fileloc=%2F%2Fusr%2Fsbin%2Febtables&path=%2F%2Fusr%2Fsbin HTTP/1.1" 200 366756 "-" "Mozilla/5.0 AppleWebKit/537.36 (KHTML, like Gecko; compatible; ClaudeBot/1.0; +claudebot@anthropic.com)"
74.7.242.17 - - [31/Jul/2026:17:43:31 +0200] "GET /?path=/home/tn/public_html/wp-content/maintenance/assets/images HTTP/1.1" 200 21085 "https://tempokontrol.co.za/?path=/home/tn/public_html/wp-content/maintenance/assets" "Mozilla/5.0 AppleWebKit/537.36 (KHTML, like Gecko; compatible; GPTBot/1.4; +https://openai.com/gptbot)"
74.7.227.163 - - [31/Jul/2026:17:43:34 +0200] "GET /?fileloc=//sys/class/net/eth0/subsystem/lo/subsystem/eth0/device/net/eth0/queues/rx-4/rps_flow_cnt&path=//sys/class/net/eth0/subsystem/lo/subsystem/eth0/device/net/eth0/queues/rx-4 HTTP/1.1" 200 13154 "https://www.tempokontrol.co.za/?path=//sys/class/net/eth0/subsystem/lo/subsystem/eth0/device/net/eth0/queues/rx-4" "Mozilla/5.0 AppleWebKit/537.36 (KHTML, like Gecko; compatible; GPTBot/1.4; +https://openai.com/gptbot)"
74.7.242.17 - - [31/Jul/2026:17:43:34 +0200] "GET /?path=/home/tn/public_html/wp-content/maintenance/assets/fonts HTTP/1.1" 200 19610 "https://tempokontrol.co.za/?path=/home/tn/public_html/wp-content/maintenance/assets" "Mozilla/5.0 AppleWebKit/537.36 (KHTML, like Gecko; compatible; GPTBot/1.4; +https://openai.com/gptbot)"
216.73.217.106 - - [31/Jul/2026:17:43:36 +0200] "GET /sitemap.xml?fileloc=%2F%2Fusr%2Fsbin%2Fsmartd&path=%2F%2Fusr%2Fsbin HTTP/1.1" 200 877668 "-" "Mozilla/5.0 AppleWebKit/537.36 (KHTML, like Gecko; compatible; ClaudeBot/1.0; +claudebot@anthropic.com)"
74.7.227.163 - - [31/Jul/2026:17:43:37 +0200] "GET /?fileloc=//sys/class/net/eth0/subsystem/lo/subsystem/eth0/device/net/eth0/queues/tx-1/xps_rxqs&path=//sys/class/net/eth0/subsystem/lo/subsystem/eth0/device/net/eth0/queues/tx-1 HTTP/1.1" 200 13166 "https://www.tempokontrol.co.za/?path=//sys/class/net/eth0/subsystem/lo/subsystem/eth0/device/net/eth0/queues/tx-1" "Mozilla/5.0 AppleWebKit/537.36 (KHTML, like Gecko; compatible; GPTBot/1.4; +https://openai.com/gptbot)"
74.7.242.17 - - [31/Jul/2026:17:43:37 +0200] "GET /?fileloc=/home/tn/public_html/wp-includes/class-wp-block-editor-context.php&path=/home/tn/public_html/wp-includes HTTP/1.1" 200 13891 "https://tempokontrol.co.za/?path=/home/tn/public_html/wp-includes" "Mozilla/5.0 AppleWebKit/537.36 (KHTML, like Gecko; compatible; GPTBot/1.4; +https://openai.com/gptbot)"
216.73.217.106 - - [31/Jul/2026:17:43:39 +0200] "GET /sitemap.xml?fileloc=%2F%2Fusr%2Fsbin%2Favcstat&path=%2F%2Fusr%2Fsbin HTTP/1.1" 200 31617 "-" "Mozilla/5.0 AppleWebKit/537.36 (KHTML, like Gecko; compatible; ClaudeBot/1.0; +claudebot@anthropic.com)"
74.7.227.163 - - [31/Jul/2026:17:43:40 +0200] "GET /?fileloc=//sys/class/net/eth0/subsystem/lo/subsystem/eth0/device/net/eth0/queues/rx-3/rps_flow_cnt&path=//sys/class/net/eth0/subsystem/lo/subsystem/eth0/device/net/eth0/queues/rx-3 HTTP/1.1" 200 13154 "https://www.tempokontrol.co.za/?path=//sys/class/net/eth0/subsystem/lo/subsystem/eth0/device/net/eth0/queues/rx-3" "Mozilla/5.0 AppleWebKit/537.36 (KHTML, like Gecko; compatible; GPTBot/1.4; +https://openai.com/gptbot)"
74.7.242.17 - - [31/Jul/2026:17:43:41 +0200] "GET /?fileloc=/home/tn/public_html/wp-includes/class-wp-block-bindings-source.php&path=/home/tn/public_html/wp-includes HTTP/1.1" 200 15503 "https://tempokontrol.co.za/?path=/home/tn/public_html/wp-includes" "Mozilla/5.0 AppleWebKit/537.36 (KHTML, like Gecko; compatible; GPTBot/1.4; +https://openai.com/gptbot)"
216.73.217.106 - - [31/Jul/2026:17:43:42 +0200] "GET /sitemap.xml?fileloc=%2F%2Fusr%2Fsbin%2Fexigrep&path=%2F%2Fusr%2Fsbin HTTP/1.1" 200 25163 "-" "Mozilla/5.0 AppleWebKit/537.36 (KHTML, like Gecko; compatible; ClaudeBot/1.0; +claudebot@anthropic.com)"
74.7.227.163 - - [31/Jul/2026:17:43:43 +0200] "GET /?fileloc=//sys/class/net/eth0/subsystem/lo/subsystem/eth0/device/net/eth0/queues/tx-9/xps_rxqs&path=//sys/class/net/eth0/subsystem/lo/subsystem/eth0/device/net/eth0/queues/tx-9 HTTP/1.1" 200 13166 "https://www.tempokontrol.co.za/?path=//sys/class/net/eth0/subsystem/lo/subsystem/eth0/device/net/eth0/queues/tx-9" "Mozilla/5.0 AppleWebKit/537.36 (KHTML, like Gecko; compatible; GPTBot/1.4; +https://openai.com/gptbot)"
74.7.242.17 - - [31/Jul/2026:17:43:44 +0200] "GET /?fileloc=/home/tn/public_html/wp-includes/class-wp-text-diff-renderer-table.php&path=/home/tn/public_html/wp-includes HTTP/1.1" 200 32862 "https://tempokontrol.co.za/?path=/home/tn/public_html/wp-includes" "Mozilla/5.0 AppleWebKit/537.36 (KHTML, like Gecko; compatible; GPTBot/1.4; +https://openai.com/gptbot)"
216.73.217.106 - - [31/Jul/2026:17:43:45 +0200] "GET /sitemap.xml?fileloc=%2F%2Fusr%2Fsbin%2Fexportfs&path=%2F%2Fusr%2Fsbin HTTP/1.1" 200 114215 "-" "Mozilla/5.0 AppleWebKit/537.36 (KHTML, like Gecko; compatible; ClaudeBot/1.0; +claudebot@anthropic.com)"
74.7.242.17 - - [31/Jul/2026:17:43:47 +0200] "GET /?fileloc=/home/tn/public_html/wp-includes/class-wp-image-editor-imagick.php&path=/home/tn/public_html/wp-includes HTTP/1.1" 200 52775 "https://tempokontrol.co.za/?path=/home/tn/public_html/wp-includes" "Mozilla/5.0 AppleWebKit/537.36 (KHTML, like Gecko; compatible; GPTBot/1.4; +https://openai.com/gptbot)"
74.7.227.163 - - [31/Jul/2026:17:43:47 +0200] "GET /?fileloc=//sys/class/net/eth0/subsystem/lo/subsystem/eth0/device/net/eth0/queues/tx-7/tx_maxrate&path=//sys/class/net/eth0/subsystem/lo/subsystem/eth0/device/net/eth0/queues/tx-7 HTTP/1.1" 200 13152 "https://www.tempokontrol.co.za/?path=//sys/class/net/eth0/subsystem/lo/subsystem/eth0/device/net/eth0/queues/tx-7" "Mozilla/5.0 AppleWebKit/537.36 (KHTML, like Gecko; compatible; GPTBot/1.4; +https://openai.com/gptbot)"
216.73.217.106 - - [31/Jul/2026:17:43:48 +0200] "GET /sitemap.xml?fileloc=%2F%2Fusr%2Fsbin%2Fsetenforce&path=%2F%2Fusr%2Fsbin HTTP/1.1" 200 29826 "-" "Mozilla/5.0 AppleWebKit/537.36 (KHTML, like Gecko; compatible; ClaudeBot/1.0; +claudebot@anthropic.com)"
74.7.227.163 - - [31/Jul/2026:17:43:50 +0200] "GET /?fileloc=//sys/class/net/eth0/subsystem/lo/subsystem/eth0/device/net/eth0/queues/tx-4/xps_rxqs&path=//sys/class/net/eth0/subsystem/lo/subsystem/eth0/device/net/eth0/queues/tx-4 HTTP/1.1" 200 13166 "https://www.tempokontrol.co.za/?path=//sys/class/net/eth0/subsystem/lo/subsystem/eth0/device/net/eth0/queues/tx-4" "Mozilla/5.0 AppleWebKit/537.36 (KHTML, like Gecko; compatible; GPTBot/1.4; +https://openai.com/gptbot)"
74.7.242.17 - - [31/Jul/2026:17:43:50 +0200] "GET /?fileloc=/home/tn/public_html/wp-includes/class-wp-block-styles-registry.php&path=/home/tn/public_html/wp-includes HTTP/1.1" 200 19069 "https://tempokontrol.co.za/?path=/home/tn/public_html/wp-includes" "Mozilla/5.0 AppleWebKit/537.36 (KHTML, like Gecko; compatible; GPTBot/1.4; +https://openai.com/gptbot)"
216.73.217.106 - - [31/Jul/2026:17:43:51 +0200] "GET /sitemap.xml?fileloc=%2F%2Fusr%2Fsbin%2Fiptables&path=%2F%2Fusr%2Fsbin HTTP/1.1" 200 366756 "-" "Mozilla/5.0 AppleWebKit/537.36 (KHTML, like Gecko; compatible; ClaudeBot/1.0; +claudebot@anthropic.com)"
74.7.227.163 - - [31/Jul/2026:17:43:53 +0200] "GET /?path=//sys/class/net/eth0/subsystem/eth0/subsystem/eth0/device/net/eth0/subsystem/eth0/subsystem/eth0/subsystem/lo/subsystem/lo/subsystem/lo HTTP/1.1" 200 84285 "https://www.tempokontrol.co.za/?path=//sys/class/net/eth0/subsystem/eth0/subsystem/eth0/device/net/eth0/subsystem/eth0/subsystem/eth0/subsystem/lo/subsystem/lo/subsystem" "Mozilla/5.0 AppleWebKit/537.36 (KHTML, like Gecko; compatible; GPTBot/1.4; +https://openai.com/gptbot)"
74.7.242.17 - - [31/Jul/2026:17:43:53 +0200] "GET /?fileloc=/home/tn/public_html/wp-includes/class-wp-url-pattern-prefixer.php&path=/home/tn/public_html/wp-includes HTTP/1.1" 200 17510 "https://tempokontrol.co.za/?path=/home/tn/public_html/wp-includes" "Mozilla/5.0 AppleWebKit/537.36 (KHTML, like Gecko; compatible; GPTBot/1.4; +https://openai.com/gptbot)"
20.215.218.234 - - [31/Jul/2026:17:43:55 +0200] "GET /autodiscover/autodiscover.xml HTTP/1.1" 400 52 "-" "-"
216.73.217.106 - - [31/Jul/2026:17:43:54 +0200] "GET /sitemap.xml?fileloc=%2F%2Fusr%2Fsbin%2Ftipc&path=%2F%2Fusr%2Fsbin HTTP/1.1" 200 149336 "-" "Mozilla/5.0 AppleWebKit/537.36 (KHTML, like Gecko; compatible; ClaudeBot/1.0; +claudebot@anthropic.com)"
20.215.218.234 - - [31/Jul/2026:17:43:57 +0200] "GET /autodiscover/autodiscover.xml HTTP/1.1" 400 52 "-" "-"
74.7.227.163 - - [31/Jul/2026:17:43:56 +0200] "GET /?path=//sys/class/net/eth0/subsystem/eth0/subsystem/eth0/device/net/eth0/subsystem/eth0/subsystem/lo/subsystem/eth0/subsystem/lo/subsystem/lo HTTP/1.1" 200 84281 "https://www.tempokontrol.co.za/?path=//sys/class/net/eth0/subsystem/eth0/subsystem/eth0/device/net/eth0/subsystem/eth0/subsystem/lo/subsystem/eth0/subsystem/lo/subsystem" "Mozilla/5.0 AppleWebKit/537.36 (KHTML, like Gecko; compatible; GPTBot/1.4; +https://openai.com/gptbot)"
74.7.242.17 - - [31/Jul/2026:17:43:56 +0200] "GET /?fileloc=/home/tn/public_html/wp-includes/class-wp-text-diff-renderer-inline.php&path=/home/tn/public_html/wp-includes HTTP/1.1" 200 13469 "https://tempokontrol.co.za/?path=/home/tn/public_html/wp-includes" "Mozilla/5.0 AppleWebKit/537.36 (KHTML, like Gecko; compatible; GPTBot/1.4; +https://openai.com/gptbot)"
216.73.217.106 - - [31/Jul/2026:17:43:57 +0200] "GET /sitemap.xml?fileloc=%2F%2Fusr%2Fsbin%2Fgrub2-get-kernel-settings&path=%2F%2Fusr%2Fsbin HTTP/1.1" 200 15336 "-" "Mozilla/5.0 AppleWebKit/537.36 (KHTML, like Gecko; compatible; ClaudeBot/1.0; +claudebot@anthropic.com)"
20.215.218.234 - - [31/Jul/2026:17:43:58 +0200] "GET /autodiscover/autodiscover.xml HTTP/1.1" 400 52 "-" "-"
20.215.218.234 - - [31/Jul/2026:17:44:00 +0200] "GET /autodiscover/autodiscover.xml HTTP/1.1" 400 52 "-" "-"
74.7.227.163 - - [31/Jul/2026:17:43:59 +0200] "GET /?path=//sys/class/net/eth0/subsystem/eth0/subsystem/eth0/device/net/eth0/subsystem/lo/subsystem/eth0/subsystem/lo/subsystem/eth0/subsystem/lo HTTP/1.1" 200 84273 "https://www.tempokontrol.co.za/?path=//sys/class/net/eth0/subsystem/eth0/subsystem/eth0/device/net/eth0/subsystem/lo/subsystem/eth0/subsystem/lo/subsystem/eth0/subsystem" "Mozilla/5.0 AppleWebKit/537.36 (KHTML, like Gecko; compatible; GPTBot/1.4; +https://openai.com/gptbot)"
74.7.242.17 - - [31/Jul/2026:17:43:59 +0200] "GET /?fileloc=/home/tn/www/wp-admin/site-health-info.php&path=/home/tn/www/wp-admin HTTP/1.1" 200 17737 "https://tempokontrol.co.za/?path=/home/tn/www/wp-admin" "Mozilla/5.0 AppleWebKit/537.36 (KHTML, like Gecko; compatible; GPTBot/1.4; +https://openai.com/gptbot)"
216.73.217.106 - - [31/Jul/2026:17:44:00 +0200] "GET /sitemap.xml?fileloc=%2F%2Fusr%2Fsbin%2Fgetcap&path=%2F%2Fusr%2Fsbin HTTP/1.1" 200 30099 "-" "Mozilla/5.0 AppleWebKit/537.36 (KHTML, like Gecko; compatible; ClaudeBot/1.0; +claudebot@anthropic.com)"
20.215.218.234 - - [31/Jul/2026:17:44:01 +0200] "GET /autodiscover/autodiscover.xml HTTP/1.1" 400 52 "-" "-"
20.215.218.234 - - [31/Jul/2026:17:44:03 +0200] "GET /autodiscover/autodiscover.xml HTTP/1.1" 400 52 "-" "-"
74.7.242.17 - - [31/Jul/2026:17:44:02 +0200] "GET /favicon.ico?fileloc=/home/tn/mail/.mailbox_format.cpanel/dovecot.index.log&path=/home/tn/mail/.mailbox_format.cpanel HTTP/1.1" 200 12653 "https://tempokontrol.co.za/favicon.ico?path=/home/tn/mail/.mailbox_format.cpanel" "Mozilla/5.0 AppleWebKit/537.36 (KHTML, like Gecko; compatible; GPTBot/1.4; +https://openai.com/gptbot)"
74.7.227.163 - - [31/Jul/2026:17:44:02 +0200] "GET /?fileloc=//etc/eximrejects.rpmorig&path=//etc HTTP/1.1" 200 12607 "https://www.tempokontrol.co.za/?path=//etc" "Mozilla/5.0 AppleWebKit/537.36 (KHTML, like Gecko; compatible; GPTBot/1.4; +https://openai.com/gptbot)"
216.73.217.106 - - [31/Jul/2026:17:44:03 +0200] "GET /sitemap.xml?fileloc=%2F%2Fusr%2Fsbin%2Fsefcontext_compile&path=%2F%2Fusr%2Fsbin HTTP/1.1" 200 121197 "-" "Mozilla/5.0 AppleWebKit/537.36 (KHTML, like Gecko; compatible; ClaudeBot/1.0; +claudebot@anthropic.com)"
20.215.218.234 - - [31/Jul/2026:17:44:05 +0200] "GET /autodiscover/autodiscover.xml HTTP/1.1" 400 52 "-" "-"
74.7.242.17 - - [31/Jul/2026:17:44:05 +0200] "GET /?fileloc=/home/tn/public_html/wp-content/maintenance/assets/images/twitter.svg&path=/home/tn/public_html/wp-content/maintenance/assets/images HTTP/1.1" 200 13657 "https://tempokontrol.co.za/?path=/home/tn/public_html/wp-content/maintenance/assets/images" "Mozilla/5.0 AppleWebKit/537.36 (KHTML, like Gecko; compatible; GPTBot/1.4; +https://openai.com/gptbot)"
74.7.227.163 - - [31/Jul/2026:17:44:06 +0200] "GET /?path=//sys/class/net/eth0/subsystem/eth0/subsystem/eth0/device/net/eth0/device/net/eth0/device/net/eth0/subsystem/eth0/statistics HTTP/1.1" 200 59345 "https://www.tempokontrol.co.za/?path=//sys/class/net/eth0/subsystem/eth0/subsystem/eth0/device/net/eth0/device/net/eth0/device/net/eth0/subsystem/eth0" "Mozilla/5.0 AppleWebKit/537.36 (KHTML, like Gecko; compatible; GPTBot/1.4; +https://openai.com/gptbot)"
216.73.217.106 - - [31/Jul/2026:17:44:06 +0200] "GET /sitemap.xml?fileloc=%2F%2Fusr%2Fsbin%2Fping&path=%2F%2Fusr%2Fsbin HTTP/1.1" 200 140610 "-" "Mozilla/5.0 AppleWebKit/537.36 (KHTML, like Gecko; compatible; ClaudeBot/1.0; +claudebot@anthropic.com)"
20.215.218.234 - - [31/Jul/2026:17:44:09 +0200] "GET /autodiscover/autodiscover.xml HTTP/1.1" 400 52 "-" "-"
74.7.242.17 - - [31/Jul/2026:17:44:09 +0200] "GET /?fileloc=/home/tn/public_html/wp-content/maintenance/assets/fonts/open-sans-regular.woff&path=/home/tn/public_html/wp-content/maintenance/assets/fonts HTTP/1.1" 200 192036 "https://tempokontrol.co.za/?path=/home/tn/public_html/wp-content/maintenance/assets/fonts" "Mozilla/5.0 AppleWebKit/537.36 (KHTML, like Gecko; compatible; GPTBot/1.4; +https://openai.com/gptbot)"
74.7.227.163 - - [31/Jul/2026:17:44:09 +0200] "GET /?path=//sys/class/net/eth0/subsystem/eth0/subsystem/eth0/device/net/eth0/device/net/eth0/subsystem/eth0/device/net/eth0/statistics HTTP/1.1" 200 59358 "https://www.tempokontrol.co.za/?path=//sys/class/net/eth0/subsystem/eth0/subsystem/eth0/device/net/eth0/device/net/eth0/subsystem/eth0/device/net/eth0" "Mozilla/5.0 AppleWebKit/537.36 (KHTML, like Gecko; compatible; GPTBot/1.4; +https://openai.com/gptbot)"
216.73.217.106 - - [31/Jul/2026:17:44:09 +0200] "GET /sitemap.xml?fileloc=%2F%2Fusr%2Fsbin%2Fifstat&path=%2F%2Fusr%2Fsbin HTTP/1.1" 200 69540 "-" "Mozilla/5.0 AppleWebKit/537.36 (KHTML, like Gecko; compatible; ClaudeBot/1.0; +claudebot@anthropic.com)"
20.215.218.234 - - [31/Jul/2026:17:44:10 +0200] "GET /autodiscover/autodiscover.xml HTTP/1.1" 400 52 "-" "-"
20.215.218.234 - - [31/Jul/2026:17:44:12 +0200] "GET /autodiscover/autodiscover.xml HTTP/1.1" 400 52 "-" "-"
74.7.242.17 - - [31/Jul/2026:17:44:12 +0200] "GET /?fileloc=/home/tn/public_html/wp-content/maintenance/assets/images/plesk-logo.png&path=/home/tn/public_html/wp-content/maintenance/assets/images HTTP/1.1" 200 19301 "https://tempokontrol.co.za/?path=/home/tn/public_html/wp-content/maintenance/assets/images" "Mozilla/5.0 AppleWebKit/537.36 (KHTML, like Gecko; compatible; GPTBot/1.4; +https://openai.com/gptbot)"
216.73.217.106 - - [31/Jul/2026:17:44:12 +0200] "GET /sitemap.xml?fileloc=%2F%2Fusr%2Fsbin%2Fmkdumprd&path=%2F%2Fusr%2Fsbin HTTP/1.1" 200 26937 "-" "Mozilla/5.0 AppleWebKit/537.36 (KHTML, like Gecko; compatible; ClaudeBot/1.0; +claudebot@anthropic.com)"
