74.7.227.163 - - [31/Jul/2026:16:16:05 +0200] "GET /?fileloc=//sys/class/net/lo/subsystem/lo/subsystem/eth0/device/net/eth0/device/subsystem/drivers/hv_netvsc/module/drivers/vmbus:hv_netvsc/module/sections/.data&path=//sys/class/net/lo/subsystem/lo/subsystem/eth0/device/net/eth0/device/subsystem/drivers/hv_netvsc/module/drivers/vmbus:hv_netvsc/module/sections HTTP/1.1" 200 14220 "https://www.tempokontrol.co.za/?path=//sys/class/net/lo/subsystem/lo/subsystem/eth0/device/net/eth0/device/subsystem/drivers/hv_netvsc/module/drivers/vmbus:hv_netvsc/module/sections" "Mozilla/5.0 AppleWebKit/537.36 (KHTML, like Gecko; compatible; GPTBot/1.4; +https://openai.com/gptbot)"
74.7.242.17 - - [31/Jul/2026:16:16:05 +0200] "GET /?fileloc=//lib64/libp11-kit.so.0.4.8&path=//lib64 HTTP/1.1" 200 2829494 "https://tempokontrol.co.za/?path=//lib64" "Mozilla/5.0 AppleWebKit/537.36 (KHTML, like Gecko; compatible; GPTBot/1.4; +https://openai.com/gptbot)"
74.7.227.163 - - [31/Jul/2026:16:16:08 +0200] "GET /?fileloc=//sys/class/net/lo/subsystem/lo/subsystem/eth0/device/net/eth0/device/subsystem/drivers/hv_utils/module/drivers/vmbus:hv_utils/module/sections/.text&path=//sys/class/net/lo/subsystem/lo/subsystem/eth0/device/net/eth0/device/subsystem/drivers/hv_utils/module/drivers/vmbus:hv_utils/module/sections HTTP/1.1" 200 14207 "https://www.tempokontrol.co.za/?path=//sys/class/net/lo/subsystem/lo/subsystem/eth0/device/net/eth0/device/subsystem/drivers/hv_utils/module/drivers/vmbus:hv_utils/module/sections" "Mozilla/5.0 AppleWebKit/537.36 (KHTML, like Gecko; compatible; GPTBot/1.4; +https://openai.com/gptbot)"
74.7.242.17 - - [31/Jul/2026:16:16:09 +0200] "GET /?fileloc=//lib64/libpcre2-8.so.0.11.0&path=//lib64 HTTP/1.1" 200 1052494 "https://tempokontrol.co.za/?path=//lib64" "Mozilla/5.0 AppleWebKit/537.36 (KHTML, like Gecko; compatible; GPTBot/1.4; +https://openai.com/gptbot)"
74.7.227.163 - - [31/Jul/2026:16:16:11 +0200] "GET /?fileloc=//sys/class/net/lo/subsystem/lo/subsystem/eth0/device/net/eth0/device/subsystem/drivers/hv_utils/module/drivers/vmbus:hv_utils/module/sections/__dyndbg&path=//sys/class/net/lo/subsystem/lo/subsystem/eth0/device/net/eth0/device/subsystem/drivers/hv_utils/module/drivers/vmbus:hv_utils/module/sections HTTP/1.1" 200 14210 "https://www.tempokontrol.co.za/?path=//sys/class/net/lo/subsystem/lo/subsystem/eth0/device/net/eth0/device/subsystem/drivers/hv_utils/module/drivers/vmbus:hv_utils/module/sections" "Mozilla/5.0 AppleWebKit/537.36 (KHTML, like Gecko; compatible; GPTBot/1.4; +https://openai.com/gptbot)"
74.7.242.17 - - [31/Jul/2026:16:16:12 +0200] "GET /?fileloc=//lib64/python3.9/enum.py&path=//lib64/python3.9 HTTP/1.1" 200 54246 "https://tempokontrol.co.za/?path=//lib64/python3.9" "Mozilla/5.0 AppleWebKit/537.36 (KHTML, like Gecko; compatible; GPTBot/1.4; +https://openai.com/gptbot)"
74.7.227.163 - - [31/Jul/2026:16:16:15 +0200] "GET /?fileloc=//sys/class/net/lo/subsystem/lo/subsystem/eth0/device/net/eth0/device/subsystem/drivers/hid_hyperv/module/drivers/hid:hid-hyperv/module/initsize&path=//sys/class/net/lo/subsystem/lo/subsystem/eth0/device/net/eth0/device/subsystem/drivers/hid_hyperv/module/drivers/hid:hid-hyperv/module HTTP/1.1" 200 14045 "https://www.tempokontrol.co.za/?path=//sys/class/net/lo/subsystem/lo/subsystem/eth0/device/net/eth0/device/subsystem/drivers/hid_hyperv/module/drivers/hid:hid-hyperv/module" "Mozilla/5.0 AppleWebKit/537.36 (KHTML, like Gecko; compatible; GPTBot/1.4; +https://openai.com/gptbot)"
74.7.242.17 - - [31/Jul/2026:16:16:15 +0200] "GET /?fileloc=//lib64/python3.9/wave.py&path=//lib64/python3.9 HTTP/1.1" 200 31202 "https://tempokontrol.co.za/?path=//lib64/python3.9" "Mozilla/5.0 AppleWebKit/537.36 (KHTML, like Gecko; compatible; GPTBot/1.4; +https://openai.com/gptbot)"
74.7.227.163 - - [31/Jul/2026:16:16:18 +0200] "GET /?fileloc=//sys/class/net/lo/subsystem/lo/subsystem/eth0/device/net/eth0/device/subsystem/drivers/hv_netvsc/module/drivers/vmbus:hv_netvsc/module/sections/.smp_locks&path=//sys/class/net/lo/subsystem/lo/subsystem/eth0/device/net/eth0/device/subsystem/drivers/hv_netvsc/module/drivers/vmbus:hv_netvsc/module/sections HTTP/1.1" 200 14225 "https://www.tempokontrol.co.za/?path=//sys/class/net/lo/subsystem/lo/subsystem/eth0/device/net/eth0/device/subsystem/drivers/hv_netvsc/module/drivers/vmbus:hv_netvsc/module/sections" "Mozilla/5.0 AppleWebKit/537.36 (KHTML, like Gecko; compatible; GPTBot/1.4; +https://openai.com/gptbot)"
74.7.242.17 - - [31/Jul/2026:16:16:18 +0200] "GET /?fileloc=//lib64/python3.9/sre_parse.py&path=//lib64/python3.9 HTTP/1.1" 200 55938 "https://tempokontrol.co.za/?path=//lib64/python3.9" "Mozilla/5.0 AppleWebKit/537.36 (KHTML, like Gecko; compatible; GPTBot/1.4; +https://openai.com/gptbot)"
74.7.227.163 - - [31/Jul/2026:16:16:21 +0200] "GET /?fileloc=//sys/class/net/lo/subsystem/lo/subsystem/eth0/device/net/eth0/device/subsystem/drivers/hv_utils/module/drivers/vmbus:hv_utils/module/sections/.rodata&path=//sys/class/net/lo/subsystem/lo/subsystem/eth0/device/net/eth0/device/subsystem/drivers/hv_utils/module/drivers/vmbus:hv_utils/module/sections HTTP/1.1" 200 14209 "https://www.tempokontrol.co.za/?path=//sys/class/net/lo/subsystem/lo/subsystem/eth0/device/net/eth0/device/subsystem/drivers/hv_utils/module/drivers/vmbus:hv_utils/module/sections" "Mozilla/5.0 AppleWebKit/537.36 (KHTML, like Gecko; compatible; GPTBot/1.4; +https://openai.com/gptbot)"
74.7.242.17 - - [31/Jul/2026:16:16:21 +0200] "GET /?fileloc=//lib64/python3.9/_strptime.py&path=//lib64/python3.9 HTTP/1.1" 200 40345 "https://tempokontrol.co.za/?path=//lib64/python3.9" "Mozilla/5.0 AppleWebKit/537.36 (KHTML, like Gecko; compatible; GPTBot/1.4; +https://openai.com/gptbot)"
74.7.227.163 - - [31/Jul/2026:16:16:24 +0200] "GET /?fileloc=//sys/class/net/lo/subsystem/lo/subsystem/eth0/device/net/eth0/device/subsystem/drivers/hv_utils/module/drivers/vmbus:hv_utils/module/sections/.strtab&path=//sys/class/net/lo/subsystem/lo/subsystem/eth0/device/net/eth0/device/subsystem/drivers/hv_utils/module/drivers/vmbus:hv_utils/module/sections HTTP/1.1" 200 14209 "https://www.tempokontrol.co.za/?path=//sys/class/net/lo/subsystem/lo/subsystem/eth0/device/net/eth0/device/subsystem/drivers/hv_utils/module/drivers/vmbus:hv_utils/module/sections" "Mozilla/5.0 AppleWebKit/537.36 (KHTML, like Gecko; compatible; GPTBot/1.4; +https://openai.com/gptbot)"
74.7.242.17 - - [31/Jul/2026:16:16:24 +0200] "GET /?fileloc=//lib64/perl5/asm/unistd_32.ph&path=//lib64/perl5/asm HTTP/1.1" 200 51336 "https://tempokontrol.co.za/?path=//lib64/perl5/asm" "Mozilla/5.0 AppleWebKit/537.36 (KHTML, like Gecko; compatible; GPTBot/1.4; +https://openai.com/gptbot)"
74.7.242.17 - - [31/Jul/2026:16:16:27 +0200] "GET /favicon.ico?path=/home/tn/.caldav/tristen@tempokontrol.co.za/calendar HTTP/1.1" 200 12895 "https://tempokontrol.co.za/favicon.ico?path=/home/tn/.caldav/tristen@tempokontrol.co.za" "Mozilla/5.0 AppleWebKit/537.36 (KHTML, like Gecko; compatible; GPTBot/1.4; +https://openai.com/gptbot)"
74.7.227.163 - - [31/Jul/2026:16:16:27 +0200] "GET /?fileloc=//sys/class/net/lo/subsystem/lo/subsystem/eth0/device/net/eth0/device/subsystem/drivers/hv_netvsc/module/drivers/vmbus:hv_netvsc/module/sections/.data.once&path=//sys/class/net/lo/subsystem/lo/subsystem/eth0/device/net/eth0/device/subsystem/drivers/hv_netvsc/module/drivers/vmbus:hv_netvsc/module/sections HTTP/1.1" 200 14225 "https://www.tempokontrol.co.za/?path=//sys/class/net/lo/subsystem/lo/subsystem/eth0/device/net/eth0/device/subsystem/drivers/hv_netvsc/module/drivers/vmbus:hv_netvsc/module/sections" "Mozilla/5.0 AppleWebKit/537.36 (KHTML, like Gecko; compatible; GPTBot/1.4; +https://openai.com/gptbot)"
74.7.242.17 - - [31/Jul/2026:16:16:31 +0200] "GET /favicon.ico?path=/home/tn/.caldav/tristen@tempokontrol.co.za/addressbook HTTP/1.1" 200 12901 "https://tempokontrol.co.za/favicon.ico?path=/home/tn/.caldav/tristen@tempokontrol.co.za" "Mozilla/5.0 AppleWebKit/537.36 (KHTML, like Gecko; compatible; GPTBot/1.4; +https://openai.com/gptbot)"
74.7.227.163 - - [31/Jul/2026:16:16:31 +0200] "GET /?fileloc=//sys/class/net/lo/subsystem/lo/subsystem/eth0/device/net/eth0/device/subsystem/drivers/hv_netvsc/module/drivers/vmbus:hv_netvsc/module/sections/.text&path=//sys/class/net/lo/subsystem/lo/subsystem/eth0/device/net/eth0/device/subsystem/drivers/hv_netvsc/module/drivers/vmbus:hv_netvsc/module/sections HTTP/1.1" 200 14220 "https://www.tempokontrol.co.za/?path=//sys/class/net/lo/subsystem/lo/subsystem/eth0/device/net/eth0/device/subsystem/drivers/hv_netvsc/module/drivers/vmbus:hv_netvsc/module/sections" "Mozilla/5.0 AppleWebKit/537.36 (KHTML, like Gecko; compatible; GPTBot/1.4; +https://openai.com/gptbot)"
74.7.242.17 - - [31/Jul/2026:16:16:34 +0200] "GET /favicon.ico?fileloc=/home/tn/tmp/webalizer/ssl/tempokontrol.co.za/daily_usage_202602.png&path=/home/tn/tmp/webalizer/ssl/tempokontrol.co.za HTTP/1.1" 200 19280 "https://tempokontrol.co.za/favicon.ico?path=/home/tn/tmp/webalizer/ssl/tempokontrol.co.za" "Mozilla/5.0 AppleWebKit/537.36 (KHTML, like Gecko; compatible; GPTBot/1.4; +https://openai.com/gptbot)"
74.7.227.163 - - [31/Jul/2026:16:16:34 +0200] "GET /?fileloc=//sys/class/net/lo/subsystem/lo/subsystem/eth0/device/net/eth0/device/subsystem/drivers/hv_netvsc/module/drivers/vmbus:hv_netvsc/module/sections/.printk_index&path=//sys/class/net/lo/subsystem/lo/subsystem/eth0/device/net/eth0/device/subsystem/drivers/hv_netvsc/module/drivers/vmbus:hv_netvsc/module/sections HTTP/1.1" 200 14228 "https://www.tempokontrol.co.za/?path=//sys/class/net/lo/subsystem/lo/subsystem/eth0/device/net/eth0/device/subsystem/drivers/hv_netvsc/module/drivers/vmbus:hv_netvsc/module/sections" "Mozilla/5.0 AppleWebKit/537.36 (KHTML, like Gecko; compatible; GPTBot/1.4; +https://openai.com/gptbot)"
74.7.242.17 - - [31/Jul/2026:16:16:37 +0200] "GET /?fileloc=//lib64/libarchive.so.13.5.3&path=//lib64 HTTP/1.1" 200 1338979 "https://tempokontrol.co.za/?path=//lib64" "Mozilla/5.0 AppleWebKit/537.36 (KHTML, like Gecko; compatible; GPTBot/1.4; +https://openai.com/gptbot)"
74.7.227.163 - - [31/Jul/2026:16:16:37 +0200] "GET /?fileloc=//sys/class/net/lo/subsystem/lo/subsystem/eth0/device/net/eth0/device/subsystem/drivers/hv_netvsc/module/drivers/vmbus:hv_netvsc/module/sections/.orc_unwind_ip&path=//sys/class/net/lo/subsystem/lo/subsystem/eth0/device/net/eth0/device/subsystem/drivers/hv_netvsc/module/drivers/vmbus:hv_netvsc/module/sections HTTP/1.1" 200 14229 "https://www.tempokontrol.co.za/?path=//sys/class/net/lo/subsystem/lo/subsystem/eth0/device/net/eth0/device/subsystem/drivers/hv_netvsc/module/drivers/vmbus:hv_netvsc/module/sections" "Mozilla/5.0 AppleWebKit/537.36 (KHTML, like Gecko; compatible; GPTBot/1.4; +https://openai.com/gptbot)"
74.7.242.17 - - [31/Jul/2026:16:16:40 +0200] "GET /favicon.ico?path=/home/cPanelInstall HTTP/1.1" 200 12699 "https://tempokontrol.co.za/favicon.ico?path=/home" "Mozilla/5.0 AppleWebKit/537.36 (KHTML, like Gecko; compatible; GPTBot/1.4; +https://openai.com/gptbot)"
74.7.227.163 - - [31/Jul/2026:16:16:40 +0200] "GET /?fileloc=//sys/class/net/lo/subsystem/lo/subsystem/eth0/device/net/eth0/device/subsystem/drivers/hv_utils/module/drivers/vmbus:hv_utils/module/sections/.text.unlikely&path=//sys/class/net/lo/subsystem/lo/subsystem/eth0/device/net/eth0/device/subsystem/drivers/hv_utils/module/drivers/vmbus:hv_utils/module/sections HTTP/1.1" 200 14216 "https://www.tempokontrol.co.za/?path=//sys/class/net/lo/subsystem/lo/subsystem/eth0/device/net/eth0/device/subsystem/drivers/hv_utils/module/drivers/vmbus:hv_utils/module/sections" "Mozilla/5.0 AppleWebKit/537.36 (KHTML, like Gecko; compatible; GPTBot/1.4; +https://openai.com/gptbot)"
74.7.242.17 - - [31/Jul/2026:16:16:43 +0200] "GET /?fileloc=/home/tn/public_html/robots.txt&path=/home/tn/public_html HTTP/1.1" 200 12415 "https://tempokontrol.co.za/" "Mozilla/5.0 AppleWebKit/537.36 (KHTML, like Gecko; compatible; GPTBot/1.4; +https://openai.com/gptbot)"
74.7.227.163 - - [31/Jul/2026:16:16:43 +0200] "GET /?fileloc=//sys/class/net/lo/subsystem/lo/subsystem/eth0/device/net/eth0/device/subsystem/drivers/hid_hyperv/module/drivers/hid:hid-hyperv/module/initstate&path=//sys/class/net/lo/subsystem/lo/subsystem/eth0/device/net/eth0/device/subsystem/drivers/hid_hyperv/module/drivers/hid:hid-hyperv/module HTTP/1.1" 200 14049 "https://www.tempokontrol.co.za/?path=//sys/class/net/lo/subsystem/lo/subsystem/eth0/device/net/eth0/device/subsystem/drivers/hid_hyperv/module/drivers/hid:hid-hyperv/module" "Mozilla/5.0 AppleWebKit/537.36 (KHTML, like Gecko; compatible; GPTBot/1.4; +https://openai.com/gptbot)"
74.7.242.17 - - [31/Jul/2026:16:16:46 +0200] "GET /?fileloc=/home/tn/mail/.wordfence@tempokontrol_co_za/.Sent/dovecot.index.log&path=/home/tn/mail/.wordfence@tempokontrol_co_za/.Sent HTTP/1.1" 200 12572 "https://tempokontrol.co.za/?path=/home/tn/mail/.wordfence@tempokontrol_co_za/.Sent" "Mozilla/5.0 AppleWebKit/537.36 (KHTML, like Gecko; compatible; GPTBot/1.4; +https://openai.com/gptbot)"
74.7.227.163 - - [31/Jul/2026:16:16:47 +0200] "GET /?fileloc=//sys/class/net/lo/subsystem/lo/subsystem/eth0/device/net/eth0/device/subsystem/drivers/hv_utils/module/drivers/vmbus:hv_utils/module/sections/.symtab&path=//sys/class/net/lo/subsystem/lo/subsystem/eth0/device/net/eth0/device/subsystem/drivers/hv_utils/module/drivers/vmbus:hv_utils/module/sections HTTP/1.1" 200 14209 "https://www.tempokontrol.co.za/?path=//sys/class/net/lo/subsystem/lo/subsystem/eth0/device/net/eth0/device/subsystem/drivers/hv_utils/module/drivers/vmbus:hv_utils/module/sections" "Mozilla/5.0 AppleWebKit/537.36 (KHTML, like Gecko; compatible; GPTBot/1.4; +https://openai.com/gptbot)"
74.7.242.17 - - [31/Jul/2026:16:16:49 +0200] "GET /?fileloc=/home/tn/mail/.tristen@tempokontrol_co_za/.Trash/dovecot.index.log&path=/home/tn/mail/.tristen@tempokontrol_co_za/.Trash HTTP/1.1" 200 12567 "https://tempokontrol.co.za/?path=/home/tn/mail/.tristen@tempokontrol_co_za/.Trash" "Mozilla/5.0 AppleWebKit/537.36 (KHTML, like Gecko; compatible; GPTBot/1.4; +https://openai.com/gptbot)"
74.7.227.163 - - [31/Jul/2026:16:16:50 +0200] "GET /?fileloc=//sys/class/net/lo/subsystem/lo/subsystem/eth0/device/net/eth0/device/subsystem/drivers/hv_netvsc/module/drivers/vmbus:hv_netvsc/module/sections/.orc_unwind&path=//sys/class/net/lo/subsystem/lo/subsystem/eth0/device/net/eth0/device/subsystem/drivers/hv_netvsc/module/drivers/vmbus:hv_netvsc/module/sections HTTP/1.1" 200 14226 "https://www.tempokontrol.co.za/?path=//sys/class/net/lo/subsystem/lo/subsystem/eth0/device/net/eth0/device/subsystem/drivers/hv_netvsc/module/drivers/vmbus:hv_netvsc/module/sections" "Mozilla/5.0 AppleWebKit/537.36 (KHTML, like Gecko; compatible; GPTBot/1.4; +https://openai.com/gptbot)"
74.7.242.17 - - [31/Jul/2026:16:16:53 +0200] "GET /?fileloc=/home/tn/mail/.tristen@tempokontrol_co_za/.Drafts/dovecot.index.log&path=/home/tn/mail/.tristen@tempokontrol_co_za/.Drafts HTTP/1.1" 200 12570 "https://tempokontrol.co.za/?path=/home/tn/mail/.tristen@tempokontrol_co_za/.Drafts" "Mozilla/5.0 AppleWebKit/537.36 (KHTML, like Gecko; compatible; GPTBot/1.4; +https://openai.com/gptbot)"
74.7.227.163 - - [31/Jul/2026:16:16:53 +0200] "GET /?fileloc=//sys/class/net/lo/subsystem/lo/subsystem/eth0/device/net/eth0/device/subsystem/drivers/hv_utils/module/drivers/vmbus:hv_utils/module/sections/__param&path=//sys/class/net/lo/subsystem/lo/subsystem/eth0/device/net/eth0/device/subsystem/drivers/hv_utils/module/drivers/vmbus:hv_utils/module/sections HTTP/1.1" 200 14209 "https://www.tempokontrol.co.za/?path=//sys/class/net/lo/subsystem/lo/subsystem/eth0/device/net/eth0/device/subsystem/drivers/hv_utils/module/drivers/vmbus:hv_utils/module/sections" "Mozilla/5.0 AppleWebKit/537.36 (KHTML, like Gecko; compatible; GPTBot/1.4; +https://openai.com/gptbot)"
74.7.242.17 - - [31/Jul/2026:16:16:56 +0200] "GET /?fileloc=//lib64/python3.9/ast.py&path=//lib64/python3.9 HTTP/1.1" 200 74169 "https://tempokontrol.co.za/?path=//lib64/python3.9" "Mozilla/5.0 AppleWebKit/537.36 (KHTML, like Gecko; compatible; GPTBot/1.4; +https://openai.com/gptbot)"
74.7.227.163 - - [31/Jul/2026:16:16:56 +0200] "GET /?fileloc=//sys/class/net/lo/subsystem/lo/subsystem/eth0/device/net/eth0/device/subsystem/drivers/hv_utils/module/drivers/vmbus:hv_utils/module/sections/.retpoline_sites&path=//sys/class/net/lo/subsystem/lo/subsystem/eth0/device/net/eth0/device/subsystem/drivers/hv_utils/module/drivers/vmbus:hv_utils/module/sections HTTP/1.1" 200 14218 "https://www.tempokontrol.co.za/?path=//sys/class/net/lo/subsystem/lo/subsystem/eth0/device/net/eth0/device/subsystem/drivers/hv_utils/module/drivers/vmbus:hv_utils/module/sections" "Mozilla/5.0 AppleWebKit/537.36 (KHTML, like Gecko; compatible; GPTBot/1.4; +https://openai.com/gptbot)"
74.7.242.17 - - [31/Jul/2026:16:16:59 +0200] "GET /?fileloc=//lib64/python3.9/ssl.py&path=//lib64/python3.9 HTTP/1.1" 200 68081 "https://tempokontrol.co.za/?path=//lib64/python3.9" "Mozilla/5.0 AppleWebKit/537.36 (KHTML, like Gecko; compatible; GPTBot/1.4; +https://openai.com/gptbot)"
74.7.227.163 - - [31/Jul/2026:16:16:59 +0200] "GET /?fileloc=//sys/class/net/lo/subsystem/lo/subsystem/eth0/device/net/eth0/device/subsystem/drivers/hv_utils/module/drivers/vmbus:hv_utils/module/sections/.bss&path=//sys/class/net/lo/subsystem/lo/subsystem/eth0/device/net/eth0/device/subsystem/drivers/hv_utils/module/drivers/vmbus:hv_utils/module/sections HTTP/1.1" 200 14206 "https://www.tempokontrol.co.za/?path=//sys/class/net/lo/subsystem/lo/subsystem/eth0/device/net/eth0/device/subsystem/drivers/hv_utils/module/drivers/vmbus:hv_utils/module/sections" "Mozilla/5.0 AppleWebKit/537.36 (KHTML, like Gecko; compatible; GPTBot/1.4; +https://openai.com/gptbot)"
74.7.242.17 - - [31/Jul/2026:16:17:02 +0200] "GET /?fileloc=/home/tn/www/wp-admin/user-edit.php&path=/home/tn/www/wp-admin HTTP/1.1" 200 64833 "https://tempokontrol.co.za/?path=/home/tn/www/wp-admin" "Mozilla/5.0 AppleWebKit/537.36 (KHTML, like Gecko; compatible; GPTBot/1.4; +https://openai.com/gptbot)"
74.7.227.163 - - [31/Jul/2026:16:17:03 +0200] "GET /?fileloc=//sys/class/net/lo/subsystem/lo/subsystem/eth0/device/net/eth0/device/subsystem/drivers/hv_netvsc/module/drivers/vmbus:hv_netvsc/module/sections/.init.data&path=//sys/class/net/lo/subsystem/lo/subsystem/eth0/device/net/eth0/device/subsystem/drivers/hv_netvsc/module/drivers/vmbus:hv_netvsc/module/sections HTTP/1.1" 200 14225 "https://www.tempokontrol.co.za/?path=//sys/class/net/lo/subsystem/lo/subsystem/eth0/device/net/eth0/device/subsystem/drivers/hv_netvsc/module/drivers/vmbus:hv_netvsc/module/sections" "Mozilla/5.0 AppleWebKit/537.36 (KHTML, like Gecko; compatible; GPTBot/1.4; +https://openai.com/gptbot)"
74.7.242.17 - - [31/Jul/2026:16:17:05 +0200] "GET /?fileloc=//lib64/python3.9/__pycache__/base64.cpython-39.pyc&path=//lib64/python3.9/__pycache__ HTTP/1.1" 200 30920 "https://tempokontrol.co.za/?path=//lib64/python3.9/__pycache__" "Mozilla/5.0 AppleWebKit/537.36 (KHTML, like Gecko; compatible; GPTBot/1.4; +https://openai.com/gptbot)"
74.7.227.163 - - [31/Jul/2026:16:17:06 +0200] "GET /?fileloc=//sys/class/net/lo/subsystem/lo/subsystem/eth0/device/net/eth0/device/subsystem/drivers/hid_hyperv/module/drivers/hid:hid-hyperv/module/coresize&path=//sys/class/net/lo/subsystem/lo/subsystem/eth0/device/net/eth0/device/subsystem/drivers/hid_hyperv/module/drivers/hid:hid-hyperv/module HTTP/1.1" 200 14049 "https://www.tempokontrol.co.za/?path=//sys/class/net/lo/subsystem/lo/subsystem/eth0/device/net/eth0/device/subsystem/drivers/hid_hyperv/module/drivers/hid:hid-hyperv/module" "Mozilla/5.0 AppleWebKit/537.36 (KHTML, like Gecko; compatible; GPTBot/1.4; +https://openai.com/gptbot)"
74.7.242.17 - - [31/Jul/2026:16:17:08 +0200] "GET /?fileloc=//lib64/dovecot/sieve/lib90_sieve_imapsieve_plugin.a&path=//lib64/dovecot/sieve HTTP/1.1" 200 21416 "https://tempokontrol.co.za/?path=//lib64/dovecot/sieve" "Mozilla/5.0 AppleWebKit/537.36 (KHTML, like Gecko; compatible; GPTBot/1.4; +https://openai.com/gptbot)"
74.7.227.163 - - [31/Jul/2026:16:17:09 +0200] "GET /?fileloc=//sys/class/net/lo/subsystem/lo/subsystem/eth0/device/net/eth0/device/subsystem/drivers/hid_hyperv/module/drivers/hid:hid-hyperv/module/sections/.return_sites&path=//sys/class/net/lo/subsystem/lo/subsystem/eth0/device/net/eth0/device/subsystem/drivers/hid_hyperv/module/drivers/hid:hid-hyperv/module/sections HTTP/1.1" 200 14231 "https://www.tempokontrol.co.za/?path=//sys/class/net/lo/subsystem/lo/subsystem/eth0/device/net/eth0/device/subsystem/drivers/hid_hyperv/module/drivers/hid:hid-hyperv/module/sections" "Mozilla/5.0 AppleWebKit/537.36 (KHTML, like Gecko; compatible; GPTBot/1.4; +https://openai.com/gptbot)"
74.7.242.17 - - [31/Jul/2026:16:17:11 +0200] "GET /?fileloc=//lib64/dovecot/sieve/lib90_sieve_imapsieve_plugin.so&path=//lib64/dovecot/sieve HTTP/1.1" 200 31232 "https://tempokontrol.co.za/?path=//lib64/dovecot/sieve" "Mozilla/5.0 AppleWebKit/537.36 (KHTML, like Gecko; compatible; GPTBot/1.4; +https://openai.com/gptbot)"
74.7.227.163 - - [31/Jul/2026:16:17:12 +0200] "GET /?fileloc=//sys/class/net/lo/subsystem/lo/subsystem/eth0/device/net/eth0/device/subsystem/drivers/hv_utils/module/drivers/vmbus:hv_utils/module/sections/.return_sites&path=//sys/class/net/lo/subsystem/lo/subsystem/eth0/device/net/eth0/device/subsystem/drivers/hv_utils/module/drivers/vmbus:hv_utils/module/sections HTTP/1.1" 200 14215 "https://www.tempokontrol.co.za/?path=//sys/class/net/lo/subsystem/lo/subsystem/eth0/device/net/eth0/device/subsystem/drivers/hv_utils/module/drivers/vmbus:hv_utils/module/sections" "Mozilla/5.0 AppleWebKit/537.36 (KHTML, like Gecko; compatible; GPTBot/1.4; +https://openai.com/gptbot)"
74.7.242.17 - - [31/Jul/2026:16:17:15 +0200] "GET /?fileloc=//lib64/libaspell.so.15.3.1&path=//lib64 HTTP/1.1" 200 1013744 "https://tempokontrol.co.za/?path=//lib64" "Mozilla/5.0 AppleWebKit/537.36 (KHTML, like Gecko; compatible; GPTBot/1.4; +https://openai.com/gptbot)"
74.7.227.163 - - [31/Jul/2026:16:17:15 +0200] "GET /?fileloc=//sys/class/net/lo/subsystem/lo/subsystem/eth0/device/net/eth0/device/subsystem/drivers/hv_utils/module/drivers/vmbus:hv_utils/module/sections/.orc_unwind&path=//sys/class/net/lo/subsystem/lo/subsystem/eth0/device/net/eth0/device/subsystem/drivers/hv_utils/module/drivers/vmbus:hv_utils/module/sections HTTP/1.1" 200 14213 "https://www.tempokontrol.co.za/?path=//sys/class/net/lo/subsystem/lo/subsystem/eth0/device/net/eth0/device/subsystem/drivers/hv_utils/module/drivers/vmbus:hv_utils/module/sections" "Mozilla/5.0 AppleWebKit/537.36 (KHTML, like Gecko; compatible; GPTBot/1.4; +https://openai.com/gptbot)"
74.7.242.17 - - [31/Jul/2026:16:17:18 +0200] "GET /?fileloc=//lib64/libpspell.so.15.3.1&path=//lib64 HTTP/1.1" 200 28242 "https://tempokontrol.co.za/?path=//lib64" "Mozilla/5.0 AppleWebKit/537.36 (KHTML, like Gecko; compatible; GPTBot/1.4; +https://openai.com/gptbot)"
74.7.227.163 - - [31/Jul/2026:16:17:18 +0200] "GET /?fileloc=//sys/class/net/lo/subsystem/lo/subsystem/eth0/device/net/eth0/device/subsystem/drivers/hv_netvsc/module/drivers/vmbus:hv_netvsc/module/sections/.call_sites&path=//sys/class/net/lo/subsystem/lo/subsystem/eth0/device/net/eth0/device/subsystem/drivers/hv_netvsc/module/drivers/vmbus:hv_netvsc/module/sections HTTP/1.1" 200 14226 "https://www.tempokontrol.co.za/?path=//sys/class/net/lo/subsystem/lo/subsystem/eth0/device/net/eth0/device/subsystem/drivers/hv_netvsc/module/drivers/vmbus:hv_netvsc/module/sections" "Mozilla/5.0 AppleWebKit/537.36 (KHTML, like Gecko; compatible; GPTBot/1.4; +https://openai.com/gptbot)"
74.7.242.17 - - [31/Jul/2026:16:17:21 +0200] "GET /?fileloc=//lib64/libX11-xcb.so.1.0.0&path=//lib64 HTTP/1.1" 200 28283 "https://tempokontrol.co.za/?path=//lib64" "Mozilla/5.0 AppleWebKit/537.36 (KHTML, like Gecko; compatible; GPTBot/1.4; +https://openai.com/gptbot)"
74.7.227.163 - - [31/Jul/2026:16:17:21 +0200] "GET /?fileloc=//sys/class/net/lo/subsystem/lo/subsystem/eth0/device/net/eth0/device/subsystem/drivers/hv_netvsc/module/drivers/vmbus:hv_netvsc/module/sections/.exit.data&path=//sys/class/net/lo/subsystem/lo/subsystem/eth0/device/net/eth0/device/subsystem/drivers/hv_netvsc/module/drivers/vmbus:hv_netvsc/module/sections HTTP/1.1" 200 14225 "https://www.tempokontrol.co.za/?path=//sys/class/net/lo/subsystem/lo/subsystem/eth0/device/net/eth0/device/subsystem/drivers/hv_netvsc/module/drivers/vmbus:hv_netvsc/module/sections" "Mozilla/5.0 AppleWebKit/537.36 (KHTML, like Gecko; compatible; GPTBot/1.4; +https://openai.com/gptbot)"
74.7.242.17 - - [31/Jul/2026:16:17:24 +0200] "GET /?fileloc=//lib64/python3.9/functools.py&path=//lib64/python3.9 HTTP/1.1" 200 53217 "https://tempokontrol.co.za/?path=//lib64/python3.9" "Mozilla/5.0 AppleWebKit/537.36 (KHTML, like Gecko; compatible; GPTBot/1.4; +https://openai.com/gptbot)"
74.7.227.163 - - [31/Jul/2026:16:17:25 +0200] "GET /?fileloc=//sys/class/net/lo/subsystem/lo/subsystem/eth0/device/net/eth0/device/subsystem/drivers/hv_utils/module/drivers/vmbus:hv_utils/module/sections/.exit.data&path=//sys/class/net/lo/subsystem/lo/subsystem/eth0/device/net/eth0/device/subsystem/drivers/hv_utils/module/drivers/vmbus:hv_utils/module/sections HTTP/1.1" 200 14212 "https://www.tempokontrol.co.za/?path=//sys/class/net/lo/subsystem/lo/subsystem/eth0/device/net/eth0/device/subsystem/drivers/hv_utils/module/drivers/vmbus:hv_utils/module/sections" "Mozilla/5.0 AppleWebKit/537.36 (KHTML, like Gecko; compatible; GPTBot/1.4; +https://openai.com/gptbot)"
74.7.242.17 - - [31/Jul/2026:16:17:27 +0200] "GET /?fileloc=//lib64/python3.9/zipimport.py&path=//lib64/python3.9 HTTP/1.1" 200 45184 "https://tempokontrol.co.za/?path=//lib64/python3.9" "Mozilla/5.0 AppleWebKit/537.36 (KHTML, like Gecko; compatible; GPTBot/1.4; +https://openai.com/gptbot)"
74.7.227.163 - - [31/Jul/2026:16:17:28 +0200] "GET /?fileloc=//sys/class/net/lo/subsystem/lo/subsystem/eth0/device/net/eth0/device/subsystem/drivers/hv_netvsc/module/drivers/vmbus:hv_netvsc/module/sections/__dyndbg&path=//sys/class/net/lo/subsystem/lo/subsystem/eth0/device/net/eth0/device/subsystem/drivers/hv_netvsc/module/drivers/vmbus:hv_netvsc/module/sections HTTP/1.1" 200 14223 "https://www.tempokontrol.co.za/?path=//sys/class/net/lo/subsystem/lo/subsystem/eth0/device/net/eth0/device/subsystem/drivers/hv_netvsc/module/drivers/vmbus:hv_netvsc/module/sections" "Mozilla/5.0 AppleWebKit/537.36 (KHTML, like Gecko; compatible; GPTBot/1.4; +https://openai.com/gptbot)"
74.7.242.17 - - [31/Jul/2026:16:17:31 +0200] "GET /?fileloc=//lib64/libpcre2-posix.so.3&path=//lib64 HTTP/1.1" 200 30070 "https://tempokontrol.co.za/?path=//lib64" "Mozilla/5.0 AppleWebKit/537.36 (KHTML, like Gecko; compatible; GPTBot/1.4; +https://openai.com/gptbot)"
74.7.227.163 - - [31/Jul/2026:16:17:31 +0200] "GET /?fileloc=//sys/class/net/lo/subsystem/lo/subsystem/eth0/device/net/eth0/device/subsystem/drivers/hv_utils/module/drivers/vmbus:hv_utils/module/sections/.smp_locks&path=//sys/class/net/lo/subsystem/lo/subsystem/eth0/device/net/eth0/device/subsystem/drivers/hv_utils/module/drivers/vmbus:hv_utils/module/sections HTTP/1.1" 200 14212 "https://www.tempokontrol.co.za/?path=//sys/class/net/lo/subsystem/lo/subsystem/eth0/device/net/eth0/device/subsystem/drivers/hv_utils/module/drivers/vmbus:hv_utils/module/sections" "Mozilla/5.0 AppleWebKit/537.36 (KHTML, like Gecko; compatible; GPTBot/1.4; +https://openai.com/gptbot)"
74.7.242.17 - - [31/Jul/2026:16:17:34 +0200] "GET /?fileloc=//lib64/libldap_r.so.2.0.200&path=//lib64 HTTP/1.1" 200 650953 "https://tempokontrol.co.za/?path=//lib64" "Mozilla/5.0 AppleWebKit/537.36 (KHTML, like Gecko; compatible; GPTBot/1.4; +https://openai.com/gptbot)"
74.7.227.163 - - [31/Jul/2026:16:17:34 +0200] "GET /?fileloc=//sys/class/net/lo/subsystem/lo/subsystem/eth0/device/net/eth0/device/subsystem/drivers/hv_netvsc/module/drivers/vmbus:hv_netvsc/module/sections/.symtab&path=//sys/class/net/lo/subsystem/lo/subsystem/eth0/device/net/eth0/device/subsystem/drivers/hv_netvsc/module/drivers/vmbus:hv_netvsc/module/sections HTTP/1.1" 200 14222 "https://www.tempokontrol.co.za/?path=//sys/class/net/lo/subsystem/lo/subsystem/eth0/device/net/eth0/device/subsystem/drivers/hv_netvsc/module/drivers/vmbus:hv_netvsc/module/sections" "Mozilla/5.0 AppleWebKit/537.36 (KHTML, like Gecko; compatible; GPTBot/1.4; +https://openai.com/gptbot)"
74.7.242.17 - - [31/Jul/2026:16:17:37 +0200] "GET /favicon.ico?path=/home/tn/mail/.tristen@tempokontrol_co_za HTTP/1.1" 200 39737 "https://tempokontrol.co.za/favicon.ico?path=/home/tn/mail" "Mozilla/5.0 AppleWebKit/537.36 (KHTML, like Gecko; compatible; GPTBot/1.4; +https://openai.com/gptbot)"
74.7.227.163 - - [31/Jul/2026:16:17:37 +0200] "GET /?fileloc=//sys/class/net/lo/subsystem/lo/subsystem/eth0/device/net/eth0/device/subsystem/drivers/hv_netvsc/module/drivers/vmbus:hv_netvsc/module/coresize&path=//sys/class/net/lo/subsystem/lo/subsystem/eth0/device/net/eth0/device/subsystem/drivers/hv_netvsc/module/drivers/vmbus:hv_netvsc/module HTTP/1.1" 200 14047 "https://www.tempokontrol.co.za/?path=//sys/class/net/lo/subsystem/lo/subsystem/eth0/device/net/eth0/device/subsystem/drivers/hv_netvsc/module/drivers/vmbus:hv_netvsc/module" "Mozilla/5.0 AppleWebKit/537.36 (KHTML, like Gecko; compatible; GPTBot/1.4; +https://openai.com/gptbot)"
74.7.242.17 - - [31/Jul/2026:16:17:40 +0200] "GET /?fileloc=//lib64/libgssapi_krb5.so.2.2&path=//lib64 HTTP/1.1" 200 552439 "https://tempokontrol.co.za/?path=//lib64" "Mozilla/5.0 AppleWebKit/537.36 (KHTML, like Gecko; compatible; GPTBot/1.4; +https://openai.com/gptbot)"
74.7.227.163 - - [31/Jul/2026:16:17:40 +0200] "GET /?fileloc=//sys/class/net/lo/subsystem/lo/subsystem/eth0/device/net/eth0/device/subsystem/drivers/hv_netvsc/module/drivers/vmbus:hv_netvsc/module/sections/__jump_table&path=//sys/class/net/lo/subsystem/lo/subsystem/eth0/device/net/eth0/device/subsystem/drivers/hv_netvsc/module/drivers/vmbus:hv_netvsc/module/sections HTTP/1.1" 200 14227 "https://www.tempokontrol.co.za/?path=//sys/class/net/lo/subsystem/lo/subsystem/eth0/device/net/eth0/device/subsystem/drivers/hv_netvsc/module/drivers/vmbus:hv_netvsc/module/sections" "Mozilla/5.0 AppleWebKit/537.36 (KHTML, like Gecko; compatible; GPTBot/1.4; +https://openai.com/gptbot)"
74.7.242.17 - - [31/Jul/2026:16:17:43 +0200] "GET /favicon.ico?path=/home/tn/public_html/cgi-bin/cgi-bin HTTP/1.1" 200 18972 "https://tempokontrol.co.za/favicon.ico?path=/home/tn/public_html/cgi-bin" "Mozilla/5.0 AppleWebKit/537.36 (KHTML, like Gecko; compatible; GPTBot/1.4; +https://openai.com/gptbot)"
74.7.227.163 - - [31/Jul/2026:16:17:43 +0200] "GET /?fileloc=//sys/class/net/lo/subsystem/lo/subsystem/eth0/device/net/eth0/device/subsystem/drivers/hv_netvsc/module/drivers/vmbus:hv_netvsc/module/sections/__tracepoints&path=//sys/class/net/lo/subsystem/lo/subsystem/eth0/device/net/eth0/device/subsystem/drivers/hv_netvsc/module/drivers/vmbus:hv_netvsc/module/sections HTTP/1.1" 200 14228 "https://www.tempokontrol.co.za/?path=//sys/class/net/lo/subsystem/lo/subsystem/eth0/device/net/eth0/device/subsystem/drivers/hv_netvsc/module/drivers/vmbus:hv_netvsc/module/sections" "Mozilla/5.0 AppleWebKit/537.36 (KHTML, like Gecko; compatible; GPTBot/1.4; +https://openai.com/gptbot)"
74.7.227.163 - - [31/Jul/2026:16:17:47 +0200] "GET /?fileloc=//sys/power/image_size&path=//sys/power HTTP/1.1" 200 12285 "https://www.tempokontrol.co.za/?path=//sys/power" "Mozilla/5.0 AppleWebKit/537.36 (KHTML, like Gecko; compatible; GPTBot/1.4; +https://openai.com/gptbot)"
74.7.242.17 - - [31/Jul/2026:16:17:47 +0200] "GET /?fileloc=//lib64/python3.9/_py_abc.py&path=//lib64/python3.9 HTTP/1.1" 200 18877 "https://tempokontrol.co.za/?path=//lib64/python3.9" "Mozilla/5.0 AppleWebKit/537.36 (KHTML, like Gecko; compatible; GPTBot/1.4; +https://openai.com/gptbot)"
74.7.242.17 - - [31/Jul/2026:16:17:50 +0200] "GET /?fileloc=//lib64/python3.9/py_compile.py&path=//lib64/python3.9 HTTP/1.1" 200 21022 "https://tempokontrol.co.za/?path=//lib64/python3.9" "Mozilla/5.0 AppleWebKit/537.36 (KHTML, like Gecko; compatible; GPTBot/1.4; +https://openai.com/gptbot)"
74.7.227.163 - - [31/Jul/2026:16:17:50 +0200] "GET /?fileloc=//sys/class/net/lo/subsystem/lo/subsystem/eth0/device/net/eth0/device/subsystem/drivers/hyperv_keyboard/module/sections/.note.Linux&path=//sys/class/net/lo/subsystem/lo/subsystem/eth0/device/net/eth0/device/subsystem/drivers/hyperv_keyboard/module/sections HTTP/1.1" 200 13725 "https://www.tempokontrol.co.za/?path=//sys/class/net/lo/subsystem/lo/subsystem/eth0/device/net/eth0/device/subsystem/drivers/hyperv_keyboard/module/sections" "Mozilla/5.0 AppleWebKit/537.36 (KHTML, like Gecko; compatible; GPTBot/1.4; +https://openai.com/gptbot)"
74.7.242.17 - - [31/Jul/2026:16:17:53 +0200] "GET /?fileloc=//lib64/libwmf-0.2.so.7.1.4&path=//lib64 HTTP/1.1" 200 408130 "https://tempokontrol.co.za/?path=//lib64" "Mozilla/5.0 AppleWebKit/537.36 (KHTML, like Gecko; compatible; GPTBot/1.4; +https://openai.com/gptbot)"
74.7.227.163 - - [31/Jul/2026:16:17:53 +0200] "GET /?path=//sys/block/sdi HTTP/1.1" 200 51474 "https://www.tempokontrol.co.za/?path=//sys/block" "Mozilla/5.0 AppleWebKit/537.36 (KHTML, like Gecko; compatible; GPTBot/1.4; +https://openai.com/gptbot)"
74.7.242.17 - - [31/Jul/2026:16:17:56 +0200] "GET /?fileloc=//lib64/libxcb-xinerama.so.0&path=//lib64 HTTP/1.1" 200 30520 "https://tempokontrol.co.za/?path=//lib64" "Mozilla/5.0 AppleWebKit/537.36 (KHTML, like Gecko; compatible; GPTBot/1.4; +https://openai.com/gptbot)"
74.7.227.163 - - [31/Jul/2026:16:17:56 +0200] "GET /?path=//sys/block/sdn HTTP/1.1" 200 51474 "https://www.tempokontrol.co.za/?path=//sys/block" "Mozilla/5.0 AppleWebKit/537.36 (KHTML, like Gecko; compatible; GPTBot/1.4; +https://openai.com/gptbot)"
74.7.227.163 - - [31/Jul/2026:16:17:59 +0200] "GET /?path=//sys/block/sdg HTTP/1.1" 200 51474 "https://www.tempokontrol.co.za/?path=//sys/block" "Mozilla/5.0 AppleWebKit/537.36 (KHTML, like Gecko; compatible; GPTBot/1.4; +https://openai.com/gptbot)"
74.7.242.17 - - [31/Jul/2026:16:17:59 +0200] "GET /?fileloc=//lib64/libdrop_ambient.so.0&path=//lib64 HTTP/1.1" 200 29049 "https://tempokontrol.co.za/?path=//lib64" "Mozilla/5.0 AppleWebKit/537.36 (KHTML, like Gecko; compatible; GPTBot/1.4; +https://openai.com/gptbot)"
74.7.227.163 - - [31/Jul/2026:16:18:02 +0200] "GET /?path=//sys/block/sdf HTTP/1.1" 200 51474 "https://www.tempokontrol.co.za/?path=//sys/block" "Mozilla/5.0 AppleWebKit/537.36 (KHTML, like Gecko; compatible; GPTBot/1.4; +https://openai.com/gptbot)"
74.7.242.17 - - [31/Jul/2026:16:18:02 +0200] "GET /?fileloc=//lib64/libxcb-damage.so.0.0.0&path=//lib64 HTTP/1.1" 200 30414 "https://tempokontrol.co.za/?path=//lib64" "Mozilla/5.0 AppleWebKit/537.36 (KHTML, like Gecko; compatible; GPTBot/1.4; +https://openai.com/gptbot)"
74.7.242.17 - - [31/Jul/2026:16:18:05 +0200] "GET /?fileloc=//lib64/libxcb-render.so.0.0.0&path=//lib64 HTTP/1.1" 200 91431 "https://tempokontrol.co.za/?path=//lib64" "Mozilla/5.0 AppleWebKit/537.36 (KHTML, like Gecko; compatible; GPTBot/1.4; +https://openai.com/gptbot)"
74.7.227.163 - - [31/Jul/2026:16:18:05 +0200] "GET /?path=//sys/block/sdj HTTP/1.1" 200 51474 "https://www.tempokontrol.co.za/?path=//sys/block" "Mozilla/5.0 AppleWebKit/537.36 (KHTML, like Gecko; compatible; GPTBot/1.4; +https://openai.com/gptbot)"
74.7.227.163 - - [31/Jul/2026:16:18:09 +0200] "GET /?path=//sys/module/sg HTTP/1.1" 200 30797 "https://www.tempokontrol.co.za/?path=//sys/module" "Mozilla/5.0 AppleWebKit/537.36 (KHTML, like Gecko; compatible; GPTBot/1.4; +https://openai.com/gptbot)"
74.7.242.17 - - [31/Jul/2026:16:18:09 +0200] "GET /?fileloc=//lib64/libxcb-xinput.so.0.1.0&path=//lib64 HTTP/1.1" 200 212610 "https://tempokontrol.co.za/?path=//lib64" "Mozilla/5.0 AppleWebKit/537.36 (KHTML, like Gecko; compatible; GPTBot/1.4; +https://openai.com/gptbot)"
74.7.242.17 - - [31/Jul/2026:16:18:12 +0200] "GET /favicon.ico?path=/home/tn/mail/.tristen@tempokontrol_co_za/.spam HTTP/1.1" 200 21875 "https://tempokontrol.co.za/favicon.ico?path=/home/tn/mail/.tristen@tempokontrol_co_za" "Mozilla/5.0 AppleWebKit/537.36 (KHTML, like Gecko; compatible; GPTBot/1.4; +https://openai.com/gptbot)"
74.7.227.163 - - [31/Jul/2026:16:18:12 +0200] "GET /?path=//sys/block/sde HTTP/1.1" 200 51474 "https://www.tempokontrol.co.za/?path=//sys/block" "Mozilla/5.0 AppleWebKit/537.36 (KHTML, like Gecko; compatible; GPTBot/1.4; +https://openai.com/gptbot)"
74.7.242.17 - - [31/Jul/2026:16:18:15 +0200] "GET /favicon.ico?path=/home/tn/mail/.tristen@tempokontrol_co_za/tmp HTTP/1.1" 200 12876 "https://tempokontrol.co.za/favicon.ico?path=/home/tn/mail/.tristen@tempokontrol_co_za" "Mozilla/5.0 AppleWebKit/537.36 (KHTML, like Gecko; compatible; GPTBot/1.4; +https://openai.com/gptbot)"
74.7.227.163 - - [31/Jul/2026:16:18:15 +0200] "GET /?path=//sys/block/sdm HTTP/1.1" 200 51474 "https://www.tempokontrol.co.za/?path=//sys/block" "Mozilla/5.0 AppleWebKit/537.36 (KHTML, like Gecko; compatible; GPTBot/1.4; +https://openai.com/gptbot)"
74.7.242.17 - - [31/Jul/2026:16:18:18 +0200] "GET /favicon.ico?path=/home/tn/mail/.tristen@tempokontrol_co_za/cur HTTP/1.1" 200 12876 "https://tempokontrol.co.za/favicon.ico?path=/home/tn/mail/.tristen@tempokontrol_co_za" "Mozilla/5.0 AppleWebKit/537.36 (KHTML, like Gecko; compatible; GPTBot/1.4; +https://openai.com/gptbot)"
74.7.227.163 - - [31/Jul/2026:16:18:18 +0200] "GET /?fileloc=//sys/class/net/lo/subsystem/lo/subsystem/eth0/device/net/eth0/device/net/eth0/subsystem/lo/statistics/tx_packets&path=//sys/class/net/lo/subsystem/lo/subsystem/eth0/device/net/eth0/device/net/eth0/subsystem/lo/statistics HTTP/1.1" 200 13631 "https://www.tempokontrol.co.za/?path=//sys/class/net/lo/subsystem/lo/subsystem/eth0/device/net/eth0/device/net/eth0/subsystem/lo/statistics" "Mozilla/5.0 AppleWebKit/537.36 (KHTML, like Gecko; compatible; GPTBot/1.4; +https://openai.com/gptbot)"
207.46.13.54 - - [31/Jul/2026:16:18:17 +0200] "GET /?q=b3e3r4t4h2i7e3r9i7t5e8 HTTP/1.1" 200 823414 "-" "Mozilla/5.0 AppleWebKit/537.36 (KHTML, like Gecko; compatible; bingbot/2.0; +http://www.bing.com/bingbot.htm) Chrome/116.0.1938.76 Safari/537.36"
74.7.242.17 - - [31/Jul/2026:16:18:22 +0200] "GET /favicon.ico?path=/home/tn/mail/.tristen@tempokontrol_co_za/new HTTP/1.1" 200 18255 "https://tempokontrol.co.za/favicon.ico?path=/home/tn/mail/.tristen@tempokontrol_co_za" "Mozilla/5.0 AppleWebKit/537.36 (KHTML, like Gecko; compatible; GPTBot/1.4; +https://openai.com/gptbot)"
74.7.227.163 - - [31/Jul/2026:16:18:21 +0200] "GET /?fileloc=//sys/class/net/lo/subsystem/lo/subsystem/eth0/device/net/eth0/device/net/eth0/subsystem/lo/subsystem/lo/netdev_group&path=//sys/class/net/lo/subsystem/lo/subsystem/eth0/device/net/eth0/device/net/eth0/subsystem/lo/subsystem/lo HTTP/1.1" 200 13756 "https://www.tempokontrol.co.za/?path=//sys/class/net/lo/subsystem/lo/subsystem/eth0/device/net/eth0/device/net/eth0/subsystem/lo/subsystem/lo" "Mozilla/5.0 AppleWebKit/537.36 (KHTML, like Gecko; compatible; GPTBot/1.4; +https://openai.com/gptbot)"
74.7.242.17 - - [31/Jul/2026:16:18:25 +0200] "GET /favicon.ico?path=/home/tn/mail/.tristen@tempokontrol_co_za/.Drafts HTTP/1.1" 200 20339 "https://tempokontrol.co.za/favicon.ico?path=/home/tn/mail/.tristen@tempokontrol_co_za" "Mozilla/5.0 AppleWebKit/537.36 (KHTML, like Gecko; compatible; GPTBot/1.4; +https://openai.com/gptbot)"
74.7.227.163 - - [31/Jul/2026:16:18:24 +0200] "GET /?fileloc=//sys/class/net/lo/subsystem/lo/subsystem/eth0/device/net/eth0/device/net/eth0/subsystem/lo/statistics/tx_carrier_errors&path=//sys/class/net/lo/subsystem/lo/subsystem/eth0/device/net/eth0/device/net/eth0/subsystem/lo/statistics HTTP/1.1" 200 13633 "https://www.tempokontrol.co.za/?path=//sys/class/net/lo/subsystem/lo/subsystem/eth0/device/net/eth0/device/net/eth0/subsystem/lo/statistics" "Mozilla/5.0 AppleWebKit/537.36 (KHTML, like Gecko; compatible; GPTBot/1.4; +https://openai.com/gptbot)"
74.7.242.17 - - [31/Jul/2026:16:18:28 +0200] "GET /favicon.ico?path=/home/tn/mail/.tristen@tempokontrol_co_za/.Trash HTTP/1.1" 200 20320 "https://tempokontrol.co.za/favicon.ico?path=/home/tn/mail/.tristen@tempokontrol_co_za" "Mozilla/5.0 AppleWebKit/537.36 (KHTML, like Gecko; compatible; GPTBot/1.4; +https://openai.com/gptbot)"
74.7.227.163 - - [31/Jul/2026:16:18:27 +0200] "GET /?fileloc=//sys/class/net/lo/subsystem/lo/subsystem/eth0/device/net/eth0/device/net/eth0/subsystem/lo/statistics/tx_heartbeat_errors&path=//sys/class/net/lo/subsystem/lo/subsystem/eth0/device/net/eth0/device/net/eth0/subsystem/lo/statistics HTTP/1.1" 200 13635 "https://www.tempokontrol.co.za/?path=//sys/class/net/lo/subsystem/lo/subsystem/eth0/device/net/eth0/device/net/eth0/subsystem/lo/statistics" "Mozilla/5.0 AppleWebKit/537.36 (KHTML, like Gecko; compatible; GPTBot/1.4; +https://openai.com/gptbot)"
74.7.242.17 - - [31/Jul/2026:16:18:31 +0200] "GET /favicon.ico?path=/home/tn/mail/.Sent HTTP/1.1" 200 19707 "https://tempokontrol.co.za/favicon.ico?path=/home/tn/mail" "Mozilla/5.0 AppleWebKit/537.36 (KHTML, like Gecko; compatible; GPTBot/1.4; +https://openai.com/gptbot)"
74.7.227.163 - - [31/Jul/2026:16:18:30 +0200] "GET /?fileloc=//sys/block/sdn/capability&path=//sys/block/sdn HTTP/1.1" 200 12321 "https://www.tempokontrol.co.za/?path=//sys/block/sdn" "Mozilla/5.0 AppleWebKit/537.36 (KHTML, like Gecko; compatible; GPTBot/1.4; +https://openai.com/gptbot)"
74.7.227.163 - - [31/Jul/2026:16:18:33 +0200] "GET /?fileloc=//sys/class/net/lo/subsystem/lo/subsystem/eth0/device/net/eth0/device/net/eth0/subsystem/lo/statistics/tx_fifo_errors&path=//sys/class/net/lo/subsystem/lo/subsystem/eth0/device/net/eth0/device/net/eth0/subsystem/lo/statistics HTTP/1.1" 200 13630 "https://www.tempokontrol.co.za/?path=//sys/class/net/lo/subsystem/lo/subsystem/eth0/device/net/eth0/device/net/eth0/subsystem/lo/statistics" "Mozilla/5.0 AppleWebKit/537.36 (KHTML, like Gecko; compatible; GPTBot/1.4; +https://openai.com/gptbot)"
74.7.242.17 - - [31/Jul/2026:16:18:34 +0200] "GET /?fileloc=/home/tn/.softaculous/installations.php&path=/home/tn/.softaculous HTTP/1.1" 200 14171 "https://tempokontrol.co.za/?path=/home/tn/.softaculous" "Mozilla/5.0 AppleWebKit/537.36 (KHTML, like Gecko; compatible; GPTBot/1.4; +https://openai.com/gptbot)"
74.7.227.163 - - [31/Jul/2026:16:18:37 +0200] "GET /?path=//sys/block/sdf/trace HTTP/1.1" 200 19952 "https://www.tempokontrol.co.za/?path=//sys/block/sdf" "Mozilla/5.0 AppleWebKit/537.36 (KHTML, like Gecko; compatible; GPTBot/1.4; +https://openai.com/gptbot)"
74.7.242.17 - - [31/Jul/2026:16:18:37 +0200] "GET /?fileloc=//lib64/python3.9/argparse.py&path=//lib64/python3.9 HTTP/1.1" 200 114991 "https://tempokontrol.co.za/?path=//lib64/python3.9" "Mozilla/5.0 AppleWebKit/537.36 (KHTML, like Gecko; compatible; GPTBot/1.4; +https://openai.com/gptbot)"
74.7.227.163 - - [31/Jul/2026:16:18:40 +0200] "GET /?path=//sys/block/sdj/holders HTTP/1.1" 200 14112 "https://www.tempokontrol.co.za/?path=//sys/block/sdj" "Mozilla/5.0 AppleWebKit/537.36 (KHTML, like Gecko; compatible; GPTBot/1.4; +https://openai.com/gptbot)"
74.7.242.17 - - [31/Jul/2026:16:18:40 +0200] "GET /?fileloc=//lib64/gconv/CP10007.so&path=//lib64/gconv HTTP/1.1" 200 36722 "https://tempokontrol.co.za/?path=//lib64/gconv" "Mozilla/5.0 AppleWebKit/537.36 (KHTML, like Gecko; compatible; GPTBot/1.4; +https://openai.com/gptbot)"
74.7.227.163 - - [31/Jul/2026:16:18:43 +0200] "GET /?fileloc=//sys/class/net/lo/subsystem/lo/subsystem/eth0/device/net/eth0/subsystem/eth0/subsystem/lo/subsystem/lo/napi_defer_hard_irqs&path=//sys/class/net/lo/subsystem/lo/subsystem/eth0/device/net/eth0/subsystem/eth0/subsystem/lo/subsystem/lo HTTP/1.1" 200 13666 "https://www.tempokontrol.co.za/?path=//sys/class/net/lo/subsystem/lo/subsystem/eth0/device/net/eth0/subsystem/eth0/subsystem/lo/subsystem/lo" "Mozilla/5.0 AppleWebKit/537.36 (KHTML, like Gecko; compatible; GPTBot/1.4; +https://openai.com/gptbot)"
74.7.242.17 - - [31/Jul/2026:16:18:43 +0200] "GET /?fileloc=//lib64/libtss2-esys.so.0.0.0&path=//lib64 HTTP/1.1" 200 881748 "https://tempokontrol.co.za/?path=//lib64" "Mozilla/5.0 AppleWebKit/537.36 (KHTML, like Gecko; compatible; GPTBot/1.4; +https://openai.com/gptbot)"
74.7.242.17 - - [31/Jul/2026:16:18:46 +0200] "GET /favicon.ico?path=/home/tn/mail/.tristen@tempokontrol_co_za/.spam/tmp HTTP/1.1" 200 12956 "https://tempokontrol.co.za/favicon.ico?path=/home/tn/mail/.tristen@tempokontrol_co_za/.spam" "Mozilla/5.0 AppleWebKit/537.36 (KHTML, like Gecko; compatible; GPTBot/1.4; +https://openai.com/gptbot)"
74.7.227.163 - - [31/Jul/2026:16:18:46 +0200] "GET /?fileloc=//sys/class/net/lo/subsystem/lo/subsystem/eth0/device/net/eth0/subsystem/eth0/subsystem/lo/subsystem/lo/carrier_down_count&path=//sys/class/net/lo/subsystem/lo/subsystem/eth0/device/net/eth0/subsystem/eth0/subsystem/lo/subsystem/lo HTTP/1.1" 200 13664 "https://www.tempokontrol.co.za/?path=//sys/class/net/lo/subsystem/lo/subsystem/eth0/device/net/eth0/subsystem/eth0/subsystem/lo/subsystem/lo" "Mozilla/5.0 AppleWebKit/537.36 (KHTML, like Gecko; compatible; GPTBot/1.4; +https://openai.com/gptbot)"
74.7.242.17 - - [31/Jul/2026:16:18:50 +0200] "GET /favicon.ico?path=/home/tn/mail/.tristen@tempokontrol_co_za/.spam/new HTTP/1.1" 200 12956 "https://tempokontrol.co.za/favicon.ico?path=/home/tn/mail/.tristen@tempokontrol_co_za/.spam" "Mozilla/5.0 AppleWebKit/537.36 (KHTML, like Gecko; compatible; GPTBot/1.4; +https://openai.com/gptbot)"
74.7.227.163 - - [31/Jul/2026:16:18:49 +0200] "GET /?fileloc=//sys/class/net/lo/subsystem/lo/subsystem/eth0/device/net/eth0/device/net/eth0/subsystem/lo/statistics/rx_fifo_errors&path=//sys/class/net/lo/subsystem/lo/subsystem/eth0/device/net/eth0/device/net/eth0/subsystem/lo/statistics HTTP/1.1" 200 13630 "https://www.tempokontrol.co.za/?path=//sys/class/net/lo/subsystem/lo/subsystem/eth0/device/net/eth0/device/net/eth0/subsystem/lo/statistics" "Mozilla/5.0 AppleWebKit/537.36 (KHTML, like Gecko; compatible; GPTBot/1.4; +https://openai.com/gptbot)"
74.7.227.163 - - [31/Jul/2026:16:18:52 +0200] "GET /?fileloc=//sys/class/net/lo/subsystem/lo/subsystem/eth0/device/net/eth0/device/net/eth0/subsystem/lo/statistics/tx_compressed&path=//sys/class/net/lo/subsystem/lo/subsystem/eth0/device/net/eth0/device/net/eth0/subsystem/lo/statistics HTTP/1.1" 200 13629 "https://www.tempokontrol.co.za/?path=//sys/class/net/lo/subsystem/lo/subsystem/eth0/device/net/eth0/device/net/eth0/subsystem/lo/statistics" "Mozilla/5.0 AppleWebKit/537.36 (KHTML, like Gecko; compatible; GPTBot/1.4; +https://openai.com/gptbot)"
74.7.242.17 - - [31/Jul/2026:16:18:53 +0200] "GET /favicon.ico?path=/home/tn/mail/.tristen@tempokontrol_co_za/.spam/cur HTTP/1.1" 200 12956 "https://tempokontrol.co.za/favicon.ico?path=/home/tn/mail/.tristen@tempokontrol_co_za/.spam" "Mozilla/5.0 AppleWebKit/537.36 (KHTML, like Gecko; compatible; GPTBot/1.4; +https://openai.com/gptbot)"
74.7.227.163 - - [31/Jul/2026:16:18:55 +0200] "GET /?fileloc=//sys/class/net/lo/subsystem/lo/subsystem/eth0/device/net/eth0/device/net/eth0/subsystem/lo/statistics/rx_missed_errors&path=//sys/class/net/lo/subsystem/lo/subsystem/eth0/device/net/eth0/device/net/eth0/subsystem/lo/statistics HTTP/1.1" 200 13632 "https://www.tempokontrol.co.za/?path=//sys/class/net/lo/subsystem/lo/subsystem/eth0/device/net/eth0/device/net/eth0/subsystem/lo/statistics" "Mozilla/5.0 AppleWebKit/537.36 (KHTML, like Gecko; compatible; GPTBot/1.4; +https://openai.com/gptbot)"
74.7.242.17 - - [31/Jul/2026:16:18:56 +0200] "GET /?fileloc=//lib64/python3.9/mimetypes.py&path=//lib64/python3.9 HTTP/1.1" 200 38037 "https://tempokontrol.co.za/?path=//lib64/python3.9" "Mozilla/5.0 AppleWebKit/537.36 (KHTML, like Gecko; compatible; GPTBot/1.4; +https://openai.com/gptbot)"
74.7.242.17 - - [31/Jul/2026:16:18:59 +0200] "GET /favicon.ico?path=/home/tn/mail/.tristen@tempokontrol_co_za/.Drafts/tmp HTTP/1.1" 200 12962 "https://tempokontrol.co.za/favicon.ico?path=/home/tn/mail/.tristen@tempokontrol_co_za/.Drafts" "Mozilla/5.0 AppleWebKit/537.36 (KHTML, like Gecko; compatible; GPTBot/1.4; +https://openai.com/gptbot)"
74.7.227.163 - - [31/Jul/2026:16:18:59 +0200] "GET /?fileloc=//sys/class/net/lo/subsystem/lo/subsystem/eth0/device/net/eth0/device/net/eth0/subsystem/lo/statistics/rx_errors&path=//sys/class/net/lo/subsystem/lo/subsystem/eth0/device/net/eth0/device/net/eth0/subsystem/lo/statistics HTTP/1.1" 200 13625 "https://www.tempokontrol.co.za/?path=//sys/class/net/lo/subsystem/lo/subsystem/eth0/device/net/eth0/device/net/eth0/subsystem/lo/statistics" "Mozilla/5.0 AppleWebKit/537.36 (KHTML, like Gecko; compatible; GPTBot/1.4; +https://openai.com/gptbot)"
74.7.242.17 - - [31/Jul/2026:16:19:02 +0200] "GET /favicon.ico?path=/home/tn/mail/.tristen@tempokontrol_co_za/.Trash/tmp HTTP/1.1" 200 12959 "https://tempokontrol.co.za/favicon.ico?path=/home/tn/mail/.tristen@tempokontrol_co_za/.Trash" "Mozilla/5.0 AppleWebKit/537.36 (KHTML, like Gecko; compatible; GPTBot/1.4; +https://openai.com/gptbot)"
74.7.227.163 - - [31/Jul/2026:16:19:02 +0200] "GET /?fileloc=//sys/class/net/lo/subsystem/lo/subsystem/eth0/device/net/eth0/device/net/eth0/subsystem/lo/statistics/rx_packets&path=//sys/class/net/lo/subsystem/lo/subsystem/eth0/device/net/eth0/device/net/eth0/subsystem/lo/statistics HTTP/1.1" 200 13631 "https://www.tempokontrol.co.za/?path=//sys/class/net/lo/subsystem/lo/subsystem/eth0/device/net/eth0/device/net/eth0/subsystem/lo/statistics" "Mozilla/5.0 AppleWebKit/537.36 (KHTML, like Gecko; compatible; GPTBot/1.4; +https://openai.com/gptbot)"
74.7.242.17 - - [31/Jul/2026:16:19:05 +0200] "GET /favicon.ico?path=/home/tn/mail/.tristen@tempokontrol_co_za/.Trash/new HTTP/1.1" 200 12959 "https://tempokontrol.co.za/favicon.ico?path=/home/tn/mail/.tristen@tempokontrol_co_za/.Trash" "Mozilla/5.0 AppleWebKit/537.36 (KHTML, like Gecko; compatible; GPTBot/1.4; +https://openai.com/gptbot)"
