74.7.227.163 - - [31/Jul/2026:16:22:29 +0200] "GET /?fileloc=//sys/class/net/eth0/subsystem/eth0/subsystem/eth0/device/channel_vp_mapping&path=//sys/class/net/eth0/subsystem/eth0/subsystem/eth0/device HTTP/1.1" 200 12824 "https://www.tempokontrol.co.za/?path=//sys/class/net/eth0/subsystem/eth0/subsystem/eth0/device" "Mozilla/5.0 AppleWebKit/537.36 (KHTML, like Gecko; compatible; GPTBot/1.4; +https://openai.com/gptbot)"
74.7.242.17 - - [31/Jul/2026:16:22:30 +0200] "GET /?fileloc=//lib64/gconv/CP772.so&path=//lib64/gconv HTTP/1.1" 200 36669 "https://tempokontrol.co.za/?path=//lib64/gconv" "Mozilla/5.0 AppleWebKit/537.36 (KHTML, like Gecko; compatible; GPTBot/1.4; +https://openai.com/gptbot)"
74.7.227.163 - - [31/Jul/2026:16:22:32 +0200] "GET /?fileloc=//sys/class/net/eth0/subsystem/eth0/subsystem/eth0/device/out_write_bytes_avail&path=//sys/class/net/eth0/subsystem/eth0/subsystem/eth0/device HTTP/1.1" 200 12784 "https://www.tempokontrol.co.za/?path=//sys/class/net/eth0/subsystem/eth0/subsystem/eth0/device" "Mozilla/5.0 AppleWebKit/537.36 (KHTML, like Gecko; compatible; GPTBot/1.4; +https://openai.com/gptbot)"
172.213.8.106 - - [31/Jul/2026:16:22:34 +0200] "GET /wp-content/plugins/hellopress/wp_filemanager.php HTTP/1.1" 401 36 "-" "-"
74.7.242.17 - - [31/Jul/2026:16:22:33 +0200] "GET /?fileloc=//lib64/gconv/CP770.so&path=//lib64/gconv HTTP/1.1" 200 36830 "https://tempokontrol.co.za/?path=//lib64/gconv" "Mozilla/5.0 AppleWebKit/537.36 (KHTML, like Gecko; compatible; GPTBot/1.4; +https://openai.com/gptbot)"
172.213.8.106 - - [31/Jul/2026:16:22:35 +0200] "GET /this_is_a_new_hello_world.php HTTP/1.1" 401 36 "-" "-"
172.213.8.106 - - [31/Jul/2026:16:22:35 +0200] "GET /kon.php HTTP/1.1" 401 36 "-" "-"
172.213.8.106 - - [31/Jul/2026:16:22:36 +0200] "GET /load.php HTTP/1.1" 401 36 "-" "-"
74.7.227.163 - - [31/Jul/2026:16:22:35 +0200] "GET /?fileloc=//sys/class/net/eth0/subsystem/eth0/subsystem/eth0/device/in_write_bytes_avail&path=//sys/class/net/eth0/subsystem/eth0/subsystem/eth0/device HTTP/1.1" 200 12783 "https://www.tempokontrol.co.za/?path=//sys/class/net/eth0/subsystem/eth0/subsystem/eth0/device" "Mozilla/5.0 AppleWebKit/537.36 (KHTML, like Gecko; compatible; GPTBot/1.4; +https://openai.com/gptbot)"
172.213.8.106 - - [31/Jul/2026:16:22:36 +0200] "GET /666666.php HTTP/1.1" 401 36 "-" "-"
172.213.8.106 - - [31/Jul/2026:16:22:36 +0200] "GET /minishell HTTP/1.1" 401 36 "-" "-"
172.213.8.106 - - [31/Jul/2026:16:22:37 +0200] "GET /v5.php HTTP/1.1" 401 36 "-" "-"
74.7.242.17 - - [31/Jul/2026:16:22:36 +0200] "GET /?path=/home/tn/www/wp-admin/js HTTP/1.1" 200 161005 "https://tempokontrol.co.za/?path=/home/tn/www/wp-admin" "Mozilla/5.0 AppleWebKit/537.36 (KHTML, like Gecko; compatible; GPTBot/1.4; +https://openai.com/gptbot)"
172.213.8.106 - - [31/Jul/2026:16:22:37 +0200] "GET /btx25.php HTTP/1.1" 401 36 "-" "-"
172.213.8.106 - - [31/Jul/2026:16:22:38 +0200] "GET /wp-content/uploads/xxw.php HTTP/1.1" 401 36 "-" "-"
172.213.8.106 - - [31/Jul/2026:16:22:38 +0200] "GET /zwso.php HTTP/1.1" 401 36 "-" "-"
172.213.8.106 - - [31/Jul/2026:16:22:39 +0200] "GET /lxrgu.php HTTP/1.1" 401 36 "-" "-"
74.7.227.163 - - [31/Jul/2026:16:22:38 +0200] "GET /?fileloc=//sys/class/net/eth0/subsystem/eth0/subsystem/eth0/device/out_write_index&path=//sys/class/net/eth0/subsystem/eth0/subsystem/eth0/device HTTP/1.1" 200 12778 "https://www.tempokontrol.co.za/?path=//sys/class/net/eth0/subsystem/eth0/subsystem/eth0/device" "Mozilla/5.0 AppleWebKit/537.36 (KHTML, like Gecko; compatible; GPTBot/1.4; +https://openai.com/gptbot)"
172.213.8.106 - - [31/Jul/2026:16:22:39 +0200] "GET /pbmqm.php HTTP/1.1" 401 36 "-" "-"
172.213.8.106 - - [31/Jul/2026:16:22:40 +0200] "GET /ruru.php HTTP/1.1" 401 36 "-" "-"
74.7.242.17 - - [31/Jul/2026:16:22:39 +0200] "GET /favicon.ico?path=/home/tn/.wp-cli HTTP/1.1" 200 14051 "https://tempokontrol.co.za/favicon.ico?path=/home/tn" "Mozilla/5.0 AppleWebKit/537.36 (KHTML, like Gecko; compatible; GPTBot/1.4; +https://openai.com/gptbot)"
172.213.8.106 - - [31/Jul/2026:16:22:40 +0200] "GET /red.php HTTP/1.1" 401 36 "-" "-"
172.213.8.106 - - [31/Jul/2026:16:22:41 +0200] "GET /ohct.php HTTP/1.1" 401 36 "-" "-"
172.213.8.106 - - [31/Jul/2026:16:22:41 +0200] "GET /wp-includes/Text/Diff/Engine/file_cdd9.php HTTP/1.1" 401 36 "-" "-"
172.213.8.106 - - [31/Jul/2026:16:22:42 +0200] "GET /Okxob.php HTTP/1.1" 401 36 "-" "-"
172.213.8.106 - - [31/Jul/2026:16:22:42 +0200] "GET /desah.php HTTP/1.1" 401 36 "-" "-"
74.7.227.163 - - [31/Jul/2026:16:22:41 +0200] "GET /?fileloc=//sys/class/net/eth0/subsystem/eth0/subsystem/eth0/device/out_read_bytes_avail&path=//sys/class/net/eth0/subsystem/eth0/subsystem/eth0/device HTTP/1.1" 200 12778 "https://www.tempokontrol.co.za/?path=//sys/class/net/eth0/subsystem/eth0/subsystem/eth0/device" "Mozilla/5.0 AppleWebKit/537.36 (KHTML, like Gecko; compatible; GPTBot/1.4; +https://openai.com/gptbot)"
172.213.8.106 - - [31/Jul/2026:16:22:42 +0200] "GET /222.php HTTP/1.1" 401 36 "-" "-"
172.213.8.106 - - [31/Jul/2026:16:22:43 +0200] "GET /wpxml.php HTTP/1.1" 401 36 "-" "-"
74.7.242.17 - - [31/Jul/2026:16:22:43 +0200] "GET /?fileloc=//lib64/libtevent.so.0.17.1&path=//lib64 HTTP/1.1" 200 149307 "https://tempokontrol.co.za/?path=//lib64" "Mozilla/5.0 AppleWebKit/537.36 (KHTML, like Gecko; compatible; GPTBot/1.4; +https://openai.com/gptbot)"
172.213.8.106 - - [31/Jul/2026:16:22:44 +0200] "GET /medusa.php HTTP/1.1" 401 36 "-" "-"
172.213.8.106 - - [31/Jul/2026:16:22:44 +0200] "GET /manager.phP HTTP/1.1" 401 36 "-" "-"
172.213.8.106 - - [31/Jul/2026:16:22:45 +0200] "GET /wp-content/uploads/file1.php HTTP/1.1" 401 36 "-" "-"
74.7.227.163 - - [31/Jul/2026:16:22:44 +0200] "GET /?fileloc=//sys/class/net/eth0/subsystem/eth0/subsystem/eth0/power/runtime_suspended_time&path=//sys/class/net/eth0/subsystem/eth0/subsystem/eth0/power HTTP/1.1" 200 12777 "https://www.tempokontrol.co.za/?path=//sys/class/net/eth0/subsystem/eth0/subsystem/eth0/power" "Mozilla/5.0 AppleWebKit/537.36 (KHTML, like Gecko; compatible; GPTBot/1.4; +https://openai.com/gptbot)"
172.213.8.106 - - [31/Jul/2026:16:22:46 +0200] "GET /dex.php HTTP/1.1" 401 36 "-" "-"
172.213.8.106 - - [31/Jul/2026:16:22:46 +0200] "GET /fraro.php HTTP/1.1" 401 36 "-" "-"
74.7.242.17 - - [31/Jul/2026:16:22:46 +0200] "GET /?fileloc=//lib64/libxcb-dri3.so.0.0.0&path=//lib64 HTTP/1.1" 200 40767 "https://tempokontrol.co.za/?path=//lib64" "Mozilla/5.0 AppleWebKit/537.36 (KHTML, like Gecko; compatible; GPTBot/1.4; +https://openai.com/gptbot)"
172.213.8.106 - - [31/Jul/2026:16:22:47 +0200] "GET /wp-content/ms-files.php HTTP/1.1" 401 36 "-" "-"
172.213.8.106 - - [31/Jul/2026:16:22:47 +0200] "GET /wp-content/options.php HTTP/1.1" 401 36 "-" "-"
172.213.8.106 - - [31/Jul/2026:16:22:48 +0200] "GET /wp-content/uploads/panel.php HTTP/1.1" 401 36 "-" "-"
172.213.8.106 - - [31/Jul/2026:16:22:48 +0200] "GET /wp-content/uploads/users.php HTTP/1.1" 401 36 "-" "-"
74.7.227.163 - - [31/Jul/2026:16:22:48 +0200] "GET /?fileloc=//sys/class/net/eth0/subsystem/eth0/subsystem/eth0/device/client_monitor_conn_id&path=//sys/class/net/eth0/subsystem/eth0/subsystem/eth0/device HTTP/1.1" 200 12783 "https://www.tempokontrol.co.za/?path=//sys/class/net/eth0/subsystem/eth0/subsystem/eth0/device" "Mozilla/5.0 AppleWebKit/537.36 (KHTML, like Gecko; compatible; GPTBot/1.4; +https://openai.com/gptbot)"
172.213.8.106 - - [31/Jul/2026:16:22:49 +0200] "GET /df.php HTTP/1.1" 401 36 "-" "-"
172.213.8.106 - - [31/Jul/2026:16:22:49 +0200] "GET /wp-content/min.php HTTP/1.1" 401 36 "-" "-"
172.213.8.106 - - [31/Jul/2026:16:22:50 +0200] "GET /auDSb1pcgtR.php HTTP/1.1" 401 36 "-" "-"
74.7.242.17 - - [31/Jul/2026:16:22:49 +0200] "GET /?fileloc=//lib64/libgcrypt.so.20.4.0&path=//lib64 HTTP/1.1" 200 2164406 "https://tempokontrol.co.za/?path=//lib64" "Mozilla/5.0 AppleWebKit/537.36 (KHTML, like Gecko; compatible; GPTBot/1.4; +https://openai.com/gptbot)"
172.213.8.106 - - [31/Jul/2026:16:22:50 +0200] "GET /1n3e5n8u.php HTTP/1.1" 401 36 "-" "-"
172.213.8.106 - - [31/Jul/2026:16:22:51 +0200] "GET /wp-content/xyn.php HTTP/1.1" 401 36 "-" "-"
172.213.8.106 - - [31/Jul/2026:16:22:52 +0200] "GET /diidi.php HTTP/1.1" 401 36 "-" "-"
74.7.227.163 - - [31/Jul/2026:16:22:51 +0200] "GET /?fileloc=//sys/class/net/eth0/subsystem/eth0/subsystem/eth0/device/server_monitor_conn_id&path=//sys/class/net/eth0/subsystem/eth0/subsystem/eth0/device HTTP/1.1" 200 12781 "https://www.tempokontrol.co.za/?path=//sys/class/net/eth0/subsystem/eth0/subsystem/eth0/device" "Mozilla/5.0 AppleWebKit/537.36 (KHTML, like Gecko; compatible; GPTBot/1.4; +https://openai.com/gptbot)"
172.213.8.106 - - [31/Jul/2026:16:22:53 +0200] "GET /index2.php HTTP/1.1" 401 36 "-" "-"
40.77.167.7 - - [31/Jul/2026:16:22:50 +0200] "GET /?q=u3n4i1p2e5d395576 HTTP/1.1" 200 831844 "-" "Mozilla/5.0 AppleWebKit/537.36 (KHTML, like Gecko; compatible; bingbot/2.0; +http://www.bing.com/bingbot.htm) Chrome/116.0.1938.76 Safari/537.36"
172.213.8.106 - - [31/Jul/2026:16:22:53 +0200] "GET /ls.php HTTP/1.1" 401 36 "-" "-"
172.213.8.106 - - [31/Jul/2026:16:22:54 +0200] "GET /cok.php HTTP/1.1" 401 36 "-" "-"
74.7.242.17 - - [31/Jul/2026:16:22:52 +0200] "GET /?fileloc=//lib64/libtss2-mu.so.0.0.0&path=//lib64 HTTP/1.1" 200 469647 "https://tempokontrol.co.za/?path=//lib64" "Mozilla/5.0 AppleWebKit/537.36 (KHTML, like Gecko; compatible; GPTBot/1.4; +https://openai.com/gptbot)"
172.213.8.106 - - [31/Jul/2026:16:22:54 +0200] "GET /wp-tot.php HTTP/1.1" 401 36 "-" "-"
172.213.8.106 - - [31/Jul/2026:16:22:55 +0200] "GET /SS72_kKKjT.php HTTP/1.1" 401 36 "-" "-"
74.7.227.163 - - [31/Jul/2026:16:22:54 +0200] "GET /?fileloc=//sys/class/net/eth0/subsystem/eth0/subsystem/eth0/device/server_monitor_latency&path=//sys/class/net/eth0/subsystem/eth0/subsystem/eth0/device HTTP/1.1" 200 12783 "https://www.tempokontrol.co.za/?path=//sys/class/net/eth0/subsystem/eth0/subsystem/eth0/device" "Mozilla/5.0 AppleWebKit/537.36 (KHTML, like Gecko; compatible; GPTBot/1.4; +https://openai.com/gptbot)"
172.213.8.106 - - [31/Jul/2026:16:22:55 +0200] "GET /epinyins.php HTTP/1.1" 401 36 "-" "-"
172.213.8.106 - - [31/Jul/2026:16:22:56 +0200] "GET /cu.php HTTP/1.1" 401 36 "-" "-"
172.213.8.106 - - [31/Jul/2026:16:22:56 +0200] "GET /classwithtostring.php HTTP/1.1" 401 36 "-" "-"
74.7.242.17 - - [31/Jul/2026:16:22:55 +0200] "GET /?fileloc=//lib64/libxcb-dri2.so.0.0.0&path=//lib64 HTTP/1.1" 200 40665 "https://tempokontrol.co.za/?path=//lib64" "Mozilla/5.0 AppleWebKit/537.36 (KHTML, like Gecko; compatible; GPTBot/1.4; +https://openai.com/gptbot)"
172.213.8.106 - - [31/Jul/2026:16:22:57 +0200] "GET /crgio.php HTTP/1.1" 401 36 "-" "-"
172.213.8.106 - - [31/Jul/2026:16:22:58 +0200] "GET /bajah.php HTTP/1.1" 401 36 "-" "-"
172.213.8.106 - - [31/Jul/2026:16:22:58 +0200] "GET /dvjul.php HTTP/1.1" 401 36 "-" "-"
172.213.8.106 - - [31/Jul/2026:16:22:58 +0200] "GET /kedi.php HTTP/1.1" 401 36 "-" "-"
74.7.227.163 - - [31/Jul/2026:16:22:57 +0200] "GET /?path=//sys/class/net/eth0/subsystem/eth0/subsystem/eth0/device/net HTTP/1.1" 200 14665 "https://www.tempokontrol.co.za/?path=//sys/class/net/eth0/subsystem/eth0/subsystem/eth0/device" "Mozilla/5.0 AppleWebKit/537.36 (KHTML, like Gecko; compatible; GPTBot/1.4; +https://openai.com/gptbot)"
172.213.8.106 - - [31/Jul/2026:16:22:59 +0200] "GET /modules/mod_simplefileuploadv1.3/elements/filemanager.php HTTP/1.1" 401 36 "-" "-"
172.213.8.106 - - [31/Jul/2026:16:23:00 +0200] "GET /xstelth.php HTTP/1.1" 401 36 "-" "-"
172.213.8.106 - - [31/Jul/2026:16:23:00 +0200] "GET /wp-curl-file.php HTTP/1.1" 401 36 "-" "-"
172.213.8.106 - - [31/Jul/2026:16:23:01 +0200] "GET /buds1.php HTTP/1.1" 401 36 "-" "-"
172.213.8.106 - - [31/Jul/2026:16:23:01 +0200] "GET /xper1.php HTTP/1.1" 401 36 "-" "-"
74.7.242.17 - - [31/Jul/2026:16:22:58 +0200] "GET /?fileloc=//lib64/libgnutls.so.30.40.4&path=//lib64 HTTP/1.1" 200 4789552 "https://tempokontrol.co.za/?path=//lib64" "Mozilla/5.0 AppleWebKit/537.36 (KHTML, like Gecko; compatible; GPTBot/1.4; +https://openai.com/gptbot)"
172.213.8.106 - - [31/Jul/2026:16:23:02 +0200] "GET /xozx.php HTTP/1.1" 401 36 "-" "-"
74.7.227.163 - - [31/Jul/2026:16:23:00 +0200] "GET /?fileloc=//sys/class/net/eth0/subsystem/eth0/subsystem/eth0/device/id&path=//sys/class/net/eth0/subsystem/eth0/subsystem/eth0/device HTTP/1.1" 200 12761 "https://www.tempokontrol.co.za/?path=//sys/class/net/eth0/subsystem/eth0/subsystem/eth0/device" "Mozilla/5.0 AppleWebKit/537.36 (KHTML, like Gecko; compatible; GPTBot/1.4; +https://openai.com/gptbot)"
172.213.8.106 - - [31/Jul/2026:16:23:02 +0200] "GET /qlex1.php HTTP/1.1" 401 36 "-" "-"
172.213.8.106 - - [31/Jul/2026:16:23:03 +0200] "GET /satan.php HTTP/1.1" 401 36 "-" "-"
74.7.242.17 - - [31/Jul/2026:16:23:02 +0200] "GET /favicon.ico?path=/home/tn/mail/.tristen@tempokontrol_co_za/.Sent HTTP/1.1" 200 20301 "https://tempokontrol.co.za/favicon.ico?path=/home/tn/mail/.tristen@tempokontrol_co_za" "Mozilla/5.0 AppleWebKit/537.36 (KHTML, like Gecko; compatible; GPTBot/1.4; +https://openai.com/gptbot)"
172.213.8.106 - - [31/Jul/2026:16:23:04 +0200] "GET /drykl.php HTTP/1.1" 401 36 "-" "-"
172.213.8.106 - - [31/Jul/2026:16:23:04 +0200] "GET /sitemap.php HTTP/1.1" 401 36 "-" "-"
172.213.8.106 - - [31/Jul/2026:16:23:05 +0200] "GET /file1.php HTTP/1.1" 401 36 "-" "-"
74.7.227.163 - - [31/Jul/2026:16:23:03 +0200] "GET /?fileloc=//sys/class/net/eth0/subsystem/eth0/subsystem/eth0/device/class_id&path=//sys/class/net/eth0/subsystem/eth0/subsystem/eth0/device HTTP/1.1" 200 12803 "https://www.tempokontrol.co.za/?path=//sys/class/net/eth0/subsystem/eth0/subsystem/eth0/device" "Mozilla/5.0 AppleWebKit/537.36 (KHTML, like Gecko; compatible; GPTBot/1.4; +https://openai.com/gptbot)"
172.213.8.106 - - [31/Jul/2026:16:23:05 +0200] "GET /camara.php HTTP/1.1" 401 36 "-" "-"
172.213.8.106 - - [31/Jul/2026:16:23:06 +0200] "GET /assacc.php HTTP/1.1" 401 36 "-" "-"
172.213.8.106 - - [31/Jul/2026:16:23:06 +0200] "GET /bless18.php HTTP/1.1" 401 36 "-" "-"
74.7.242.17 - - [31/Jul/2026:16:23:05 +0200] "GET /?fileloc=//lib64/python3.9/inspect.py&path=//lib64/python3.9 HTTP/1.1" 200 137977 "https://tempokontrol.co.za/?path=//lib64/python3.9" "Mozilla/5.0 AppleWebKit/537.36 (KHTML, like Gecko; compatible; GPTBot/1.4; +https://openai.com/gptbot)"
172.213.8.106 - - [31/Jul/2026:16:23:07 +0200] "GET /bless24.php HTTP/1.1" 401 36 "-" "-"
172.213.8.106 - - [31/Jul/2026:16:23:07 +0200] "GET /file11.php HTTP/1.1" 401 36 "-" "-"
172.213.8.106 - - [31/Jul/2026:16:23:08 +0200] "GET /wp-pp.php HTTP/1.1" 401 36 "-" "-"
74.7.227.163 - - [31/Jul/2026:16:23:07 +0200] "GET /?fileloc=//sys/class/net/eth0/subsystem/eth0/subsystem/eth0/device/device_id&path=//sys/class/net/eth0/subsystem/eth0/subsystem/eth0/device HTTP/1.1" 200 12804 "https://www.tempokontrol.co.za/?path=//sys/class/net/eth0/subsystem/eth0/subsystem/eth0/device" "Mozilla/5.0 AppleWebKit/537.36 (KHTML, like Gecko; compatible; GPTBot/1.4; +https://openai.com/gptbot)"
172.213.8.106 - - [31/Jul/2026:16:23:09 +0200] "GET /mass.php HTTP/1.1" 401 36 "-" "-"
172.213.8.106 - - [31/Jul/2026:16:23:09 +0200] "GET /scxy.php HTTP/1.1" 401 36 "-" "-"
74.7.242.17 - - [31/Jul/2026:16:23:08 +0200] "GET /?fileloc=//lib64/python3.9/mailcap.py&path=//lib64/python3.9 HTTP/1.1" 200 22337 "https://tempokontrol.co.za/?path=//lib64/python3.9" "Mozilla/5.0 AppleWebKit/537.36 (KHTML, like Gecko; compatible; GPTBot/1.4; +https://openai.com/gptbot)"
172.213.8.106 - - [31/Jul/2026:16:23:09 +0200] "GET /0okj.php HTTP/1.1" 401 36 "-" "-"
172.213.8.106 - - [31/Jul/2026:16:23:10 +0200] "GET /appt.php HTTP/1.1" 401 36 "-" "-"
172.213.8.106 - - [31/Jul/2026:16:23:10 +0200] "GET /jj.php HTTP/1.1" 401 36 "-" "-"
172.213.8.106 - - [31/Jul/2026:16:23:11 +0200] "GET /xSx.php HTTP/1.1" 401 36 "-" "-"
74.7.227.163 - - [31/Jul/2026:16:23:10 +0200] "GET /?fileloc=//sys/class/net/eth0/subsystem/eth0/subsystem/eth0/device/numa_node&path=//sys/class/net/eth0/subsystem/eth0/subsystem/eth0/device HTTP/1.1" 200 12767 "https://www.tempokontrol.co.za/?path=//sys/class/net/eth0/subsystem/eth0/subsystem/eth0/device" "Mozilla/5.0 AppleWebKit/537.36 (KHTML, like Gecko; compatible; GPTBot/1.4; +https://openai.com/gptbot)"
172.213.8.106 - - [31/Jul/2026:16:23:11 +0200] "GET /cc13.php HTTP/1.1" 401 36 "-" "-"
172.213.8.106 - - [31/Jul/2026:16:23:12 +0200] "GET /unity.php HTTP/1.1" 401 36 "-" "-"
172.213.8.106 - - [31/Jul/2026:16:23:12 +0200] "GET /dass.php HTTP/1.1" 401 36 "-" "-"
74.7.242.17 - - [31/Jul/2026:16:23:11 +0200] "GET /?fileloc=/home/tn/www/wp-admin/js/customize-nav-menus.js&path=/home/tn/www/wp-admin/js HTTP/1.1" 200 134862 "https://tempokontrol.co.za/?path=/home/tn/www/wp-admin/js" "Mozilla/5.0 AppleWebKit/537.36 (KHTML, like Gecko; compatible; GPTBot/1.4; +https://openai.com/gptbot)"
172.213.8.106 - - [31/Jul/2026:16:23:13 +0200] "GET /as.php HTTP/1.1" 401 36 "-" "-"
172.213.8.106 - - [31/Jul/2026:16:23:13 +0200] "GET /x123.php HTTP/1.1" 401 36 "-" "-"
172.213.8.106 - - [31/Jul/2026:16:23:14 +0200] "GET /dx.php HTTP/1.1" 401 36 "-" "-"
172.213.8.106 - - [31/Jul/2026:16:23:14 +0200] "GET /min.php HTTP/1.1" 401 36 "-" "-"
74.7.227.163 - - [31/Jul/2026:16:23:13 +0200] "GET /?fileloc=//sys/class/net/eth0/subsystem/eth0/subsystem/eth0/device/in_write_index&path=//sys/class/net/eth0/subsystem/eth0/subsystem/eth0/device HTTP/1.1" 200 12777 "https://www.tempokontrol.co.za/?path=//sys/class/net/eth0/subsystem/eth0/subsystem/eth0/device" "Mozilla/5.0 AppleWebKit/537.36 (KHTML, like Gecko; compatible; GPTBot/1.4; +https://openai.com/gptbot)"
172.213.8.106 - - [31/Jul/2026:16:23:15 +0200] "GET /sql.php HTTP/1.1" 401 36 "-" "-"
172.213.8.106 - - [31/Jul/2026:16:23:15 +0200] "GET /yanz.php HTTP/1.1" 401 36 "-" "-"
74.7.242.17 - - [31/Jul/2026:16:23:14 +0200] "GET /?fileloc=/home/tn/www/wp-admin/js/accordion.js&path=/home/tn/www/wp-admin/js HTTP/1.1" 200 15950 "https://tempokontrol.co.za/?path=/home/tn/www/wp-admin/js" "Mozilla/5.0 AppleWebKit/537.36 (KHTML, like Gecko; compatible; GPTBot/1.4; +https://openai.com/gptbot)"
172.213.8.106 - - [31/Jul/2026:16:23:15 +0200] "GET /chomu.php HTTP/1.1" 401 36 "-" "-"
172.213.8.106 - - [31/Jul/2026:16:23:16 +0200] "GET /wander.php HTTP/1.1" 401 36 "-" "-"
172.213.8.106 - - [31/Jul/2026:16:23:16 +0200] "GET /filesss.php HTTP/1.1" 401 36 "-" "-"
172.213.8.106 - - [31/Jul/2026:16:23:17 +0200] "GET /bumxewlsll.php HTTP/1.1" 401 36 "-" "-"
172.213.8.106 - - [31/Jul/2026:16:23:17 +0200] "GET /mnpiyfeish.php HTTP/1.1" 401 36 "-" "-"
74.7.227.163 - - [31/Jul/2026:16:23:16 +0200] "GET /?fileloc=//sys/class/net/eth0/subsystem/eth0/subsystem/eth0/device/out_intr_mask&path=//sys/class/net/eth0/subsystem/eth0/subsystem/eth0/device HTTP/1.1" 200 12771 "https://www.tempokontrol.co.za/?path=//sys/class/net/eth0/subsystem/eth0/subsystem/eth0/device" "Mozilla/5.0 AppleWebKit/537.36 (KHTML, like Gecko; compatible; GPTBot/1.4; +https://openai.com/gptbot)"
172.213.8.106 - - [31/Jul/2026:16:23:18 +0200] "GET /000.php HTTP/1.1" 401 36 "-" "-"
172.213.8.106 - - [31/Jul/2026:16:23:18 +0200] "GET /wp-omao.php HTTP/1.1" 401 36 "-" "-"
74.7.242.17 - - [31/Jul/2026:16:23:17 +0200] "GET /?fileloc=/home/tn/www/wp-admin/js/set-post-thumbnail.js&path=/home/tn/www/wp-admin/js HTTP/1.1" 200 13386 "https://tempokontrol.co.za/?path=/home/tn/www/wp-admin/js" "Mozilla/5.0 AppleWebKit/537.36 (KHTML, like Gecko; compatible; GPTBot/1.4; +https://openai.com/gptbot)"
172.213.8.106 - - [31/Jul/2026:16:23:19 +0200] "GET /harvestry.php HTTP/1.1" 401 36 "-" "-"
172.213.8.106 - - [31/Jul/2026:16:23:19 +0200] "GET /file3.php HTTP/1.1" 401 36 "-" "-"
172.213.8.106 - - [31/Jul/2026:16:23:20 +0200] "GET /autovirgi.php HTTP/1.1" 401 36 "-" "-"
172.213.8.106 - - [31/Jul/2026:16:23:20 +0200] "GET /nurseling.php HTTP/1.1" 401 36 "-" "-"
74.7.227.163 - - [31/Jul/2026:16:23:20 +0200] "GET /?fileloc=//sys/class/net/eth0/subsystem/eth0/subsystem/eth0/device/in_intr_mask&path=//sys/class/net/eth0/subsystem/eth0/subsystem/eth0/device HTTP/1.1" 200 12770 "https://www.tempokontrol.co.za/?path=//sys/class/net/eth0/subsystem/eth0/subsystem/eth0/device" "Mozilla/5.0 AppleWebKit/537.36 (KHTML, like Gecko; compatible; GPTBot/1.4; +https://openai.com/gptbot)"
172.213.8.106 - - [31/Jul/2026:16:23:21 +0200] "GET /cx.php HTTP/1.1" 401 36 "-" "-"
172.213.8.106 - - [31/Jul/2026:16:23:21 +0200] "GET /p-blog.php HTTP/1.1" 401 36 "-" "-"
74.7.242.17 - - [31/Jul/2026:16:23:21 +0200] "GET /?fileloc=/home/tn/www/wp-admin/js/inline-edit-post.js&path=/home/tn/www/wp-admin/js HTTP/1.1" 200 36733 "https://tempokontrol.co.za/?path=/home/tn/www/wp-admin/js" "Mozilla/5.0 AppleWebKit/537.36 (KHTML, like Gecko; compatible; GPTBot/1.4; +https://openai.com/gptbot)"
172.213.8.106 - - [31/Jul/2026:16:23:22 +0200] "GET /wp-wlx.php HTTP/1.1" 401 36 "-" "-"
172.213.8.106 - - [31/Jul/2026:16:23:22 +0200] "GET /wplogbak.php HTTP/1.1" 401 36 "-" "-"
172.213.8.106 - - [31/Jul/2026:16:23:23 +0200] "GET /w2025.php HTTP/1.1" 401 36 "-" "-"
172.213.8.106 - - [31/Jul/2026:16:23:23 +0200] "GET /file6.php HTTP/1.1" 401 36 "-" "-"
172.213.8.106 - - [31/Jul/2026:16:23:24 +0200] "GET /leaf.php HTTP/1.1" 401 36 "-" "-"
74.7.227.163 - - [31/Jul/2026:16:23:23 +0200] "GET /?fileloc=//sys/class/net/eth0/subsystem/eth0/subsystem/eth0/device/in_read_index&path=//sys/class/net/eth0/subsystem/eth0/subsystem/eth0/device HTTP/1.1" 200 12776 "https://www.tempokontrol.co.za/?path=//sys/class/net/eth0/subsystem/eth0/subsystem/eth0/device" "Mozilla/5.0 AppleWebKit/537.36 (KHTML, like Gecko; compatible; GPTBot/1.4; +https://openai.com/gptbot)"
172.213.8.106 - - [31/Jul/2026:16:23:24 +0200] "GET /w3llstore.php HTTP/1.1" 401 36 "-" "-"
172.213.8.106 - - [31/Jul/2026:16:23:25 +0200] "GET /obfuscate.php HTTP/1.1" 401 36 "-" "-"
74.7.242.17 - - [31/Jul/2026:16:23:24 +0200] "GET /?fileloc=/home/tn/www/wp-admin/js/inline-edit-post.min.js&path=/home/tn/www/wp-admin/js HTTP/1.1" 200 25789 "https://tempokontrol.co.za/?path=/home/tn/www/wp-admin/js" "Mozilla/5.0 AppleWebKit/537.36 (KHTML, like Gecko; compatible; GPTBot/1.4; +https://openai.com/gptbot)"
172.213.8.106 - - [31/Jul/2026:16:23:25 +0200] "GET /txets.php HTTP/1.1" 401 36 "-" "-"
172.213.8.106 - - [31/Jul/2026:16:23:25 +0200] "GET /wp-admin/zoko.php HTTP/1.1" 401 36 "-" "-"
172.213.8.106 - - [31/Jul/2026:16:23:27 +0200] "GET /like.php HTTP/1.1" 401 36 "-" "-"
172.213.8.106 - - [31/Jul/2026:16:23:27 +0200] "GET /dx.php HTTP/1.1" 401 36 "-" "-"
74.7.227.163 - - [31/Jul/2026:16:23:26 +0200] "GET /?fileloc=//sys/class/net/eth0/subsystem/eth0/subsystem/eth0/device/out_read_index&path=//sys/class/net/eth0/subsystem/eth0/subsystem/eth0/device HTTP/1.1" 200 12777 "https://www.tempokontrol.co.za/?path=//sys/class/net/eth0/subsystem/eth0/subsystem/eth0/device" "Mozilla/5.0 AppleWebKit/537.36 (KHTML, like Gecko; compatible; GPTBot/1.4; +https://openai.com/gptbot)"
172.213.8.106 - - [31/Jul/2026:16:23:27 +0200] "GET /edit.php HTTP/1.1" 401 36 "-" "-"
74.7.242.17 - - [31/Jul/2026:16:23:27 +0200] "GET /?fileloc=/home/tn/www/wp-admin/js/post.min.js&path=/home/tn/www/wp-admin/js HTTP/1.1" 200 38861 "https://tempokontrol.co.za/?path=/home/tn/www/wp-admin/js" "Mozilla/5.0 AppleWebKit/537.36 (KHTML, like Gecko; compatible; GPTBot/1.4; +https://openai.com/gptbot)"
172.213.8.106 - - [31/Jul/2026:16:23:28 +0200] "GET /min.php HTTP/1.1" 401 36 "-" "-"
172.213.8.106 - - [31/Jul/2026:16:23:28 +0200] "GET /sql.php HTTP/1.1" 401 36 "-" "-"
172.213.8.106 - - [31/Jul/2026:16:23:29 +0200] "GET /w3lls.php HTTP/1.1" 401 36 "-" "-"
172.213.8.106 - - [31/Jul/2026:16:23:29 +0200] "GET /xxx.php HTTP/1.1" 401 36 "-" "-"
74.7.227.163 - - [31/Jul/2026:16:23:29 +0200] "GET /?fileloc=//sys/class/net/eth0/subsystem/eth0/subsystem/eth0/device/state&path=//sys/class/net/eth0/subsystem/eth0/subsystem/eth0/device HTTP/1.1" 200 12763 "https://www.tempokontrol.co.za/?path=//sys/class/net/eth0/subsystem/eth0/subsystem/eth0/device" "Mozilla/5.0 AppleWebKit/537.36 (KHTML, like Gecko; compatible; GPTBot/1.4; +https://openai.com/gptbot)"
74.7.242.17 - - [31/Jul/2026:16:23:30 +0200] "GET /?fileloc=/home/tn/www/wp-admin/js/set-post-thumbnail.min.js&path=/home/tn/www/wp-admin/js HTTP/1.1" 200 13134 "https://tempokontrol.co.za/?path=/home/tn/www/wp-admin/js" "Mozilla/5.0 AppleWebKit/537.36 (KHTML, like Gecko; compatible; GPTBot/1.4; +https://openai.com/gptbot)"
74.7.227.163 - - [31/Jul/2026:16:23:32 +0200] "GET /?path=//sys/class/net/eth0/subsystem/eth0/subsystem/eth0/device/net/eth0 HTTP/1.1" 200 74478 "https://www.tempokontrol.co.za/?path=//sys/class/net/eth0/subsystem/eth0/subsystem/eth0/device/net" "Mozilla/5.0 AppleWebKit/537.36 (KHTML, like Gecko; compatible; GPTBot/1.4; +https://openai.com/gptbot)"
74.7.242.17 - - [31/Jul/2026:16:23:33 +0200] "GET /?fileloc=/home/tn/www/wp-admin/js/post.js&path=/home/tn/www/wp-admin/js HTTP/1.1" 200 59714 "https://tempokontrol.co.za/?path=/home/tn/www/wp-admin/js" "Mozilla/5.0 AppleWebKit/537.36 (KHTML, like Gecko; compatible; GPTBot/1.4; +https://openai.com/gptbot)"
74.7.227.163 - - [31/Jul/2026:16:23:36 +0200] "GET /?fileloc=//sys/class/net/eth0/subsystem/eth0/subsystem/eth0/device/device&path=//sys/class/net/eth0/subsystem/eth0/subsystem/eth0/device HTTP/1.1" 200 12766 "https://www.tempokontrol.co.za/?path=//sys/class/net/eth0/subsystem/eth0/subsystem/eth0/device" "Mozilla/5.0 AppleWebKit/537.36 (KHTML, like Gecko; compatible; GPTBot/1.4; +https://openai.com/gptbot)"
74.7.242.17 - - [31/Jul/2026:16:23:36 +0200] "GET /?fileloc=/home/tn/www/wp-admin/js/user-profile.js&path=/home/tn/www/wp-admin/js HTTP/1.1" 200 33513 "https://tempokontrol.co.za/?path=/home/tn/www/wp-admin/js" "Mozilla/5.0 AppleWebKit/537.36 (KHTML, like Gecko; compatible; GPTBot/1.4; +https://openai.com/gptbot)"
74.7.227.163 - - [31/Jul/2026:16:23:39 +0200] "GET /?fileloc=//sys/class/net/eth0/subsystem/eth0/subsystem/eth0/device/uevent&path=//sys/class/net/eth0/subsystem/eth0/subsystem/eth0/device HTTP/1.1" 200 12827 "https://www.tempokontrol.co.za/?path=//sys/class/net/eth0/subsystem/eth0/subsystem/eth0/device" "Mozilla/5.0 AppleWebKit/537.36 (KHTML, like Gecko; compatible; GPTBot/1.4; +https://openai.com/gptbot)"
74.7.242.17 - - [31/Jul/2026:16:23:39 +0200] "GET /?fileloc=/home/tn/www/wp-admin/js/user-profile.min.js&path=/home/tn/www/wp-admin/js HTTP/1.1" 200 23205 "https://tempokontrol.co.za/?path=/home/tn/www/wp-admin/js" "Mozilla/5.0 AppleWebKit/537.36 (KHTML, like Gecko; compatible; GPTBot/1.4; +https://openai.com/gptbot)"
74.7.242.17 - - [31/Jul/2026:16:23:42 +0200] "GET /favicon.ico?path=/home/tn/mail/.tristen@tempokontrol_co_za/.Sent/tmp HTTP/1.1" 200 12956 "https://tempokontrol.co.za/favicon.ico?path=/home/tn/mail/.tristen@tempokontrol_co_za/.Sent" "Mozilla/5.0 AppleWebKit/537.36 (KHTML, like Gecko; compatible; GPTBot/1.4; +https://openai.com/gptbot)"
74.7.227.163 - - [31/Jul/2026:16:23:42 +0200] "GET /?fileloc=//sys/class/net/eth0/subsystem/eth0/subsystem/eth0/device/modalias&path=//sys/class/net/eth0/subsystem/eth0/subsystem/eth0/device HTTP/1.1" 200 12803 "https://www.tempokontrol.co.za/?path=//sys/class/net/eth0/subsystem/eth0/subsystem/eth0/device" "Mozilla/5.0 AppleWebKit/537.36 (KHTML, like Gecko; compatible; GPTBot/1.4; +https://openai.com/gptbot)"
74.7.242.17 - - [31/Jul/2026:16:23:45 +0200] "GET /favicon.ico?path=/home/tn/mail/.tristen@tempokontrol_co_za/.Sent/new HTTP/1.1" 200 12956 "https://tempokontrol.co.za/favicon.ico?path=/home/tn/mail/.tristen@tempokontrol_co_za/.Sent" "Mozilla/5.0 AppleWebKit/537.36 (KHTML, like Gecko; compatible; GPTBot/1.4; +https://openai.com/gptbot)"
74.7.227.163 - - [31/Jul/2026:16:23:45 +0200] "GET /?fileloc=//sys/class/net/eth0/subsystem/eth0/subsystem/eth0/device/in_read_bytes_avail&path=//sys/class/net/eth0/subsystem/eth0/subsystem/eth0/device HTTP/1.1" 200 12777 "https://www.tempokontrol.co.za/?path=//sys/class/net/eth0/subsystem/eth0/subsystem/eth0/device" "Mozilla/5.0 AppleWebKit/537.36 (KHTML, like Gecko; compatible; GPTBot/1.4; +https://openai.com/gptbot)"
74.7.242.17 - - [31/Jul/2026:16:23:48 +0200] "GET /?fileloc=/home/tn/www/wp-admin/js/application-passwords.js&path=/home/tn/www/wp-admin/js HTTP/1.1" 200 19683 "https://tempokontrol.co.za/?path=/home/tn/www/wp-admin/js" "Mozilla/5.0 AppleWebKit/537.36 (KHTML, like Gecko; compatible; GPTBot/1.4; +https://openai.com/gptbot)"
74.7.227.163 - - [31/Jul/2026:16:23:48 +0200] "GET /?path=//sys/class/net/eth0/subsystem/eth0/subsystem/eth0/device/driver HTTP/1.1" 200 24351 "https://www.tempokontrol.co.za/?path=//sys/class/net/eth0/subsystem/eth0/subsystem/eth0/device" "Mozilla/5.0 AppleWebKit/537.36 (KHTML, like Gecko; compatible; GPTBot/1.4; +https://openai.com/gptbot)"
74.7.227.163 - - [31/Jul/2026:16:23:51 +0200] "GET /?fileloc=//sys/class/net/lo/subsystem/lo/subsystem/eth0/device/net/eth0/device/subsystem/drivers/hv_netvsc/module/drivers/vmbus:hv_netvsc/module/srcversion&path=//sys/class/net/lo/subsystem/lo/subsystem/eth0/device/net/eth0/device/subsystem/drivers/hv_netvsc/module/drivers/vmbus:hv_netvsc/module HTTP/1.1" 200 14066 "https://www.tempokontrol.co.za/?path=//sys/class/net/lo/subsystem/lo/subsystem/eth0/device/net/eth0/device/subsystem/drivers/hv_netvsc/module/drivers/vmbus:hv_netvsc/module" "Mozilla/5.0 AppleWebKit/537.36 (KHTML, like Gecko; compatible; GPTBot/1.4; +https://openai.com/gptbot)"
74.7.242.17 - - [31/Jul/2026:16:23:51 +0200] "GET /?fileloc=/home/tn/www/wp-admin/js/application-passwords.min.js&path=/home/tn/www/wp-admin/js HTTP/1.1" 200 16343 "https://tempokontrol.co.za/?path=/home/tn/www/wp-admin/js" "Mozilla/5.0 AppleWebKit/537.36 (KHTML, like Gecko; compatible; GPTBot/1.4; +https://openai.com/gptbot)"
74.7.242.17 - - [31/Jul/2026:16:23:55 +0200] "GET /favicon.ico?path=/home/tn/mail/.tristen@tempokontrol_co_za/.Sent/cur HTTP/1.1" 200 12956 "https://tempokontrol.co.za/favicon.ico?path=/home/tn/mail/.tristen@tempokontrol_co_za/.Sent" "Mozilla/5.0 AppleWebKit/537.36 (KHTML, like Gecko; compatible; GPTBot/1.4; +https://openai.com/gptbot)"
74.7.227.163 - - [31/Jul/2026:16:23:54 +0200] "GET /?fileloc=//sys/class/net/eth0/subsystem/lo/subsystem/eth0/device/net/eth0/device/subsystem/drivers/hyperv_keyboard/module/sections/.note.Linux&path=//sys/class/net/eth0/subsystem/lo/subsystem/eth0/device/net/eth0/device/subsystem/drivers/hyperv_keyboard/module/sections HTTP/1.1" 200 13757 "https://www.tempokontrol.co.za/?path=//sys/class/net/eth0/subsystem/lo/subsystem/eth0/device/net/eth0/device/subsystem/drivers/hyperv_keyboard/module/sections" "Mozilla/5.0 AppleWebKit/537.36 (KHTML, like Gecko; compatible; GPTBot/1.4; +https://openai.com/gptbot)"
74.7.227.163 - - [31/Jul/2026:16:23:58 +0200] "GET /?fileloc=//sys/class/net/eth0/subsystem/lo/subsystem/eth0/device/net/eth0/device/subsystem/drivers/hyperv_keyboard/module/notes/.note.Linux&path=//sys/class/net/eth0/subsystem/lo/subsystem/eth0/device/net/eth0/device/subsystem/drivers/hyperv_keyboard/module/notes HTTP/1.1" 200 13824 "https://www.tempokontrol.co.za/?path=//sys/class/net/eth0/subsystem/lo/subsystem/eth0/device/net/eth0/device/subsystem/drivers/hyperv_keyboard/module/notes" "Mozilla/5.0 AppleWebKit/537.36 (KHTML, like Gecko; compatible; GPTBot/1.4; +https://openai.com/gptbot)"
74.7.242.17 - - [31/Jul/2026:16:23:58 +0200] "GET /?fileloc=/home/tn/www/wp-admin/js/password-toggle.js&path=/home/tn/www/wp-admin/js HTTP/1.1" 200 13996 "https://tempokontrol.co.za/?path=/home/tn/www/wp-admin/js" "Mozilla/5.0 AppleWebKit/537.36 (KHTML, like Gecko; compatible; GPTBot/1.4; +https://openai.com/gptbot)"
74.7.242.17 - - [31/Jul/2026:16:24:01 +0200] "GET /?fileloc=/home/tn/www/wp-admin/js/plugin-install.min.js&path=/home/tn/www/wp-admin/js HTTP/1.1" 200 15610 "https://tempokontrol.co.za/?path=/home/tn/www/wp-admin/js" "Mozilla/5.0 AppleWebKit/537.36 (KHTML, like Gecko; compatible; GPTBot/1.4; +https://openai.com/gptbot)"
74.7.227.163 - - [31/Jul/2026:16:24:01 +0200] "GET /?fileloc=//sys/class/net/eth0/subsystem/lo/subsystem/eth0/device/net/eth0/queues/tx-0/tx_timeout&path=//sys/class/net/eth0/subsystem/lo/subsystem/eth0/device/net/eth0/queues/tx-0 HTTP/1.1" 200 13152 "https://www.tempokontrol.co.za/?path=//sys/class/net/eth0/subsystem/lo/subsystem/eth0/device/net/eth0/queues/tx-0" "Mozilla/5.0 AppleWebKit/537.36 (KHTML, like Gecko; compatible; GPTBot/1.4; +https://openai.com/gptbot)"
74.7.227.163 - - [31/Jul/2026:16:24:04 +0200] "GET /?fileloc=//etc/ips.dnsmaster&path=//etc HTTP/1.1" 200 12356 "https://www.tempokontrol.co.za/?path=//etc" "Mozilla/5.0 AppleWebKit/537.36 (KHTML, like Gecko; compatible; GPTBot/1.4; +https://openai.com/gptbot)"
74.7.242.17 - - [31/Jul/2026:16:24:04 +0200] "GET /?fileloc=/home/tn/www/wp-admin/js/password-strength-meter.js&path=/home/tn/www/wp-admin/js HTTP/1.1" 200 16899 "https://tempokontrol.co.za/?path=/home/tn/www/wp-admin/js" "Mozilla/5.0 AppleWebKit/537.36 (KHTML, like Gecko; compatible; GPTBot/1.4; +https://openai.com/gptbot)"
74.7.227.163 - - [31/Jul/2026:16:24:07 +0200] "GET /?path=//sys/class/net/eth0/subsystem/eth0/subsystem/eth0/device/net/eth0/power HTTP/1.1" 200 21802 "https://www.tempokontrol.co.za/?path=//sys/class/net/eth0/subsystem/eth0/subsystem/eth0/device/net/eth0" "Mozilla/5.0 AppleWebKit/537.36 (KHTML, like Gecko; compatible; GPTBot/1.4; +https://openai.com/gptbot)"
74.7.242.17 - - [31/Jul/2026:16:24:07 +0200] "GET /?fileloc=/home/tn/www/wp-admin/js/user-suggest.min.js&path=/home/tn/www/wp-admin/js HTTP/1.1" 200 13312 "https://tempokontrol.co.za/?path=/home/tn/www/wp-admin/js" "Mozilla/5.0 AppleWebKit/537.36 (KHTML, like Gecko; compatible; GPTBot/1.4; +https://openai.com/gptbot)"
74.7.227.163 - - [31/Jul/2026:16:24:10 +0200] "GET /?path=//sys/class/net/eth0/subsystem/eth0/subsystem/eth0/device/net/eth0/subsystem HTTP/1.1" 200 16398 "https://www.tempokontrol.co.za/?path=//sys/class/net/eth0/subsystem/eth0/subsystem/eth0/device/net/eth0" "Mozilla/5.0 AppleWebKit/537.36 (KHTML, like Gecko; compatible; GPTBot/1.4; +https://openai.com/gptbot)"
74.7.242.17 - - [31/Jul/2026:16:24:10 +0200] "GET /?fileloc=/home/tn/www/wp-admin/js/plugin-install.js&path=/home/tn/www/wp-admin/js HTTP/1.1" 200 20356 "https://tempokontrol.co.za/?path=/home/tn/www/wp-admin/js" "Mozilla/5.0 AppleWebKit/537.36 (KHTML, like Gecko; compatible; GPTBot/1.4; +https://openai.com/gptbot)"
74.7.227.163 - - [31/Jul/2026:16:24:13 +0200] "GET /?path=//sys/class/net/eth0/subsystem/eth0/subsystem/eth0/device/net/eth0/queues HTTP/1.1" 200 43166 "https://www.tempokontrol.co.za/?path=//sys/class/net/eth0/subsystem/eth0/subsystem/eth0/device/net/eth0" "Mozilla/5.0 AppleWebKit/537.36 (KHTML, like Gecko; compatible; GPTBot/1.4; +https://openai.com/gptbot)"
74.7.242.17 - - [31/Jul/2026:16:24:13 +0200] "GET /?fileloc=/home/tn/www/wp-admin/js/inline-edit-tax.min.js&path=/home/tn/www/wp-admin/js HTTP/1.1" 200 16411 "https://tempokontrol.co.za/?path=/home/tn/www/wp-admin/js" "Mozilla/5.0 AppleWebKit/537.36 (KHTML, like Gecko; compatible; GPTBot/1.4; +https://openai.com/gptbot)"
74.7.227.163 - - [31/Jul/2026:16:24:16 +0200] "GET /?path=//sys/class/net/eth0/subsystem/eth0/subsystem/eth0/device/net/eth0/statistics HTTP/1.1" 200 53838 "https://www.tempokontrol.co.za/?path=//sys/class/net/eth0/subsystem/eth0/subsystem/eth0/device/net/eth0" "Mozilla/5.0 AppleWebKit/537.36 (KHTML, like Gecko; compatible; GPTBot/1.4; +https://openai.com/gptbot)"
74.7.242.17 - - [31/Jul/2026:16:24:17 +0200] "GET /?fileloc=//lib64/python3.9/smtplib.py&path=//lib64/python3.9 HTTP/1.1" 200 62030 "https://tempokontrol.co.za/?path=//lib64/python3.9" "Mozilla/5.0 AppleWebKit/537.36 (KHTML, like Gecko; compatible; GPTBot/1.4; +https://openai.com/gptbot)"
74.7.227.163 - - [31/Jul/2026:16:24:20 +0200] "GET /?fileloc=//sys/class/net/eth0/subsystem/eth0/subsystem/eth0/device/net/eth0/carrier_changes&path=//sys/class/net/eth0/subsystem/eth0/subsystem/eth0/device/net/eth0 HTTP/1.1" 200 12960 "https://www.tempokontrol.co.za/?path=//sys/class/net/eth0/subsystem/eth0/subsystem/eth0/device/net/eth0" "Mozilla/5.0 AppleWebKit/537.36 (KHTML, like Gecko; compatible; GPTBot/1.4; +https://openai.com/gptbot)"
74.7.242.17 - - [31/Jul/2026:16:24:20 +0200] "GET /?fileloc=//lib64/python3.9/tarfile.py&path=//lib64/python3.9 HTTP/1.1" 200 135583 "https://tempokontrol.co.za/?path=//lib64/python3.9" "Mozilla/5.0 AppleWebKit/537.36 (KHTML, like Gecko; compatible; GPTBot/1.4; +https://openai.com/gptbot)"
74.7.227.163 - - [31/Jul/2026:16:24:23 +0200] "GET /?fileloc=//sys/class/net/eth0/subsystem/eth0/subsystem/eth0/device/driver/unbind&path=//sys/class/net/eth0/subsystem/eth0/subsystem/eth0/device/driver HTTP/1.1" 200 12861 "https://www.tempokontrol.co.za/?path=//sys/class/net/eth0/subsystem/eth0/subsystem/eth0/device/driver" "Mozilla/5.0 AppleWebKit/537.36 (KHTML, like Gecko; compatible; GPTBot/1.4; +https://openai.com/gptbot)"
74.7.242.17 - - [31/Jul/2026:16:24:23 +0200] "GET /?fileloc=//lib64/python3.9/reprlib.py&path=//lib64/python3.9 HTTP/1.1" 200 18099 "https://tempokontrol.co.za/?path=//lib64/python3.9" "Mozilla/5.0 AppleWebKit/537.36 (KHTML, like Gecko; compatible; GPTBot/1.4; +https://openai.com/gptbot)"
74.7.227.163 - - [31/Jul/2026:16:24:26 +0200] "GET /?fileloc=//sys/class/net/eth0/subsystem/eth0/subsystem/eth0/device/driver/bind&path=//sys/class/net/eth0/subsystem/eth0/subsystem/eth0/device/driver HTTP/1.1" 200 12859 "https://www.tempokontrol.co.za/?path=//sys/class/net/eth0/subsystem/eth0/subsystem/eth0/device/driver" "Mozilla/5.0 AppleWebKit/537.36 (KHTML, like Gecko; compatible; GPTBot/1.4; +https://openai.com/gptbot)"
74.7.242.17 - - [31/Jul/2026:16:24:26 +0200] "GET /?fileloc=//lib64/python3.9/filecmp.py&path=//lib64/python3.9 HTTP/1.1" 200 22847 "https://tempokontrol.co.za/?path=//lib64/python3.9" "Mozilla/5.0 AppleWebKit/537.36 (KHTML, like Gecko; compatible; GPTBot/1.4; +https://openai.com/gptbot)"
74.7.227.163 - - [31/Jul/2026:16:24:29 +0200] "GET /?fileloc=//sys/class/net/eth0/subsystem/eth0/subsystem/eth0/device/driver/uevent&path=//sys/class/net/eth0/subsystem/eth0/subsystem/eth0/device/driver HTTP/1.1" 200 12861 "https://www.tempokontrol.co.za/?path=//sys/class/net/eth0/subsystem/eth0/subsystem/eth0/device/driver" "Mozilla/5.0 AppleWebKit/537.36 (KHTML, like Gecko; compatible; GPTBot/1.4; +https://openai.com/gptbot)"
74.7.242.17 - - [31/Jul/2026:16:24:29 +0200] "GET /?fileloc=//lib64/gconv/EUC-TW.so&path=//lib64/gconv HTTP/1.1" 200 50939 "https://tempokontrol.co.za/?path=//lib64/gconv" "Mozilla/5.0 AppleWebKit/537.36 (KHTML, like Gecko; compatible; GPTBot/1.4; +https://openai.com/gptbot)"
74.7.227.163 - - [31/Jul/2026:16:24:32 +0200] "GET /?fileloc=//sys/class/net/eth0/subsystem/eth0/subsystem/eth0/device/driver/remove_id&path=//sys/class/net/eth0/subsystem/eth0/subsystem/eth0/device/driver HTTP/1.1" 200 12864 "https://www.tempokontrol.co.za/?path=//sys/class/net/eth0/subsystem/eth0/subsystem/eth0/device/driver" "Mozilla/5.0 AppleWebKit/537.36 (KHTML, like Gecko; compatible; GPTBot/1.4; +https://openai.com/gptbot)"
74.7.242.17 - - [31/Jul/2026:16:24:33 +0200] "GET /?fileloc=//lib64/gconv/MAC-IS.so&path=//lib64/gconv HTTP/1.1" 200 37064 "https://tempokontrol.co.za/?path=//lib64/gconv" "Mozilla/5.0 AppleWebKit/537.36 (KHTML, like Gecko; compatible; GPTBot/1.4; +https://openai.com/gptbot)"
74.7.227.163 - - [31/Jul/2026:16:24:35 +0200] "GET /?fileloc=//sys/class/net/eth0/subsystem/eth0/subsystem/eth0/device/driver/new_id&path=//sys/class/net/eth0/subsystem/eth0/subsystem/eth0/device/driver HTTP/1.1" 200 12861 "https://www.tempokontrol.co.za/?path=//sys/class/net/eth0/subsystem/eth0/subsystem/eth0/device/driver" "Mozilla/5.0 AppleWebKit/537.36 (KHTML, like Gecko; compatible; GPTBot/1.4; +https://openai.com/gptbot)"
74.7.242.17 - - [31/Jul/2026:16:24:36 +0200] "GET /?fileloc=//lib64/gconv/MAC-UK.so&path=//lib64/gconv HTTP/1.1" 200 36668 "https://tempokontrol.co.za/?path=//lib64/gconv" "Mozilla/5.0 AppleWebKit/537.36 (KHTML, like Gecko; compatible; GPTBot/1.4; +https://openai.com/gptbot)"
74.7.227.163 - - [31/Jul/2026:16:24:38 +0200] "GET /?path=//sys/class/net/eth0/subsystem/eth0/subsystem/eth0/device/net/eth0/device HTTP/1.1" 200 67774 "https://www.tempokontrol.co.za/?path=//sys/class/net/eth0/subsystem/eth0/subsystem/eth0/device/net/eth0" "Mozilla/5.0 AppleWebKit/537.36 (KHTML, like Gecko; compatible; GPTBot/1.4; +https://openai.com/gptbot)"
74.7.242.17 - - [31/Jul/2026:16:24:39 +0200] "GET /?fileloc=//lib64/gconv/EUC-JP.so&path=//lib64/gconv HTTP/1.1" 200 38257 "https://tempokontrol.co.za/?path=//lib64/gconv" "Mozilla/5.0 AppleWebKit/537.36 (KHTML, like Gecko; compatible; GPTBot/1.4; +https://openai.com/gptbot)"
74.7.227.163 - - [31/Jul/2026:16:24:42 +0200] "GET /?fileloc=//sys/class/net/eth0/subsystem/eth0/subsystem/eth0/device/net/eth0/power/control&path=//sys/class/net/eth0/subsystem/eth0/subsystem/eth0/device/net/eth0/power HTTP/1.1" 200 13060 "https://www.tempokontrol.co.za/?path=//sys/class/net/eth0/subsystem/eth0/subsystem/eth0/device/net/eth0/power" "Mozilla/5.0 AppleWebKit/537.36 (KHTML, like Gecko; compatible; GPTBot/1.4; +https://openai.com/gptbot)"
74.7.242.17 - - [31/Jul/2026:16:24:42 +0200] "GET /?fileloc=//lib64/gconv/EUC-KR.so&path=//lib64/gconv HTTP/1.1" 200 37615 "https://tempokontrol.co.za/?path=//lib64/gconv" "Mozilla/5.0 AppleWebKit/537.36 (KHTML, like Gecko; compatible; GPTBot/1.4; +https://openai.com/gptbot)"
74.7.227.163 - - [31/Jul/2026:16:24:45 +0200] "GET /?fileloc=//sys/class/net/eth0/subsystem/eth0/subsystem/eth0/device/net/eth0/carrier_down_count&path=//sys/class/net/eth0/subsystem/eth0/subsystem/eth0/device/net/eth0 HTTP/1.1" 200 12963 "https://www.tempokontrol.co.za/?path=//sys/class/net/eth0/subsystem/eth0/subsystem/eth0/device/net/eth0" "Mozilla/5.0 AppleWebKit/537.36 (KHTML, like Gecko; compatible; GPTBot/1.4; +https://openai.com/gptbot)"
74.7.242.17 - - [31/Jul/2026:16:24:45 +0200] "GET /?fileloc=//lib64/gconv/EUC-CN.so&path=//lib64/gconv HTTP/1.1" 200 43637 "https://tempokontrol.co.za/?path=//lib64/gconv" "Mozilla/5.0 AppleWebKit/537.36 (KHTML, like Gecko; compatible; GPTBot/1.4; +https://openai.com/gptbot)"
74.7.227.163 - - [31/Jul/2026:16:24:48 +0200] "GET /?path=//sys/class/net/eth0/subsystem/eth0/subsystem/eth0/device/net/eth0/queues/tx-9 HTTP/1.1" 200 23451 "https://www.tempokontrol.co.za/?path=//sys/class/net/eth0/subsystem/eth0/subsystem/eth0/device/net/eth0/queues" "Mozilla/5.0 AppleWebKit/537.36 (KHTML, like Gecko; compatible; GPTBot/1.4; +https://openai.com/gptbot)"
74.7.242.17 - - [31/Jul/2026:16:24:49 +0200] "GET /?fileloc=//lib64/libcanberra-gtk.so.0&path=//lib64 HTTP/1.1" 200 42697 "https://tempokontrol.co.za/?path=//lib64" "Mozilla/5.0 AppleWebKit/537.36 (KHTML, like Gecko; compatible; GPTBot/1.4; +https://openai.com/gptbot)"
74.7.227.163 - - [31/Jul/2026:16:24:51 +0200] "GET /?fileloc=//sys/class/net/eth0/subsystem/eth0/subsystem/eth0/device/net/eth0/statistics/multicast&path=//sys/class/net/eth0/subsystem/eth0/subsystem/eth0/device/net/eth0/statistics HTTP/1.1" 200 13080 "https://www.tempokontrol.co.za/?path=//sys/class/net/eth0/subsystem/eth0/subsystem/eth0/device/net/eth0/statistics" "Mozilla/5.0 AppleWebKit/537.36 (KHTML, like Gecko; compatible; GPTBot/1.4; +https://openai.com/gptbot)"
74.7.242.17 - - [31/Jul/2026:16:24:52 +0200] "GET /?fileloc=//lib64/libBrokenLocale.so.1&path=//lib64 HTTP/1.1" 200 29048 "https://tempokontrol.co.za/?path=//lib64" "Mozilla/5.0 AppleWebKit/537.36 (KHTML, like Gecko; compatible; GPTBot/1.4; +https://openai.com/gptbot)"
74.7.227.163 - - [31/Jul/2026:16:24:55 +0200] "GET /?path=//sys/class/net/eth0/subsystem/eth0/subsystem/eth0/device/net/eth0/queues/rx-6 HTTP/1.1" 200 16866 "https://www.tempokontrol.co.za/?path=//sys/class/net/eth0/subsystem/eth0/subsystem/eth0/device/net/eth0/queues" "Mozilla/5.0 AppleWebKit/537.36 (KHTML, like Gecko; compatible; GPTBot/1.4; +https://openai.com/gptbot)"
74.7.242.17 - - [31/Jul/2026:16:24:55 +0200] "GET /?fileloc=//lib64/libcairo-gobject.so.2&path=//lib64 HTTP/1.1" 200 63250 "https://tempokontrol.co.za/?path=//lib64" "Mozilla/5.0 AppleWebKit/537.36 (KHTML, like Gecko; compatible; GPTBot/1.4; +https://openai.com/gptbot)"
74.7.227.163 - - [31/Jul/2026:16:24:58 +0200] "GET /?path=//sys/class/net/eth0/subsystem/eth0/subsystem/eth0/device/net/eth0/queues/rx-1 HTTP/1.1" 200 16866 "https://www.tempokontrol.co.za/?path=//sys/class/net/eth0/subsystem/eth0/subsystem/eth0/device/net/eth0/queues" "Mozilla/5.0 AppleWebKit/537.36 (KHTML, like Gecko; compatible; GPTBot/1.4; +https://openai.com/gptbot)"
74.7.242.17 - - [31/Jul/2026:16:24:58 +0200] "GET /?fileloc=/home/tn/mail/dovecot-uidvalidity&path=/home/tn/mail HTTP/1.1" 200 12328 "https://tempokontrol.co.za/?path=/home/tn/mail" "Mozilla/5.0 AppleWebKit/537.36 (KHTML, like Gecko; compatible; GPTBot/1.4; +https://openai.com/gptbot)"
74.7.227.163 - - [31/Jul/2026:16:25:01 +0200] "GET /?path=//sys/class/net/eth0/subsystem/eth0/subsystem/eth0/device/net/eth0/queues/rx-3 HTTP/1.1" 200 16866 "https://www.tempokontrol.co.za/?path=//sys/class/net/eth0/subsystem/eth0/subsystem/eth0/device/net/eth0/queues" "Mozilla/5.0 AppleWebKit/537.36 (KHTML, like Gecko; compatible; GPTBot/1.4; +https://openai.com/gptbot)"
74.7.242.17 - - [31/Jul/2026:16:25:01 +0200] "GET /?fileloc=//lib64/python3.9/uuid.py&path=//lib64/python3.9 HTTP/1.1" 200 42270 "https://tempokontrol.co.za/?path=//lib64/python3.9" "Mozilla/5.0 AppleWebKit/537.36 (KHTML, like Gecko; compatible; GPTBot/1.4; +https://openai.com/gptbot)"
74.7.227.163 - - [31/Jul/2026:16:25:04 +0200] "GET /?path=//sys/class/net/eth0/subsystem/eth0/subsystem/eth0/device/net/eth0/queues/rx-2 HTTP/1.1" 200 16866 "https://www.tempokontrol.co.za/?path=//sys/class/net/eth0/subsystem/eth0/subsystem/eth0/device/net/eth0/queues" "Mozilla/5.0 AppleWebKit/537.36 (KHTML, like Gecko; compatible; GPTBot/1.4; +https://openai.com/gptbot)"
74.7.242.17 - - [31/Jul/2026:16:25:04 +0200] "GET /?fileloc=//lib64/python3.9/lzma.py&path=//lib64/python3.9 HTTP/1.1" 200 27071 "https://tempokontrol.co.za/?path=//lib64/python3.9" "Mozilla/5.0 AppleWebKit/537.36 (KHTML, like Gecko; compatible; GPTBot/1.4; +https://openai.com/gptbot)"
74.7.242.17 - - [31/Jul/2026:16:25:07 +0200] "GET /?fileloc=//lib64/python3.9/_weakrefset.py&path=//lib64/python3.9 HTTP/1.1" 200 18263 "https://tempokontrol.co.za/?path=//lib64/python3.9" "Mozilla/5.0 AppleWebKit/537.36 (KHTML, like Gecko; compatible; GPTBot/1.4; +https://openai.com/gptbot)"
74.7.227.163 - - [31/Jul/2026:16:25:08 +0200] "GET /?path=//sys/class/net/eth0/subsystem/eth0/subsystem/eth0/device/net/eth0/queues/rx-7 HTTP/1.1" 200 16866 "https://www.tempokontrol.co.za/?path=//sys/class/net/eth0/subsystem/eth0/subsystem/eth0/device/net/eth0/queues" "Mozilla/5.0 AppleWebKit/537.36 (KHTML, like Gecko; compatible; GPTBot/1.4; +https://openai.com/gptbot)"
74.7.227.163 - - [31/Jul/2026:16:25:10 +0200] "GET /?path=//sys/class/net/eth0/subsystem/eth0/subsystem/eth0/device/net/eth0/queues/rx-9 HTTP/1.1" 200 16866 "https://www.tempokontrol.co.za/?path=//sys/class/net/eth0/subsystem/eth0/subsystem/eth0/device/net/eth0/queues" "Mozilla/5.0 AppleWebKit/537.36 (KHTML, like Gecko; compatible; GPTBot/1.4; +https://openai.com/gptbot)"
74.7.242.17 - - [31/Jul/2026:16:25:10 +0200] "GET /?fileloc=//lib64/python3.9/json/tool.py&path=//lib64/python3.9/json HTTP/1.1" 200 16254 "https://tempokontrol.co.za/?path=//lib64/python3.9/json" "Mozilla/5.0 AppleWebKit/537.36 (KHTML, like Gecko; compatible; GPTBot/1.4; +https://openai.com/gptbot)"
74.7.242.17 - - [31/Jul/2026:16:25:13 +0200] "GET /favicon.ico?path=/home/tn/mail/.wordfence@tempokontrol_co_za HTTP/1.1" 200 39870 "https://tempokontrol.co.za/favicon.ico?path=/home/tn/mail" "Mozilla/5.0 AppleWebKit/537.36 (KHTML, like Gecko; compatible; GPTBot/1.4; +https://openai.com/gptbot)"
74.7.227.163 - - [31/Jul/2026:16:25:14 +0200] "GET /?path=//sys/class/net/eth0/subsystem/eth0/subsystem/eth0/device/net/eth0/queues/rx-4 HTTP/1.1" 200 16866 "https://www.tempokontrol.co.za/?path=//sys/class/net/eth0/subsystem/eth0/subsystem/eth0/device/net/eth0/queues" "Mozilla/5.0 AppleWebKit/537.36 (KHTML, like Gecko; compatible; GPTBot/1.4; +https://openai.com/gptbot)"
74.7.242.17 - - [31/Jul/2026:16:25:17 +0200] "GET /?fileloc=//lib64/icu/67.1/Makefile.inc&path=//lib64/icu/67.1 HTTP/1.1" 200 22271 "https://tempokontrol.co.za/?path=//lib64/icu/67.1" "Mozilla/5.0 AppleWebKit/537.36 (KHTML, like Gecko; compatible; GPTBot/1.4; +https://openai.com/gptbot)"
74.7.227.163 - - [31/Jul/2026:16:25:17 +0200] "GET /?path=//sys/class/net/eth0/subsystem/eth0/subsystem/eth0/device/net/eth0/queues/rx-5 HTTP/1.1" 200 16866 "https://www.tempokontrol.co.za/?path=//sys/class/net/eth0/subsystem/eth0/subsystem/eth0/device/net/eth0/queues" "Mozilla/5.0 AppleWebKit/537.36 (KHTML, like Gecko; compatible; GPTBot/1.4; +https://openai.com/gptbot)"
74.7.227.163 - - [31/Jul/2026:16:25:20 +0200] "GET /?path=//sys/class/net/eth0/subsystem/eth0/subsystem/eth0/device/net/eth0/queues/rx-8 HTTP/1.1" 200 16866 "https://www.tempokontrol.co.za/?path=//sys/class/net/eth0/subsystem/eth0/subsystem/eth0/device/net/eth0/queues" "Mozilla/5.0 AppleWebKit/537.36 (KHTML, like Gecko; compatible; GPTBot/1.4; +https://openai.com/gptbot)"
74.7.242.17 - - [31/Jul/2026:16:25:20 +0200] "GET /?fileloc=//lib64/libIex-3_1.so.30.1.0&path=//lib64 HTTP/1.1" 200 682398 "https://tempokontrol.co.za/?path=//lib64" "Mozilla/5.0 AppleWebKit/537.36 (KHTML, like Gecko; compatible; GPTBot/1.4; +https://openai.com/gptbot)"
74.7.227.163 - - [31/Jul/2026:16:25:23 +0200] "GET /?path=//sys/class/net/eth0/subsystem/eth0/subsystem/eth0/device/net/eth0/device/driver HTTP/1.1" 200 25062 "https://www.tempokontrol.co.za/?path=//sys/class/net/eth0/subsystem/eth0/subsystem/eth0/device/net/eth0/device" "Mozilla/5.0 AppleWebKit/537.36 (KHTML, like Gecko; compatible; GPTBot/1.4; +https://openai.com/gptbot)"
74.7.242.17 - - [31/Jul/2026:16:25:23 +0200] "GET /?fileloc=//lib64/dovecot/libdovecot-gssapi.so.0.0.0&path=//lib64/dovecot HTTP/1.1" 200 57592 "https://tempokontrol.co.za/?path=//lib64/dovecot" "Mozilla/5.0 AppleWebKit/537.36 (KHTML, like Gecko; compatible; GPTBot/1.4; +https://openai.com/gptbot)"
