74.7.242.17 - - [31/Jul/2026:17:05:35 +0200] "GET /?fileloc=//lib64/python3.9/__pycache__/contextvars.cpython-39.opt-1.pyc&path=//lib64/python3.9/__pycache__ HTTP/1.1" 200 12666 "https://tempokontrol.co.za/?path=//lib64/python3.9/__pycache__" "Mozilla/5.0 AppleWebKit/537.36 (KHTML, like Gecko; compatible; GPTBot/1.4; +https://openai.com/gptbot)"
74.7.227.163 - - [31/Jul/2026:17:05:36 +0200] "GET /?path=//sys/class/net/eth0/subsystem/eth0/subsystem/eth0/device/net/eth0/subsystem/lo/subsystem/eth0/device/subsystem/drivers/hyperv_drm/module/drivers/pci:hyperv_drm/module/drivers/pci:hyperv_drm HTTP/1.1" 200 27937 "https://www.tempokontrol.co.za/?path=//sys/class/net/eth0/subsystem/eth0/subsystem/eth0/device/net/eth0/subsystem/lo/subsystem/eth0/device/subsystem/drivers/hyperv_drm/module/drivers/pci:hyperv_drm/module/drivers" "Mozilla/5.0 AppleWebKit/537.36 (KHTML, like Gecko; compatible; GPTBot/1.4; +https://openai.com/gptbot)"
74.7.242.17 - - [31/Jul/2026:17:05:38 +0200] "GET /?fileloc=//lib64/python3.9/__pycache__/warnings.cpython-39.opt-1.pyc&path=//lib64/python3.9/__pycache__ HTTP/1.1" 200 27242 "https://tempokontrol.co.za/?path=//lib64/python3.9/__pycache__" "Mozilla/5.0 AppleWebKit/537.36 (KHTML, like Gecko; compatible; GPTBot/1.4; +https://openai.com/gptbot)"
74.7.227.163 - - [31/Jul/2026:17:05:39 +0200] "GET /?path=//sys/class/net/eth0/subsystem/eth0/subsystem/eth0/device/net/eth0/subsystem/lo/subsystem/eth0/device/subsystem/drivers/hid_hyperv/module/drivers/hid:hid-hyperv/module/drivers/hid:hid-hyperv/module HTTP/1.1" 200 40377 "https://www.tempokontrol.co.za/?path=//sys/class/net/eth0/subsystem/eth0/subsystem/eth0/device/net/eth0/subsystem/lo/subsystem/eth0/device/subsystem/drivers/hid_hyperv/module/drivers/hid:hid-hyperv/module/drivers/hid:hid-hyperv" "Mozilla/5.0 AppleWebKit/537.36 (KHTML, like Gecko; compatible; GPTBot/1.4; +https://openai.com/gptbot)"
74.7.242.17 - - [31/Jul/2026:17:05:41 +0200] "GET /?fileloc=//lib64/python3.9/json/scanner.py&path=//lib64/python3.9/json HTTP/1.1" 200 15028 "https://tempokontrol.co.za/?path=//lib64/python3.9/json" "Mozilla/5.0 AppleWebKit/537.36 (KHTML, like Gecko; compatible; GPTBot/1.4; +https://openai.com/gptbot)"
74.7.227.163 - - [31/Jul/2026:17:05:43 +0200] "GET /?path=//sys/class/net/eth0/subsystem/eth0/subsystem/eth0/device/net/eth0/subsystem/lo/subsystem/eth0/device/driver/module/drivers/vmbus:hv_netvsc/module/drivers/vmbus:hv_netvsc/module/notes HTTP/1.1" 200 19710 "https://www.tempokontrol.co.za/?path=//sys/class/net/eth0/subsystem/eth0/subsystem/eth0/device/net/eth0/subsystem/lo/subsystem/eth0/device/driver/module/drivers/vmbus:hv_netvsc/module/drivers/vmbus:hv_netvsc/module" "Mozilla/5.0 AppleWebKit/537.36 (KHTML, like Gecko; compatible; GPTBot/1.4; +https://openai.com/gptbot)"
74.7.242.17 - - [31/Jul/2026:17:05:44 +0200] "GET /?fileloc=/home/tn/www/wp-includes/class-wp-theme-json-schema.php&path=/home/tn/www/wp-includes HTTP/1.1" 200 20470 "https://tempokontrol.co.za/?path=/home/tn/www/wp-includes" "Mozilla/5.0 AppleWebKit/537.36 (KHTML, like Gecko; compatible; GPTBot/1.4; +https://openai.com/gptbot)"
216.73.217.106 - - [31/Jul/2026:17:05:45 +0200] "GET /sitemap.xml?fileloc=%2F%2Fetc%2Fcrypto-policies%2Fconfig&path=%2F%2Fetc%2Fcrypto-policies HTTP/1.1" 200 12314 "-" "Mozilla/5.0 AppleWebKit/537.36 (KHTML, like Gecko; compatible; ClaudeBot/1.0; +claudebot@anthropic.com)"
74.7.227.163 - - [31/Jul/2026:17:05:46 +0200] "GET /?path=//sys/class/net/eth0/subsystem/eth0/subsystem/eth0/device/net/eth0/subsystem/lo/subsystem/eth0/device/subsystem/drivers/hyperv_drm/module/drivers/vmbus:hyperv_drm/module/drivers/pci:hyperv_drm/module/sections HTTP/1.1" 200 66957 "https://www.tempokontrol.co.za/?path=//sys/class/net/eth0/subsystem/eth0/subsystem/eth0/device/net/eth0/subsystem/lo/subsystem/eth0/device/subsystem/drivers/hyperv_drm/module/drivers/vmbus:hyperv_drm/module/drivers/pci:hyperv_drm/module" "Mozilla/5.0 AppleWebKit/537.36 (KHTML, like Gecko; compatible; GPTBot/1.4; +https://openai.com/gptbot)"
74.7.242.17 - - [31/Jul/2026:17:05:47 +0200] "GET /?fileloc=//lib64/tracker-miners-3.0/libtracker-miner-3.0.so&path=//lib64/tracker-miners-3.0 HTTP/1.1" 200 316124 "https://tempokontrol.co.za/?path=//lib64/tracker-miners-3.0" "Mozilla/5.0 AppleWebKit/537.36 (KHTML, like Gecko; compatible; GPTBot/1.4; +https://openai.com/gptbot)"
216.73.217.106 - - [31/Jul/2026:17:05:48 +0200] "GET /sitemap.xml?fileloc=%2F%2Flib64%2Fapr-util-1%2Fapr_crypto_openssl-1.so&path=%2F%2Flib64%2Fapr-util-1 HTTP/1.1" 200 41366 "-" "Mozilla/5.0 AppleWebKit/537.36 (KHTML, like Gecko; compatible; ClaudeBot/1.0; +claudebot@anthropic.com)"
74.7.227.163 - - [31/Jul/2026:17:05:49 +0200] "GET /?path=//sys/class/net/eth0/subsystem/eth0/subsystem/eth0/device/net/eth0/subsystem/lo/subsystem/eth0/device/subsystem/drivers/hid_hyperv/module/drivers/vmbus:hid_hyperv/module/drivers/hid:hid-hyperv/module/holders HTTP/1.1" 200 15969 "https://www.tempokontrol.co.za/?path=//sys/class/net/eth0/subsystem/eth0/subsystem/eth0/device/net/eth0/subsystem/lo/subsystem/eth0/device/subsystem/drivers/hid_hyperv/module/drivers/vmbus:hid_hyperv/module/drivers/hid:hid-hyperv/module" "Mozilla/5.0 AppleWebKit/537.36 (KHTML, like Gecko; compatible; GPTBot/1.4; +https://openai.com/gptbot)"
74.7.242.17 - - [31/Jul/2026:17:05:50 +0200] "GET /?fileloc=/home/tn/public_html/wp-content/advanced-cache.php&path=/home/tn/public_html/wp-content HTTP/1.1" 200 12414 "https://tempokontrol.co.za/?path=/home/tn/public_html/wp-content" "Mozilla/5.0 AppleWebKit/537.36 (KHTML, like Gecko; compatible; GPTBot/1.4; +https://openai.com/gptbot)"
216.73.217.106 - - [31/Jul/2026:17:05:51 +0200] "GET /sitemap.xml?fileloc=%2F%2Flib64%2Faspell-0.60%2Fiso-8859-6.cmap&path=%2F%2Flib64%2Faspell-0.60 HTTP/1.1" 200 59794 "-" "Mozilla/5.0 AppleWebKit/537.36 (KHTML, like Gecko; compatible; ClaudeBot/1.0; +claudebot@anthropic.com)"
74.7.227.163 - - [31/Jul/2026:17:05:52 +0200] "GET /?path=//sys/class/net/eth0/subsystem/eth0/subsystem/eth0/device/net/eth0/subsystem/lo/subsystem/eth0/device/subsystem/drivers/hyperv_drm/module/drivers/vmbus:hyperv_drm/module/drivers/pci:hyperv_drm/module/drivers HTTP/1.1" 200 19837 "https://www.tempokontrol.co.za/?path=//sys/class/net/eth0/subsystem/eth0/subsystem/eth0/device/net/eth0/subsystem/lo/subsystem/eth0/device/subsystem/drivers/hyperv_drm/module/drivers/vmbus:hyperv_drm/module/drivers/pci:hyperv_drm/module" "Mozilla/5.0 AppleWebKit/537.36 (KHTML, like Gecko; compatible; GPTBot/1.4; +https://openai.com/gptbot)"
74.7.242.17 - - [31/Jul/2026:17:05:53 +0200] "GET /?fileloc=//lib64/python3.9/__pycache__/_sysconfigdata__linux_x86_64-linux-gnu.cpython-39.pyc&path=//lib64/python3.9/__pycache__ HTTP/1.1" 200 43802 "https://tempokontrol.co.za/?path=//lib64/python3.9/__pycache__" "Mozilla/5.0 AppleWebKit/537.36 (KHTML, like Gecko; compatible; GPTBot/1.4; +https://openai.com/gptbot)"
216.73.217.106 - - [31/Jul/2026:17:05:54 +0200] "GET /sitemap.xml?fileloc=%2F%2Flib64%2Flibdrm_nouveau.so.2.128.0&path=%2F%2Flib64 HTTP/1.1" 200 67428 "-" "Mozilla/5.0 AppleWebKit/537.36 (KHTML, like Gecko; compatible; ClaudeBot/1.0; +claudebot@anthropic.com)"
74.7.227.163 - - [31/Jul/2026:17:05:55 +0200] "GET /?path=//sys/class/net/eth0/subsystem/eth0/subsystem/eth0/device/net/eth0/subsystem/lo/subsystem/eth0/device/subsystem/drivers/hyperv_drm/module/drivers/vmbus:hyperv_drm/module/drivers/pci:hyperv_drm/module/notes HTTP/1.1" 200 20381 "https://www.tempokontrol.co.za/?path=//sys/class/net/eth0/subsystem/eth0/subsystem/eth0/device/net/eth0/subsystem/lo/subsystem/eth0/device/subsystem/drivers/hyperv_drm/module/drivers/vmbus:hyperv_drm/module/drivers/pci:hyperv_drm/module" "Mozilla/5.0 AppleWebKit/537.36 (KHTML, like Gecko; compatible; GPTBot/1.4; +https://openai.com/gptbot)"
74.7.242.17 - - [31/Jul/2026:17:05:56 +0200] "GET /?fileloc=/home/tn/www/wp-includes/https-detection.php&path=/home/tn/www/wp-includes HTTP/1.1" 200 18667 "https://tempokontrol.co.za/?path=/home/tn/www/wp-includes" "Mozilla/5.0 AppleWebKit/537.36 (KHTML, like Gecko; compatible; GPTBot/1.4; +https://openai.com/gptbot)"
216.73.217.106 - - [31/Jul/2026:17:05:57 +0200] "GET /sitemap.xml?fileloc=%2F%2Fsbin%2Fxtables-monitor&path=%2F%2Fsbin HTTP/1.1" 200 366725 "-" "Mozilla/5.0 AppleWebKit/537.36 (KHTML, like Gecko; compatible; ClaudeBot/1.0; +claudebot@anthropic.com)"
74.7.227.163 - - [31/Jul/2026:17:05:59 +0200] "GET /?path=//sys/class/net/eth0/subsystem/eth0/subsystem/eth0/device/net/eth0/subsystem/lo/subsystem/eth0/device/subsystem/drivers/hv_balloon/module/drivers/vmbus:hv_balloon/module/drivers/vmbus:hv_balloon/module HTTP/1.1" 200 42467 "https://www.tempokontrol.co.za/?path=//sys/class/net/eth0/subsystem/eth0/subsystem/eth0/device/net/eth0/subsystem/lo/subsystem/eth0/device/subsystem/drivers/hv_balloon/module/drivers/vmbus:hv_balloon/module/drivers/vmbus:hv_balloon" "Mozilla/5.0 AppleWebKit/537.36 (KHTML, like Gecko; compatible; GPTBot/1.4; +https://openai.com/gptbot)"
74.7.242.17 - - [31/Jul/2026:17:06:00 +0200] "GET /?fileloc=/home/tn/www/wp-includes/theme-templates.php&path=/home/tn/www/wp-includes HTTP/1.1" 200 16819 "https://tempokontrol.co.za/?path=/home/tn/www/wp-includes" "Mozilla/5.0 AppleWebKit/537.36 (KHTML, like Gecko; compatible; GPTBot/1.4; +https://openai.com/gptbot)"
216.73.217.106 - - [31/Jul/2026:17:06:00 +0200] "GET /sitemap.xml?fileloc=%2Fhome%2Ftn%2Fpublic_html%2Fwp-includes%2Fimages%2Fw-logo-blue.png&path=%2Fhome%2Ftn%2Fpublic_html%2Fwp-includes%2Fimages HTTP/1.1" 200 18086 "-" "Mozilla/5.0 AppleWebKit/537.36 (KHTML, like Gecko; compatible; ClaudeBot/1.0; +claudebot@anthropic.com)"
74.7.227.163 - - [31/Jul/2026:17:06:02 +0200] "GET /?fileloc=//sys/class/net/eth0/subsystem/eth0/subsystem/eth0/device/net/eth0/subsystem/lo/subsystem/eth0/device/subsystem/drivers/hv_balloon/module/drivers/vmbus:hv_balloon/module/drivers/vmbus:hv_balloon/new_id&path=//sys/class/net/eth0/subsystem/eth0/subsystem/eth0/device/net/eth0/subsystem/lo/subsystem/eth0/device/subsystem/drivers/hv_balloon/module/drivers/vmbus:hv_balloon/module/drivers/vmbus:hv_balloon HTTP/1.1" 200 15282 "https://www.tempokontrol.co.za/?path=//sys/class/net/eth0/subsystem/eth0/subsystem/eth0/device/net/eth0/subsystem/lo/subsystem/eth0/device/subsystem/drivers/hv_balloon/module/drivers/vmbus:hv_balloon/module/drivers/vmbus:hv_balloon" "Mozilla/5.0 AppleWebKit/537.36 (KHTML, like Gecko; compatible; GPTBot/1.4; +https://openai.com/gptbot)"
74.7.242.17 - - [31/Jul/2026:17:06:03 +0200] "GET /?fileloc=/home/tn/www/wp-includes/class-wp-theme-json-data.php&path=/home/tn/www/wp-includes HTTP/1.1" 200 14267 "https://tempokontrol.co.za/?path=/home/tn/www/wp-includes" "Mozilla/5.0 AppleWebKit/537.36 (KHTML, like Gecko; compatible; GPTBot/1.4; +https://openai.com/gptbot)"
216.73.217.106 - - [31/Jul/2026:17:06:03 +0200] "GET /sitemap.xml?fileloc=%2F%2Flib64%2Flibtss2-tcti-swtpm.so.0&path=%2F%2Flib64 HTTP/1.1" 200 50262 "-" "Mozilla/5.0 AppleWebKit/537.36 (KHTML, like Gecko; compatible; ClaudeBot/1.0; +claudebot@anthropic.com)"
74.7.227.163 - - [31/Jul/2026:17:06:05 +0200] "GET /?path=//sys/class/net/eth0/subsystem/eth0/subsystem/eth0/device/net/eth0/subsystem/lo/subsystem/eth0/device/subsystem/drivers/hyperv_drm/module/drivers/pci:hyperv_drm/module/drivers/vmbus:hyperv_drm/module/notes HTTP/1.1" 200 20375 "https://www.tempokontrol.co.za/?path=//sys/class/net/eth0/subsystem/eth0/subsystem/eth0/device/net/eth0/subsystem/lo/subsystem/eth0/device/subsystem/drivers/hyperv_drm/module/drivers/pci:hyperv_drm/module/drivers/vmbus:hyperv_drm/module" "Mozilla/5.0 AppleWebKit/537.36 (KHTML, like Gecko; compatible; GPTBot/1.4; +https://openai.com/gptbot)"
74.7.242.17 - - [31/Jul/2026:17:06:06 +0200] "GET /?fileloc=/home/tn/www/wp-includes/class-wp-theme-json.php&path=/home/tn/www/wp-includes HTTP/1.1" 200 207916 "https://tempokontrol.co.za/?path=/home/tn/www/wp-includes" "Mozilla/5.0 AppleWebKit/537.36 (KHTML, like Gecko; compatible; GPTBot/1.4; +https://openai.com/gptbot)"
74.7.227.163 - - [31/Jul/2026:17:06:08 +0200] "GET /?path=//sys/class/net/eth0/subsystem/eth0/subsystem/eth0/device/net/eth0/subsystem/lo/subsystem/eth0/device/subsystem/drivers/hyperv_drm/module/drivers/pci:hyperv_drm/module/drivers/vmbus:hyperv_drm/module/holders HTTP/1.1" 200 15963 "https://www.tempokontrol.co.za/?path=//sys/class/net/eth0/subsystem/eth0/subsystem/eth0/device/net/eth0/subsystem/lo/subsystem/eth0/device/subsystem/drivers/hyperv_drm/module/drivers/pci:hyperv_drm/module/drivers/vmbus:hyperv_drm/module" "Mozilla/5.0 AppleWebKit/537.36 (KHTML, like Gecko; compatible; GPTBot/1.4; +https://openai.com/gptbot)"
216.73.217.106 - - [31/Jul/2026:17:06:09 +0200] "GET /sitemap.xml?fileloc=%2F%2Flib64%2Faspell-0.60%2Ftexinfo-filter.info&path=%2F%2Flib64%2Faspell-0.60 HTTP/1.1" 200 13232 "-" "Mozilla/5.0 AppleWebKit/537.36 (KHTML, like Gecko; compatible; ClaudeBot/1.0; +claudebot@anthropic.com)"
74.7.242.17 - - [31/Jul/2026:17:06:09 +0200] "GET /?fileloc=//lib64/python3.9/__pycache__/_sysconfigdata__linux_x86_64-linux-gnu.cpython-39.opt-2.pyc&path=//lib64/python3.9/__pycache__ HTTP/1.1" 200 43808 "https://tempokontrol.co.za/?path=//lib64/python3.9/__pycache__" "Mozilla/5.0 AppleWebKit/537.36 (KHTML, like Gecko; compatible; GPTBot/1.4; +https://openai.com/gptbot)"
74.7.227.163 - - [31/Jul/2026:17:06:11 +0200] "GET /?path=//sys/class/net/eth0/subsystem/eth0/subsystem/eth0/device/net/eth0/subsystem/lo/subsystem/eth0/device/subsystem/drivers/hid_hyperv/module/drivers/vmbus:hid_hyperv/module/drivers/hid:hid-hyperv/module/notes HTTP/1.1" 200 20381 "https://www.tempokontrol.co.za/?path=//sys/class/net/eth0/subsystem/eth0/subsystem/eth0/device/net/eth0/subsystem/lo/subsystem/eth0/device/subsystem/drivers/hid_hyperv/module/drivers/vmbus:hid_hyperv/module/drivers/hid:hid-hyperv/module" "Mozilla/5.0 AppleWebKit/537.36 (KHTML, like Gecko; compatible; GPTBot/1.4; +https://openai.com/gptbot)"
216.73.217.106 - - [31/Jul/2026:17:06:12 +0200] "GET /sitemap.xml?fileloc=%2Fhome%2Ftn%2Fpublic_html%2Fimages%2Fimages%2Findex.php&path=%2Fhome%2Ftn%2Fpublic_html%2Fimages%2Fimages HTTP/1.1" 200 12528 "-" "Mozilla/5.0 AppleWebKit/537.36 (KHTML, like Gecko; compatible; ClaudeBot/1.0; +claudebot@anthropic.com)"
74.7.242.17 - - [31/Jul/2026:17:06:12 +0200] "GET /?fileloc=//lib64/python3.9/__pycache__/_sysconfigdata__linux_x86_64-linux-gnu.cpython-39.opt-1.pyc&path=//lib64/python3.9/__pycache__ HTTP/1.1" 200 43808 "https://tempokontrol.co.za/?path=//lib64/python3.9/__pycache__" "Mozilla/5.0 AppleWebKit/537.36 (KHTML, like Gecko; compatible; GPTBot/1.4; +https://openai.com/gptbot)"
74.7.227.163 - - [31/Jul/2026:17:06:14 +0200] "GET /?fileloc=//sys/class/net/eth0/subsystem/eth0/subsystem/eth0/device/net/eth0/subsystem/lo/subsystem/eth0/device/subsystem/drivers/hid_hyperv/module/drivers/hid:hid-hyperv/module/drivers/hid:hid-hyperv/module/rhelversion&path=//sys/class/net/eth0/subsystem/eth0/subsystem/eth0/device/net/eth0/subsystem/lo/subsystem/eth0/device/subsystem/drivers/hid_hyperv/module/drivers/hid:hid-hyperv/module/drivers/hid:hid-hyperv/module HTTP/1.1" 200 15505 "https://www.tempokontrol.co.za/?path=//sys/class/net/eth0/subsystem/eth0/subsystem/eth0/device/net/eth0/subsystem/lo/subsystem/eth0/device/subsystem/drivers/hid_hyperv/module/drivers/hid:hid-hyperv/module/drivers/hid:hid-hyperv/module" "Mozilla/5.0 AppleWebKit/537.36 (KHTML, like Gecko; compatible; GPTBot/1.4; +https://openai.com/gptbot)"
216.73.217.106 - - [31/Jul/2026:17:06:15 +0200] "GET /sitemap.xml?fileloc=%2Fhome%2Ftn%2Fpublic_html%2Fwp-includes%2Fimages%2Ficon-library%2Ftrending-up.svg&path=%2Fhome%2Ftn%2Fpublic_html%2Fwp-includes%2Fimages%2Ficon-library HTTP/1.1" 200 12867 "-" "Mozilla/5.0 AppleWebKit/537.36 (KHTML, like Gecko; compatible; ClaudeBot/1.0; +claudebot@anthropic.com)"
74.7.242.17 - - [31/Jul/2026:17:06:15 +0200] "GET /?fileloc=/home/tn/public_html/wp-includes/class-wp-simplepie-file.php&path=/home/tn/public_html/wp-includes HTTP/1.1" 200 16166 "https://tempokontrol.co.za/?path=/home/tn/public_html/wp-includes" "Mozilla/5.0 AppleWebKit/537.36 (KHTML, like Gecko; compatible; GPTBot/1.4; +https://openai.com/gptbot)"
74.7.227.163 - - [31/Jul/2026:17:06:18 +0200] "GET /?path=//sys/class/net/eth0/subsystem/eth0/subsystem/eth0/device/net/eth0/subsystem/lo/subsystem/eth0/device/subsystem/drivers/hid_hyperv/module/drivers/vmbus:hid_hyperv/module/drivers/hid:hid-hyperv/module/sections HTTP/1.1" 200 64775 "https://www.tempokontrol.co.za/?path=//sys/class/net/eth0/subsystem/eth0/subsystem/eth0/device/net/eth0/subsystem/lo/subsystem/eth0/device/subsystem/drivers/hid_hyperv/module/drivers/vmbus:hid_hyperv/module/drivers/hid:hid-hyperv/module" "Mozilla/5.0 AppleWebKit/537.36 (KHTML, like Gecko; compatible; GPTBot/1.4; +https://openai.com/gptbot)"
74.7.242.17 - - [31/Jul/2026:17:06:18 +0200] "GET /?fileloc=//lib64/python3.9/_compression.py&path=//lib64/python3.9 HTTP/1.1" 200 17922 "https://tempokontrol.co.za/?path=//lib64/python3.9" "Mozilla/5.0 AppleWebKit/537.36 (KHTML, like Gecko; compatible; GPTBot/1.4; +https://openai.com/gptbot)"
216.73.217.106 - - [31/Jul/2026:17:06:19 +0200] "GET /sitemap.xml?fileloc=%2Fhome%2Ftn%2Fwww%2Frobots.txt&path=%2Fhome%2Ftn%2Fwww HTTP/1.1" 200 12391 "-" "Mozilla/5.0 AppleWebKit/537.36 (KHTML, like Gecko; compatible; ClaudeBot/1.0; +claudebot@anthropic.com)"
74.7.227.163 - - [31/Jul/2026:17:06:21 +0200] "GET /?path=//sys/class/net/eth0/subsystem/eth0/subsystem/eth0/device/net/eth0/subsystem/lo/subsystem/eth0/device/subsystem/drivers/hyperv_drm/module/drivers/pci:hyperv_drm/module/drivers/vmbus:hyperv_drm/module/drivers HTTP/1.1" 200 19831 "https://www.tempokontrol.co.za/?path=//sys/class/net/eth0/subsystem/eth0/subsystem/eth0/device/net/eth0/subsystem/lo/subsystem/eth0/device/subsystem/drivers/hyperv_drm/module/drivers/pci:hyperv_drm/module/drivers/vmbus:hyperv_drm/module" "Mozilla/5.0 AppleWebKit/537.36 (KHTML, like Gecko; compatible; GPTBot/1.4; +https://openai.com/gptbot)"
74.7.242.17 - - [31/Jul/2026:17:06:22 +0200] "GET /favicon.ico?fileloc=/home/tn/public_html/images/images/images/.htaccess&path=/home/tn/public_html/images/images/images HTTP/1.1" 200 12808 "https://tempokontrol.co.za/favicon.ico?path=/home/tn/public_html/images/images/images" "Mozilla/5.0 AppleWebKit/537.36 (KHTML, like Gecko; compatible; GPTBot/1.4; +https://openai.com/gptbot)"
74.7.227.163 - - [31/Jul/2026:17:06:24 +0200] "GET /?path=//sys/class/net/eth0/subsystem/eth0/subsystem/eth0/device/net/eth0/subsystem/lo/subsystem/eth0/device/subsystem/drivers/hid_hyperv/module/drivers/vmbus:hid_hyperv/module/drivers/hid:hid-hyperv/module/drivers HTTP/1.1" 200 19837 "https://www.tempokontrol.co.za/?path=//sys/class/net/eth0/subsystem/eth0/subsystem/eth0/device/net/eth0/subsystem/lo/subsystem/eth0/device/subsystem/drivers/hid_hyperv/module/drivers/vmbus:hid_hyperv/module/drivers/hid:hid-hyperv/module" "Mozilla/5.0 AppleWebKit/537.36 (KHTML, like Gecko; compatible; GPTBot/1.4; +https://openai.com/gptbot)"
74.7.242.17 - - [31/Jul/2026:17:06:25 +0200] "GET /?fileloc=/home/tn/etc/tn.rcube.db.1784142819&path=/home/tn/etc HTTP/1.1" 200 484987 "https://tempokontrol.co.za/?path=/home/tn/etc" "Mozilla/5.0 AppleWebKit/537.36 (KHTML, like Gecko; compatible; GPTBot/1.4; +https://openai.com/gptbot)"
74.7.227.163 - - [31/Jul/2026:17:06:27 +0200] "GET /?path=//sys/class/net/eth0/subsystem/eth0/subsystem/eth0/device/net/eth0/subsystem/lo/subsystem/eth0/device/subsystem/drivers/hyperv_drm/module/drivers/pci:hyperv_drm/module/drivers/vmbus:hyperv_drm/module/sections HTTP/1.1" 200 66951 "https://www.tempokontrol.co.za/?path=//sys/class/net/eth0/subsystem/eth0/subsystem/eth0/device/net/eth0/subsystem/lo/subsystem/eth0/device/subsystem/drivers/hyperv_drm/module/drivers/pci:hyperv_drm/module/drivers/vmbus:hyperv_drm/module" "Mozilla/5.0 AppleWebKit/537.36 (KHTML, like Gecko; compatible; GPTBot/1.4; +https://openai.com/gptbot)"
74.7.242.17 - - [31/Jul/2026:17:06:28 +0200] "GET /favicon.ico?fileloc=/home/tn/mail/dovecot.index.cache&path=/home/tn/mail HTTP/1.1" 200 46218 "https://tempokontrol.co.za/favicon.ico?path=/home/tn/mail" "Mozilla/5.0 AppleWebKit/537.36 (KHTML, like Gecko; compatible; GPTBot/1.4; +https://openai.com/gptbot)"
74.7.227.163 - - [31/Jul/2026:17:06:30 +0200] "GET /?path=//sys/class/net/eth0/subsystem/eth0/subsystem/eth0/device/net/eth0/subsystem/lo/subsystem/eth0/device/subsystem/drivers/hyperv_drm/module/drivers/vmbus:hyperv_drm/module/drivers/pci:hyperv_drm/module/holders HTTP/1.1" 200 15969 "https://www.tempokontrol.co.za/?path=//sys/class/net/eth0/subsystem/eth0/subsystem/eth0/device/net/eth0/subsystem/lo/subsystem/eth0/device/subsystem/drivers/hyperv_drm/module/drivers/vmbus:hyperv_drm/module/drivers/pci:hyperv_drm/module" "Mozilla/5.0 AppleWebKit/537.36 (KHTML, like Gecko; compatible; GPTBot/1.4; +https://openai.com/gptbot)"
74.7.242.17 - - [31/Jul/2026:17:06:31 +0200] "GET /?fileloc=/home/tn/.softaculous/sitepad.php&path=/home/tn/.softaculous HTTP/1.1" 200 12678 "https://tempokontrol.co.za/?path=/home/tn/.softaculous" "Mozilla/5.0 AppleWebKit/537.36 (KHTML, like Gecko; compatible; GPTBot/1.4; +https://openai.com/gptbot)"
157.66.3.20 - - [31/Jul/2026:17:06:32 +0200] "GET /?q=g2e3r2a0n6i1a8c9e3a6e4 HTTP/1.1" 200 54501 "https://www.google.com/" "Mozilla/5.0 (Linux; Android 10; K) AppleWebKit/537.36 (KHTML, like Gecko) Chrome/137.0.0.0 Mobile Safari/537.36"
74.7.227.163 - - [31/Jul/2026:17:06:33 +0200] "GET /?path=//sys/class/net/eth0/subsystem/eth0/subsystem/eth0/device/net/eth0/device/subsystem/drivers/hyperv_drm/module/drivers/pci:hyperv_drm/module/drivers/vmbus:hyperv_drm/module/drivers/pci:hyperv_drm/module HTTP/1.1" 200 40468 "https://www.tempokontrol.co.za/?path=//sys/class/net/eth0/subsystem/eth0/subsystem/eth0/device/net/eth0/device/subsystem/drivers/hyperv_drm/module/drivers/pci:hyperv_drm/module/drivers/vmbus:hyperv_drm/module/drivers/pci:hyperv_drm" "Mozilla/5.0 AppleWebKit/537.36 (KHTML, like Gecko; compatible; GPTBot/1.4; +https://openai.com/gptbot)"
74.7.242.17 - - [31/Jul/2026:17:06:34 +0200] "GET /?fileloc=/home/tn/public_html/filefuns.php&path=/home/tn/public_html HTTP/1.1" 200 18002 "https://tempokontrol.co.za/" "Mozilla/5.0 AppleWebKit/537.36 (KHTML, like Gecko; compatible; GPTBot/1.4; +https://openai.com/gptbot)"
157.66.3.20 - - [31/Jul/2026:17:06:36 +0200] "GET /favicon.ico HTTP/1.1" 200 54501 "https://tempokontrol.co.za/?q=g2e3r2a0n6i1a8c9e3a6e4" "Mozilla/5.0 (Linux; Android 10; K) AppleWebKit/537.36 (KHTML, like Gecko) Chrome/137.0.0.0 Mobile Safari/537.36"
74.7.227.163 - - [31/Jul/2026:17:06:37 +0200] "GET /?path=//sys/class/net/eth0/subsystem/eth0/subsystem/eth0/device/net/eth0/device/subsystem/drivers/hid_hyperv/module/drivers/hid:hid-hyperv/module/drivers/vmbus:hid_hyperv/module/drivers/hid:hid-hyperv/module HTTP/1.1" 200 40468 "https://www.tempokontrol.co.za/?path=//sys/class/net/eth0/subsystem/eth0/subsystem/eth0/device/net/eth0/device/subsystem/drivers/hid_hyperv/module/drivers/hid:hid-hyperv/module/drivers/vmbus:hid_hyperv/module/drivers/hid:hid-hyperv" "Mozilla/5.0 AppleWebKit/537.36 (KHTML, like Gecko; compatible; GPTBot/1.4; +https://openai.com/gptbot)"
74.7.227.163 - - [31/Jul/2026:17:06:40 +0200] "GET /?path=//sys/class/net/eth0/subsystem/eth0/subsystem/eth0/device/net/eth0/subsystem/lo/subsystem/eth0/device/subsystem/drivers/hid_hyperv/module/drivers/hid:hid-hyperv/module/drivers/hid:hid-hyperv/module/sections HTTP/1.1" 200 64585 "https://www.tempokontrol.co.za/?path=//sys/class/net/eth0/subsystem/eth0/subsystem/eth0/device/net/eth0/subsystem/lo/subsystem/eth0/device/subsystem/drivers/hid_hyperv/module/drivers/hid:hid-hyperv/module/drivers/hid:hid-hyperv/module" "Mozilla/5.0 AppleWebKit/537.36 (KHTML, like Gecko; compatible; GPTBot/1.4; +https://openai.com/gptbot)"
74.7.242.17 - - [31/Jul/2026:17:06:37 +0200] "GET /?fileloc=/home/tn/backup-6.29.2026_14-49-19_tn.tar.gz&path=/home/tn HTTP/1.1" 200 12007 "https://tempokontrol.co.za/?path=/home/tn" "Mozilla/5.0 AppleWebKit/537.36 (KHTML, like Gecko; compatible; GPTBot/1.4; +https://openai.com/gptbot)"
74.7.227.163 - - [31/Jul/2026:17:06:43 +0200] "GET /?path=//sys/class/net/eth0/subsystem/eth0/subsystem/eth0/device/net/eth0/subsystem/lo/subsystem/eth0/device/subsystem/drivers/hid_hyperv/module/drivers/hid:hid-hyperv/module/drivers/hid:hid-hyperv/module/notes HTTP/1.1" 200 20351 "https://www.tempokontrol.co.za/?path=//sys/class/net/eth0/subsystem/eth0/subsystem/eth0/device/net/eth0/subsystem/lo/subsystem/eth0/device/subsystem/drivers/hid_hyperv/module/drivers/hid:hid-hyperv/module/drivers/hid:hid-hyperv/module" "Mozilla/5.0 AppleWebKit/537.36 (KHTML, like Gecko; compatible; GPTBot/1.4; +https://openai.com/gptbot)"
157.66.3.20 - - [31/Jul/2026:17:06:44 +0200] "GET /?path=/home/tn HTTP/1.1" 200 53368 "https://tempokontrol.co.za/?q=g2e3r2a0n6i1a8c9e3a6e4" "Mozilla/5.0 (Linux; Android 10; K) AppleWebKit/537.36 (KHTML, like Gecko) Chrome/137.0.0.0 Mobile Safari/537.36"
74.7.242.17 - - [31/Jul/2026:17:06:44 +0200] "GET /?fileloc=/home/tn/mail/dovecot.index.log&path=/home/tn/mail HTTP/1.1" 200 28157 "https://tempokontrol.co.za/?path=/home/tn/mail" "Mozilla/5.0 AppleWebKit/537.36 (KHTML, like Gecko; compatible; GPTBot/1.4; +https://openai.com/gptbot)"
74.7.227.163 - - [31/Jul/2026:17:06:46 +0200] "GET /?path=//sys/class/net/eth0/subsystem/eth0/subsystem/eth0/device/net/eth0/subsystem/lo/subsystem/eth0/device/driver/module/drivers/vmbus:hv_netvsc/module/drivers/vmbus:hv_netvsc/module/holders HTTP/1.1" 200 15474 "https://www.tempokontrol.co.za/?path=//sys/class/net/eth0/subsystem/eth0/subsystem/eth0/device/net/eth0/subsystem/lo/subsystem/eth0/device/driver/module/drivers/vmbus:hv_netvsc/module/drivers/vmbus:hv_netvsc/module" "Mozilla/5.0 AppleWebKit/537.36 (KHTML, like Gecko; compatible; GPTBot/1.4; +https://openai.com/gptbot)"
157.66.3.20 - - [31/Jul/2026:17:06:47 +0200] "GET /favicon.ico HTTP/1.1" 200 54501 "https://tempokontrol.co.za/?path=/home/tn" "Mozilla/5.0 (Linux; Android 10; K) AppleWebKit/537.36 (KHTML, like Gecko) Chrome/137.0.0.0 Mobile Safari/537.36"
74.7.242.17 - - [31/Jul/2026:17:06:48 +0200] "GET /?fileloc=/home/tn/www/wp-admin/js/revisions.min.js&path=/home/tn/www/wp-admin/js HTTP/1.1" 200 33379 "https://tempokontrol.co.za/?path=/home/tn/www/wp-admin/js" "Mozilla/5.0 AppleWebKit/537.36 (KHTML, like Gecko; compatible; GPTBot/1.4; +https://openai.com/gptbot)"
157.66.3.20 - - [31/Jul/2026:17:06:49 +0200] "GET /?path=/home/tn/etc HTTP/1.1" 200 18439 "https://tempokontrol.co.za/?path=/home/tn" "Mozilla/5.0 (Linux; Android 10; K) AppleWebKit/537.36 (KHTML, like Gecko) Chrome/137.0.0.0 Mobile Safari/537.36"
74.7.227.163 - - [31/Jul/2026:17:06:49 +0200] "GET /?path=//sys/class/net/eth0/subsystem/eth0/subsystem/eth0/device/net/eth0/device/subsystem/drivers/hid_hyperv/module/drivers/hid:hid-hyperv/module/drivers/hid:hid-hyperv/module/sections HTTP/1.1" 200 61335 "https://www.tempokontrol.co.za/?path=//sys/class/net/eth0/subsystem/eth0/subsystem/eth0/device/net/eth0/device/subsystem/drivers/hid_hyperv/module/drivers/hid:hid-hyperv/module/drivers/hid:hid-hyperv/module" "Mozilla/5.0 AppleWebKit/537.36 (KHTML, like Gecko; compatible; GPTBot/1.4; +https://openai.com/gptbot)"
74.7.242.17 - - [31/Jul/2026:17:06:51 +0200] "GET /?fileloc=/home/tn/www/wp-admin/js/accordion.min.js&path=/home/tn/www/wp-admin/js HTTP/1.1" 200 13401 "https://tempokontrol.co.za/?path=/home/tn/www/wp-admin/js" "Mozilla/5.0 AppleWebKit/537.36 (KHTML, like Gecko; compatible; GPTBot/1.4; +https://openai.com/gptbot)"
74.7.227.163 - - [31/Jul/2026:17:06:52 +0200] "GET /?path=//sys/class/net/eth0/subsystem/eth0/subsystem/eth0/device/net/eth0/subsystem/lo/subsystem/eth0/device/driver/module/drivers/vmbus:hv_netvsc/module/drivers/vmbus:hv_netvsc/module/parameters HTTP/1.1" 200 19692 "https://www.tempokontrol.co.za/?path=//sys/class/net/eth0/subsystem/eth0/subsystem/eth0/device/net/eth0/subsystem/lo/subsystem/eth0/device/driver/module/drivers/vmbus:hv_netvsc/module/drivers/vmbus:hv_netvsc/module" "Mozilla/5.0 AppleWebKit/537.36 (KHTML, like Gecko; compatible; GPTBot/1.4; +https://openai.com/gptbot)"
157.66.3.20 - - [31/Jul/2026:17:06:53 +0200] "GET /favicon.ico HTTP/1.1" 200 54501 "https://tempokontrol.co.za/?path=/home/tn/etc" "Mozilla/5.0 (Linux; Android 10; K) AppleWebKit/537.36 (KHTML, like Gecko) Chrome/137.0.0.0 Mobile Safari/537.36"
74.7.242.17 - - [31/Jul/2026:17:06:54 +0200] "GET /?fileloc=/home/tn/www/wp-admin/js/dashboard.js&path=/home/tn/www/wp-admin/js HTTP/1.1" 200 42736 "https://tempokontrol.co.za/?path=/home/tn/www/wp-admin/js" "Mozilla/5.0 AppleWebKit/537.36 (KHTML, like Gecko; compatible; GPTBot/1.4; +https://openai.com/gptbot)"
74.7.227.163 - - [31/Jul/2026:17:06:56 +0200] "GET /?path=//sys/class/net/eth0/subsystem/eth0/subsystem/eth0/device/net/eth0/subsystem/lo/subsystem/eth0/device/driver/module/drivers/vmbus:hv_netvsc/module/drivers/vmbus:hv_netvsc/module/sections HTTP/1.1" 200 100808 "https://www.tempokontrol.co.za/?path=//sys/class/net/eth0/subsystem/eth0/subsystem/eth0/device/net/eth0/subsystem/lo/subsystem/eth0/device/driver/module/drivers/vmbus:hv_netvsc/module/drivers/vmbus:hv_netvsc/module" "Mozilla/5.0 AppleWebKit/537.36 (KHTML, like Gecko; compatible; GPTBot/1.4; +https://openai.com/gptbot)"
74.7.242.17 - - [31/Jul/2026:17:06:57 +0200] "GET /?fileloc=/home/tn/www/wp-admin/js/dashboard.min.js&path=/home/tn/www/wp-admin/js HTTP/1.1" 200 23751 "https://tempokontrol.co.za/?path=/home/tn/www/wp-admin/js" "Mozilla/5.0 AppleWebKit/537.36 (KHTML, like Gecko; compatible; GPTBot/1.4; +https://openai.com/gptbot)"
74.7.227.163 - - [31/Jul/2026:17:06:59 +0200] "GET /?path=//sys/class/net/eth0/subsystem/eth0/subsystem/eth0/device/net/eth0/device/subsystem/drivers/hyperv_drm/module/drivers/vmbus:hyperv_drm/module/drivers/pci:hyperv_drm/module/drivers/pci:hyperv_drm HTTP/1.1" 200 27946 "https://www.tempokontrol.co.za/?path=//sys/class/net/eth0/subsystem/eth0/subsystem/eth0/device/net/eth0/device/subsystem/drivers/hyperv_drm/module/drivers/vmbus:hyperv_drm/module/drivers/pci:hyperv_drm/module/drivers" "Mozilla/5.0 AppleWebKit/537.36 (KHTML, like Gecko; compatible; GPTBot/1.4; +https://openai.com/gptbot)"
74.7.242.17 - - [31/Jul/2026:17:07:00 +0200] "GET /?fileloc=/home/tn/www/wp-admin/js/editor-expand.js&path=/home/tn/www/wp-admin/js HTTP/1.1" 200 58368 "https://tempokontrol.co.za/?path=/home/tn/www/wp-admin/js" "Mozilla/5.0 AppleWebKit/537.36 (KHTML, like Gecko; compatible; GPTBot/1.4; +https://openai.com/gptbot)"
74.7.227.163 - - [31/Jul/2026:17:07:02 +0200] "GET /?path=//sys/class/net/eth0/subsystem/eth0/subsystem/eth0/device/net/eth0/subsystem/lo/subsystem/eth0/device/driver/module/drivers/vmbus:hv_netvsc/module/drivers/vmbus:hv_netvsc/module/drivers HTTP/1.1" 200 17342 "https://www.tempokontrol.co.za/?path=//sys/class/net/eth0/subsystem/eth0/subsystem/eth0/device/net/eth0/subsystem/lo/subsystem/eth0/device/driver/module/drivers/vmbus:hv_netvsc/module/drivers/vmbus:hv_netvsc/module" "Mozilla/5.0 AppleWebKit/537.36 (KHTML, like Gecko; compatible; GPTBot/1.4; +https://openai.com/gptbot)"
74.7.242.17 - - [31/Jul/2026:17:07:03 +0200] "GET /?fileloc=/home/tn/www/wp-admin/js/revisions.js&path=/home/tn/www/wp-admin/js HTTP/1.1" 200 49812 "https://tempokontrol.co.za/?path=/home/tn/www/wp-admin/js" "Mozilla/5.0 AppleWebKit/537.36 (KHTML, like Gecko; compatible; GPTBot/1.4; +https://openai.com/gptbot)"
74.7.227.163 - - [31/Jul/2026:17:07:05 +0200] "GET /?path=//sys/class/net/eth0/subsystem/eth0/subsystem/eth0/device/net/eth0/device/subsystem/drivers/hv_netvsc/module/drivers/vmbus:hv_netvsc/module/drivers/vmbus:hv_netvsc/module HTTP/1.1" 200 40234 "https://www.tempokontrol.co.za/?path=//sys/class/net/eth0/subsystem/eth0/subsystem/eth0/device/net/eth0/device/subsystem/drivers/hv_netvsc/module/drivers/vmbus:hv_netvsc/module/drivers/vmbus:hv_netvsc" "Mozilla/5.0 AppleWebKit/537.36 (KHTML, like Gecko; compatible; GPTBot/1.4; +https://openai.com/gptbot)"
74.7.242.17 - - [31/Jul/2026:17:07:07 +0200] "GET /?fileloc=/home/tn/www/wp-load.php&path=/home/tn/www HTTP/1.1" 200 16983 "https://tempokontrol.co.za/?path=/home/tn/www" "Mozilla/5.0 AppleWebKit/537.36 (KHTML, like Gecko; compatible; GPTBot/1.4; +https://openai.com/gptbot)"
74.7.227.163 - - [31/Jul/2026:17:07:08 +0200] "GET /?path=//sys/class/net/eth0/subsystem/eth0/subsystem/eth0/device/net/eth0/device/subsystem/drivers/hv_utils/module/drivers/vmbus:hv_utils/module/drivers/vmbus:hv_utils/module/parameters HTTP/1.1" 200 17261 "https://www.tempokontrol.co.za/?path=//sys/class/net/eth0/subsystem/eth0/subsystem/eth0/device/net/eth0/device/subsystem/drivers/hv_utils/module/drivers/vmbus:hv_utils/module/drivers/vmbus:hv_utils/module" "Mozilla/5.0 AppleWebKit/537.36 (KHTML, like Gecko; compatible; GPTBot/1.4; +https://openai.com/gptbot)"
74.7.242.17 - - [31/Jul/2026:17:07:10 +0200] "GET /?fileloc=/home/tn/www/wp-cron.php&path=/home/tn/www HTTP/1.1" 200 18271 "https://tempokontrol.co.za/?path=/home/tn/www" "Mozilla/5.0 AppleWebKit/537.36 (KHTML, like Gecko; compatible; GPTBot/1.4; +https://openai.com/gptbot)"
74.7.227.163 - - [31/Jul/2026:17:07:11 +0200] "GET /?path=//sys/class/net/eth0/subsystem/eth0/subsystem/eth0/device/net/eth0/subsystem/lo/subsystem/eth0/device/subsystem/drivers/hyperv_drm/module/drivers/vmbus:hyperv_drm/module/drivers/vmbus:hyperv_drm HTTP/1.1" 200 30022 "https://www.tempokontrol.co.za/?path=//sys/class/net/eth0/subsystem/eth0/subsystem/eth0/device/net/eth0/subsystem/lo/subsystem/eth0/device/subsystem/drivers/hyperv_drm/module/drivers/vmbus:hyperv_drm/module/drivers" "Mozilla/5.0 AppleWebKit/537.36 (KHTML, like Gecko; compatible; GPTBot/1.4; +https://openai.com/gptbot)"
74.7.242.17 - - [31/Jul/2026:17:07:13 +0200] "GET /?fileloc=/home/tn/www/wp-mail.php&path=/home/tn/www HTTP/1.1" 200 22206 "https://tempokontrol.co.za/?path=/home/tn/www" "Mozilla/5.0 AppleWebKit/537.36 (KHTML, like Gecko; compatible; GPTBot/1.4; +https://openai.com/gptbot)"
74.7.227.163 - - [31/Jul/2026:17:07:14 +0200] "GET /?fileloc=//sys/class/net/eth0/subsystem/eth0/subsystem/eth0/device/net/eth0/subsystem/lo/subsystem/eth0/device/subsystem/drivers/hid_hyperv/module/drivers/hid:hid-hyperv/module/drivers/hid:hid-hyperv/module/sections/.data&path=//sys/class/net/eth0/subsystem/eth0/subsystem/eth0/device/net/eth0/subsystem/lo/subsystem/eth0/device/subsystem/drivers/hid_hyperv/module/drivers/hid:hid-hyperv/module/drivers/hid:hid-hyperv/module/sections HTTP/1.1" 200 15740 "https://www.tempokontrol.co.za/?path=//sys/class/net/eth0/subsystem/eth0/subsystem/eth0/device/net/eth0/subsystem/lo/subsystem/eth0/device/subsystem/drivers/hid_hyperv/module/drivers/hid:hid-hyperv/module/drivers/hid:hid-hyperv/module/sections" "Mozilla/5.0 AppleWebKit/537.36 (KHTML, like Gecko; compatible; GPTBot/1.4; +https://openai.com/gptbot)"
74.7.242.17 - - [31/Jul/2026:17:07:16 +0200] "GET /?fileloc=/home/tn/www/wp-admin/js/custom-header.js&path=/home/tn/www/wp-admin/js HTTP/1.1" 200 14600 "https://tempokontrol.co.za/?path=/home/tn/www/wp-admin/js" "Mozilla/5.0 AppleWebKit/537.36 (KHTML, like Gecko; compatible; GPTBot/1.4; +https://openai.com/gptbot)"
74.7.227.163 - - [31/Jul/2026:17:07:17 +0200] "GET /?path=//sys/class/net/eth0/subsystem/eth0/subsystem/eth0/device/net/eth0/device/subsystem/drivers/hv_utils/module/drivers/vmbus:hv_utils/module/drivers/vmbus:hv_utils/module/sections HTTP/1.1" 200 75733 "https://www.tempokontrol.co.za/?path=//sys/class/net/eth0/subsystem/eth0/subsystem/eth0/device/net/eth0/device/subsystem/drivers/hv_utils/module/drivers/vmbus:hv_utils/module/drivers/vmbus:hv_utils/module" "Mozilla/5.0 AppleWebKit/537.36 (KHTML, like Gecko; compatible; GPTBot/1.4; +https://openai.com/gptbot)"
74.7.227.163 - - [31/Jul/2026:17:07:20 +0200] "GET /?path=//sys/class/net/eth0/subsystem/eth0/subsystem/eth0/device/net/eth0/subsystem/lo/subsystem/eth0/device/subsystem/drivers/hid_hyperv/module/drivers/hid:hid-hyperv/module/drivers/hid:hid-hyperv/module/holders HTTP/1.1" 200 15955 "https://www.tempokontrol.co.za/?path=//sys/class/net/eth0/subsystem/eth0/subsystem/eth0/device/net/eth0/subsystem/lo/subsystem/eth0/device/subsystem/drivers/hid_hyperv/module/drivers/hid:hid-hyperv/module/drivers/hid:hid-hyperv/module" "Mozilla/5.0 AppleWebKit/537.36 (KHTML, like Gecko; compatible; GPTBot/1.4; +https://openai.com/gptbot)"
74.7.242.17 - - [31/Jul/2026:17:07:19 +0200] "GET /?fileloc=/home/tn/logs/modsec2_tn_Jul_2026.gz&path=/home/tn/logs HTTP/1.1" 200 3731178 "https://tempokontrol.co.za/?path=/home/tn/logs" "Mozilla/5.0 AppleWebKit/537.36 (KHTML, like Gecko; compatible; GPTBot/1.4; +https://openai.com/gptbot)"
74.7.242.17 - - [31/Jul/2026:17:07:23 +0200] "GET /?fileloc=/home/tn/www/wp-includes/class-wp-customize-setting.php&path=/home/tn/www/wp-includes HTTP/1.1" 200 44348 "https://tempokontrol.co.za/?path=/home/tn/www/wp-includes" "Mozilla/5.0 AppleWebKit/537.36 (KHTML, like Gecko; compatible; GPTBot/1.4; +https://openai.com/gptbot)"
74.7.227.163 - - [31/Jul/2026:17:07:24 +0200] "GET /?fileloc=//sys/class/net/eth0/subsystem/eth0/subsystem/eth0/device/net/eth0/device/subsystem/drivers/hid_hyperv/module/drivers/hid:hid-hyperv/module/drivers/hid:hid-hyperv/module/sections/.orc_unwind&path=//sys/class/net/eth0/subsystem/eth0/subsystem/eth0/device/net/eth0/device/subsystem/drivers/hid_hyperv/module/drivers/hid:hid-hyperv/module/drivers/hid:hid-hyperv/module/sections HTTP/1.1" 200 14932 "https://www.tempokontrol.co.za/?path=//sys/class/net/eth0/subsystem/eth0/subsystem/eth0/device/net/eth0/device/subsystem/drivers/hid_hyperv/module/drivers/hid:hid-hyperv/module/drivers/hid:hid-hyperv/module/sections" "Mozilla/5.0 AppleWebKit/537.36 (KHTML, like Gecko; compatible; GPTBot/1.4; +https://openai.com/gptbot)"
74.7.242.17 - - [31/Jul/2026:17:07:26 +0200] "GET /?fileloc=/home/tn/www/wp-includes/class-wp-oembed-controller.php&path=/home/tn/www/wp-includes HTTP/1.1" 200 20493 "https://tempokontrol.co.za/?path=/home/tn/www/wp-includes" "Mozilla/5.0 AppleWebKit/537.36 (KHTML, like Gecko; compatible; GPTBot/1.4; +https://openai.com/gptbot)"
74.7.227.163 - - [31/Jul/2026:17:07:27 +0200] "GET /?path=//sys/class/net/eth0/subsystem/eth0/subsystem/eth0/device/net/eth0/subsystem/lo/subsystem/eth0/device/subsystem/drivers/hyperv_drm/module/drivers/pci:hyperv_drm/module/drivers/pci:hyperv_drm/module HTTP/1.1" 200 40377 "https://www.tempokontrol.co.za/?path=//sys/class/net/eth0/subsystem/eth0/subsystem/eth0/device/net/eth0/subsystem/lo/subsystem/eth0/device/subsystem/drivers/hyperv_drm/module/drivers/pci:hyperv_drm/module/drivers/pci:hyperv_drm" "Mozilla/5.0 AppleWebKit/537.36 (KHTML, like Gecko; compatible; GPTBot/1.4; +https://openai.com/gptbot)"
74.7.227.163 - - [31/Jul/2026:17:07:30 +0200] "GET /?fileloc=//sys/class/net/eth0/subsystem/eth0/subsystem/eth0/device/net/eth0/threaded&path=//sys/class/net/eth0/subsystem/eth0/subsystem/eth0/device/net/eth0 HTTP/1.1" 200 12953 "https://www.tempokontrol.co.za/?path=//sys/class/net/eth0/subsystem/eth0/subsystem/eth0/device/net/eth0" "Mozilla/5.0 AppleWebKit/537.36 (KHTML, like Gecko; compatible; GPTBot/1.4; +https://openai.com/gptbot)"
74.7.242.17 - - [31/Jul/2026:17:07:30 +0200] "GET /?fileloc=/home/tn/www/wp-includes/class-wp-customize-widgets.php&path=/home/tn/www/wp-includes HTTP/1.1" 200 92771 "https://tempokontrol.co.za/?path=/home/tn/www/wp-includes" "Mozilla/5.0 AppleWebKit/537.36 (KHTML, like Gecko; compatible; GPTBot/1.4; +https://openai.com/gptbot)"
74.7.242.17 - - [31/Jul/2026:17:07:33 +0200] "GET /?fileloc=/home/tn/www/wp-includes/class-wp-customize-control.php&path=/home/tn/www/wp-includes HTTP/1.1" 200 42091 "https://tempokontrol.co.za/?path=/home/tn/www/wp-includes" "Mozilla/5.0 AppleWebKit/537.36 (KHTML, like Gecko; compatible; GPTBot/1.4; +https://openai.com/gptbot)"
74.7.227.163 - - [31/Jul/2026:17:07:33 +0200] "GET /?fileloc=//sys/class/net/eth0/subsystem/eth0/subsystem/eth0/device/net/eth0/broadcast&path=//sys/class/net/eth0/subsystem/eth0/subsystem/eth0/device/net/eth0 HTTP/1.1" 200 12970 "https://www.tempokontrol.co.za/?path=//sys/class/net/eth0/subsystem/eth0/subsystem/eth0/device/net/eth0" "Mozilla/5.0 AppleWebKit/537.36 (KHTML, like Gecko; compatible; GPTBot/1.4; +https://openai.com/gptbot)"
74.7.242.17 - - [31/Jul/2026:17:07:36 +0200] "GET /?fileloc=/home/tn/public_html/xmlrpc.php&path=/home/tn/public_html HTTP/1.1" 200 16205 "https://tempokontrol.co.za/" "Mozilla/5.0 AppleWebKit/537.36 (KHTML, like Gecko; compatible; GPTBot/1.4; +https://openai.com/gptbot)"
74.7.227.163 - - [31/Jul/2026:17:07:36 +0200] "GET /?fileloc=//sys/class/net/eth0/subsystem/eth0/subsystem/eth0/device/net/eth0/operstate&path=//sys/class/net/eth0/subsystem/eth0/subsystem/eth0/device/net/eth0 HTTP/1.1" 200 12955 "https://www.tempokontrol.co.za/?path=//sys/class/net/eth0/subsystem/eth0/subsystem/eth0/device/net/eth0" "Mozilla/5.0 AppleWebKit/537.36 (KHTML, like Gecko; compatible; GPTBot/1.4; +https://openai.com/gptbot)"
74.7.242.17 - - [31/Jul/2026:17:07:39 +0200] "GET /?fileloc=//lib64/python3.9/_bootsubprocess.py&path=//lib64/python3.9 HTTP/1.1" 200 15171 "https://tempokontrol.co.za/?path=//lib64/python3.9" "Mozilla/5.0 AppleWebKit/537.36 (KHTML, like Gecko; compatible; GPTBot/1.4; +https://openai.com/gptbot)"
74.7.227.163 - - [31/Jul/2026:17:07:39 +0200] "GET /?path=//sys/class/net/eth0/subsystem/eth0/subsystem/eth0/device/net/eth0/device/net/eth0/subsystem/lo/subsystem/lo/subsystem HTTP/1.1" 200 17513 "https://www.tempokontrol.co.za/?path=//sys/class/net/eth0/subsystem/eth0/subsystem/eth0/device/net/eth0/device/net/eth0/subsystem/lo/subsystem/lo" "Mozilla/5.0 AppleWebKit/537.36 (KHTML, like Gecko; compatible; GPTBot/1.4; +https://openai.com/gptbot)"
74.7.242.17 - - [31/Jul/2026:17:07:42 +0200] "GET /?fileloc=//lib64/python3.9/configparser.py&path=//lib64/python3.9 HTTP/1.1" 200 70724 "https://tempokontrol.co.za/?path=//lib64/python3.9" "Mozilla/5.0 AppleWebKit/537.36 (KHTML, like Gecko; compatible; GPTBot/1.4; +https://openai.com/gptbot)"
74.7.227.163 - - [31/Jul/2026:17:07:42 +0200] "GET /?path=//sys/class/net/eth0/subsystem/eth0/subsystem/eth0/device/net/eth0/device/net/eth0/subsystem/lo/subsystem/eth0/device HTTP/1.1" 200 74231 "https://www.tempokontrol.co.za/?path=//sys/class/net/eth0/subsystem/eth0/subsystem/eth0/device/net/eth0/device/net/eth0/subsystem/lo/subsystem/eth0" "Mozilla/5.0 AppleWebKit/537.36 (KHTML, like Gecko; compatible; GPTBot/1.4; +https://openai.com/gptbot)"
74.7.242.17 - - [31/Jul/2026:17:07:45 +0200] "GET /?fileloc=//lib64/python3.9/modulefinder.py&path=//lib64/python3.9 HTTP/1.1" 200 38467 "https://tempokontrol.co.za/?path=//lib64/python3.9" "Mozilla/5.0 AppleWebKit/537.36 (KHTML, like Gecko; compatible; GPTBot/1.4; +https://openai.com/gptbot)"
74.7.227.163 - - [31/Jul/2026:17:07:45 +0200] "GET /?path=//sys/class/net/eth0/subsystem/eth0/subsystem/eth0/device/net/eth0/subsystem/lo/subsystem/lo/subsystem/eth0/device HTTP/1.1" 200 73734 "https://www.tempokontrol.co.za/?path=//sys/class/net/eth0/subsystem/eth0/subsystem/eth0/device/net/eth0/subsystem/lo/subsystem/lo/subsystem/eth0" "Mozilla/5.0 AppleWebKit/537.36 (KHTML, like Gecko; compatible; GPTBot/1.4; +https://openai.com/gptbot)"
74.7.242.17 - - [31/Jul/2026:17:07:48 +0200] "GET /?fileloc=//lib64/python3.9/sre_constants.py&path=//lib64/python3.9 HTTP/1.1" 200 19968 "https://tempokontrol.co.za/?path=//lib64/python3.9" "Mozilla/5.0 AppleWebKit/537.36 (KHTML, like Gecko; compatible; GPTBot/1.4; +https://openai.com/gptbot)"
74.7.227.163 - - [31/Jul/2026:17:07:49 +0200] "GET /?path=//sys/class/net/eth0/subsystem/eth0/subsystem/eth0/device/net/eth0/device/net/eth0/subsystem/lo/subsystem/eth0/subsystem HTTP/1.1" 200 17531 "https://www.tempokontrol.co.za/?path=//sys/class/net/eth0/subsystem/eth0/subsystem/eth0/device/net/eth0/device/net/eth0/subsystem/lo/subsystem/eth0" "Mozilla/5.0 AppleWebKit/537.36 (KHTML, like Gecko; compatible; GPTBot/1.4; +https://openai.com/gptbot)"
74.7.242.17 - - [31/Jul/2026:17:07:52 +0200] "GET /?fileloc=//lib64/python3.9/contextvars.py&path=//lib64/python3.9 HTTP/1.1" 200 12468 "https://tempokontrol.co.za/?path=//lib64/python3.9" "Mozilla/5.0 AppleWebKit/537.36 (KHTML, like Gecko; compatible; GPTBot/1.4; +https://openai.com/gptbot)"
74.7.227.163 - - [31/Jul/2026:17:07:52 +0200] "GET /?path=//sys/class/net/eth0/subsystem/eth0/subsystem/eth0/device/net/eth0/subsystem/eth0/subsystem/eth0/subsystem/lo/queues/tx-0/byte_queue_limits HTTP/1.1" 200 24072 "https://www.tempokontrol.co.za/?path=//sys/class/net/eth0/subsystem/eth0/subsystem/eth0/device/net/eth0/subsystem/eth0/subsystem/eth0/subsystem/lo/queues/tx-0" "Mozilla/5.0 AppleWebKit/537.36 (KHTML, like Gecko; compatible; GPTBot/1.4; +https://openai.com/gptbot)"
74.7.242.17 - - [31/Jul/2026:17:07:55 +0200] "GET /?fileloc=//lib64/python3.9/socketserver.py&path=//lib64/python3.9 HTTP/1.1" 200 41234 "https://tempokontrol.co.za/?path=//lib64/python3.9" "Mozilla/5.0 AppleWebKit/537.36 (KHTML, like Gecko; compatible; GPTBot/1.4; +https://openai.com/gptbot)"
74.7.227.163 - - [31/Jul/2026:17:07:55 +0200] "GET /?path=//sys/class/net/eth0/subsystem/eth0/subsystem/eth0/device/net/eth0/subsystem/eth0/subsystem/lo/subsystem/lo HTTP/1.1" 200 79627 "https://www.tempokontrol.co.za/?path=//sys/class/net/eth0/subsystem/eth0/subsystem/eth0/device/net/eth0/subsystem/eth0/subsystem/lo/subsystem" "Mozilla/5.0 AppleWebKit/537.36 (KHTML, like Gecko; compatible; GPTBot/1.4; +https://openai.com/gptbot)"
74.7.227.163 - - [31/Jul/2026:17:07:58 +0200] "GET /?path=//sys/class/net/eth0/subsystem/eth0/subsystem/eth0/device/net/eth0/device/net/eth0/device/net/eth0/subsystem HTTP/1.1" 200 17292 "https://www.tempokontrol.co.za/?path=//sys/class/net/eth0/subsystem/eth0/subsystem/eth0/device/net/eth0/device/net/eth0/device/net/eth0" "Mozilla/5.0 AppleWebKit/537.36 (KHTML, like Gecko; compatible; GPTBot/1.4; +https://openai.com/gptbot)"
74.7.242.17 - - [31/Jul/2026:17:07:58 +0200] "GET /?fileloc=//lib64/libgio-2.0.so.0.6800.4&path=//lib64 HTTP/1.1" 200 2931387 "https://tempokontrol.co.za/?path=//lib64" "Mozilla/5.0 AppleWebKit/537.36 (KHTML, like Gecko; compatible; GPTBot/1.4; +https://openai.com/gptbot)"
74.7.242.17 - - [31/Jul/2026:17:08:01 +0200] "GET /?fileloc=//lib64/libldap-2.4.so.2.0.200&path=//lib64 HTTP/1.1" 200 28188 "https://tempokontrol.co.za/?path=//lib64" "Mozilla/5.0 AppleWebKit/537.36 (KHTML, like Gecko; compatible; GPTBot/1.4; +https://openai.com/gptbot)"
74.7.227.163 - - [31/Jul/2026:17:08:01 +0200] "GET /?path=//sys/class/net/eth0/subsystem/eth0/subsystem/eth0/device/net/eth0/subsystem/eth0/device/subsystem/drivers HTTP/1.1" 200 25184 "https://www.tempokontrol.co.za/?path=//sys/class/net/eth0/subsystem/eth0/subsystem/eth0/device/net/eth0/subsystem/eth0/device/subsystem" "Mozilla/5.0 AppleWebKit/537.36 (KHTML, like Gecko; compatible; GPTBot/1.4; +https://openai.com/gptbot)"
74.7.227.163 - - [31/Jul/2026:17:08:04 +0200] "GET /?path=//sys/class/net/eth0/subsystem/eth0/subsystem/eth0/device/net/eth0/subsystem/lo/subsystem/eth0/device/net HTTP/1.1" 200 15598 "https://www.tempokontrol.co.za/?path=//sys/class/net/eth0/subsystem/eth0/subsystem/eth0/device/net/eth0/subsystem/lo/subsystem/eth0/device" "Mozilla/5.0 AppleWebKit/537.36 (KHTML, like Gecko; compatible; GPTBot/1.4; +https://openai.com/gptbot)"
74.7.242.17 - - [31/Jul/2026:17:08:04 +0200] "GET /?fileloc=//lib64/liblber-2.4.so.2.0.200&path=//lib64 HTTP/1.1" 200 28218 "https://tempokontrol.co.za/?path=//lib64" "Mozilla/5.0 AppleWebKit/537.36 (KHTML, like Gecko; compatible; GPTBot/1.4; +https://openai.com/gptbot)"
74.7.242.17 - - [31/Jul/2026:17:08:08 +0200] "GET /?fileloc=//lib64/python3.9/__pycache__/code.cpython-39.pyc&path=//lib64/python3.9/__pycache__ HTTP/1.1" 200 22980 "https://tempokontrol.co.za/?path=//lib64/python3.9/__pycache__" "Mozilla/5.0 AppleWebKit/537.36 (KHTML, like Gecko; compatible; GPTBot/1.4; +https://openai.com/gptbot)"
74.7.227.163 - - [31/Jul/2026:17:08:08 +0200] "GET /?path=//sys/class/net/eth0/subsystem/eth0/subsystem/eth0/device/net/eth0/subsystem/eth0/device/net/eth0/queues HTTP/1.1" 200 45627 "https://www.tempokontrol.co.za/?path=//sys/class/net/eth0/subsystem/eth0/subsystem/eth0/device/net/eth0/subsystem/eth0/device/net/eth0" "Mozilla/5.0 AppleWebKit/537.36 (KHTML, like Gecko; compatible; GPTBot/1.4; +https://openai.com/gptbot)"
74.7.242.17 - - [31/Jul/2026:17:08:11 +0200] "GET /?fileloc=//lib64/python3.9/__pycache__/cgi.cpython-39.pyc&path=//lib64/python3.9/__pycache__ HTTP/1.1" 200 41745 "https://tempokontrol.co.za/?path=//lib64/python3.9/__pycache__" "Mozilla/5.0 AppleWebKit/537.36 (KHTML, like Gecko; compatible; GPTBot/1.4; +https://openai.com/gptbot)"
74.7.227.163 - - [31/Jul/2026:17:08:11 +0200] "GET /?path=//sys/class/net/eth0/subsystem/eth0/subsystem/eth0/device/net/eth0/subsystem/eth0/subsystem/lo/subsystem/eth0/power HTTP/1.1" 200 23429 "https://www.tempokontrol.co.za/?path=//sys/class/net/eth0/subsystem/eth0/subsystem/eth0/device/net/eth0/subsystem/eth0/subsystem/lo/subsystem/eth0" "Mozilla/5.0 AppleWebKit/537.36 (KHTML, like Gecko; compatible; GPTBot/1.4; +https://openai.com/gptbot)"
74.7.242.17 - - [31/Jul/2026:17:08:14 +0200] "GET /?fileloc=//lib64/python3.9/__pycache__/imp.cpython-39.pyc&path=//lib64/python3.9/__pycache__ HTTP/1.1" 200 23281 "https://tempokontrol.co.za/?path=//lib64/python3.9/__pycache__" "Mozilla/5.0 AppleWebKit/537.36 (KHTML, like Gecko; compatible; GPTBot/1.4; +https://openai.com/gptbot)"
74.7.227.163 - - [31/Jul/2026:17:08:14 +0200] "GET /?path=//sys/class/net/eth0/subsystem/eth0/subsystem/eth0/device/net/eth0/device/net/eth0/subsystem/lo/subsystem/lo/subsystem/eth0 HTTP/1.1" 200 83976 "https://www.tempokontrol.co.za/?path=//sys/class/net/eth0/subsystem/eth0/subsystem/eth0/device/net/eth0/device/net/eth0/subsystem/lo/subsystem/lo/subsystem" "Mozilla/5.0 AppleWebKit/537.36 (KHTML, like Gecko; compatible; GPTBot/1.4; +https://openai.com/gptbot)"
